{"id":691030,"date":"2025-08-27T13:55:04","date_gmt":"2025-08-27T10:55:04","guid":{"rendered":"https:\/\/roveyayinevi.com.tr\/index.php\/urun\/keman-ve-piyano-icin-turk-ezgileri-1-turkish-tunes-for-violin-and-piano\/"},"modified":"2026-04-16T02:00:26","modified_gmt":"2026-04-15T23:00:26","slug":"keman-ve-piyano-icin-turk-ezgileri-1-turkish-tunes-for-violin-and-piano","status":"publish","type":"product","link":"https:\/\/roveyayinevi.com.tr\/index.php\/urun\/keman-ve-piyano-icin-turk-ezgileri-1-turkish-tunes-for-violin-and-piano\/","title":{"rendered":"Keman ve Piyano i\u00e7in T\u00fcrk Ezgileri &#8211; 1 \/ Turkish Tunes for Violin and Piano"},"content":{"rendered":"<p>Bu kitap \u00fclkemizde keman ve piyano i\u00e7in haz\u0131rlanm\u0131\u015f ve tamam\u0131 Geleneksel T\u00fcrk M\u00fczi\u011fi kaynakl\u0131 ilk oda m\u00fczi\u011fi da\u011farc\u0131\u011f\u0131d\u0131r. Bu bak\u0131mdan hem keman e\u011fitiminde yararlan\u0131labilecek bir kaynak, hem de konser programlar\u0131nda b\u00f6l\u00fcmler halinde ya da b\u00fct\u00fcn\u00fcyle seslendirilebilecek \u015fekilde d\u00fczenlenmi\u015ftir. Kitaptaki 10 eserin se\u00e7iminde (Alt\u0131n H\u0131zma, Sultaniyegah Sirto, Havada Bulut Yok, Nihavent Longa, K\u00fctahya\u2019n\u0131n P\u0131narlar\u0131, B\u00fclb\u00fcl\u00fcm Alt\u0131n Kafeste, Hekimo\u011flu, I\u011fd\u0131r\u2019\u0131n Al Almas\u0131, \u015eenlik Raks\u0131 ve Ba\u015f\u0131na Ba\u011flam\u0131\u015f Astar) y\u00f6re, makam vb. \u00f6zellikler yerine keman\u0131n ses rengine ve ses s\u0131n\u0131rlar\u0131na uygunluk g\u00f6zetilmi\u015ftir. Eserlerin tamam\u0131, keman e\u011fitimi bak\u0131m\u0131ndan \u00f6\u011frencilerin teknik ve m\u00fczikal a\u00e7\u0131dan geli\u015fimlerine katk\u0131 sa\u011flayacak niteliktedir. Kitab\u0131n eki olarak sunulan indirilebilir MP3 dosyalar\u0131nda, b\u00fct\u00fcn eserlerin canl\u0131 olarak keman ve piyano ile seslendirilmi\u015f hali ve buna ek olarak sadece piyano e\u015flikleri yer almaktad\u0131r. Bu dosyalar\u0131 yay\u0131nevi web sitesinden \u00fccretsiz olarak indirebilirsiniz. <\/p>\n","protected":false},"excerpt":{"rendered":"<p>Bu kitap \u00fclkemizde keman ve piyano i\u00e7in haz\u0131rlanm\u0131\u015f ve tamam\u0131 Geleneksel T\u00fcrk M\u00fczi\u011fi kaynakl\u0131 ilk oda m\u00fczi\u011fi da\u011farc\u0131\u011f\u0131d\u0131r. Bu bak\u0131mdan hem keman e\u011fitiminde yararlan\u0131labilecek bir kaynak,<span class=\"excerpt-hellip\"> [\u2026]<\/span><\/p>\n","protected":false},"featured_media":0,"template":"","meta":{"_monsterinsights_skip_tracking":false,"_monsterinsights_sitenote_active":false,"_monsterinsights_sitenote_note":"","_monsterinsights_sitenote_category":0},"product_brand":[],"product_cat":[12573,12566],"product_tag":[],"class_list":{"0":"post-691030","1":"product","2":"type-product","3":"status-publish","5":"product_cat-akademik-kitaplar","6":"product_cat-egitim","7":"pa_cilt-ciltsiz","8":"pa_tur-kitap","9":"pa_yayinevi-muzik-egitimi-yayinlari","10":"pa_yazar-mehmet-efe","12":"first","13":"instock","14":"sale","15":"shipping-taxable","16":"purchasable","17":"product-type-simple"},"_links":{"self":[{"href":"https:\/\/roveyayinevi.com.tr\/index.php\/wp-json\/wp\/v2\/product\/691030","targetHints":{"allow":["GET"]}}],"collection":[{"href":"https:\/\/roveyayinevi.com.tr\/index.php\/wp-json\/wp\/v2\/product"}],"about":[{"href":"https:\/\/roveyayinevi.com.tr\/index.php\/wp-json\/wp\/v2\/types\/product"}],"wp:attachment":[{"href":"https:\/\/roveyayinevi.com.tr\/index.php\/wp-json\/wp\/v2\/media?parent=691030"}],"wp:term":[{"taxonomy":"product_brand","embeddable":true,"href":"https:\/\/roveyayinevi.com.tr\/index.php\/wp-json\/wp\/v2\/product_brand?post=691030"},{"taxonomy":"product_cat","embeddable":true,"href":"https:\/\/roveyayinevi.com.tr\/index.php\/wp-json\/wp\/v2\/product_cat?post=691030"},{"taxonomy":"product_tag","embeddable":true,"href":"https:\/\/roveyayinevi.com.tr\/index.php\/wp-json\/wp\/v2\/product_tag?post=691030"}],"curies":[{"name":"wp","href":"https:\/\/api.w.org\/{rel}","templated":true}]}}