{"id":691011,"date":"2025-08-27T13:55:01","date_gmt":"2025-08-27T10:55:01","guid":{"rendered":"https:\/\/roveyayinevi.com.tr\/index.php\/urun\/zihin-engelliler-ve-egitimleri\/"},"modified":"2026-04-16T02:00:26","modified_gmt":"2026-04-15T23:00:26","slug":"zihin-engelliler-ve-egitimleri","status":"publish","type":"product","link":"https:\/\/roveyayinevi.com.tr\/index.php\/urun\/zihin-engelliler-ve-egitimleri\/","title":{"rendered":"Zihin Engelliler ve E\u011fitimleri"},"content":{"rendered":"<p>Zihin engellileri ve g\u00fcn\u00fcm\u00fczdeki durumlar\u0131n\u0131 anlamak, onlar\u0131n haklar\u0131n\u0131 savunmak, onlar i\u00e7in en uygun ko\u015fullarda ve en iyi ortamlar\u0131 sa\u011flamak, ge\u00e7mi\u015fteki de\u011fi\u015fimleri incelemek ile daha kolay olacakt\u0131r. Bilim ve teknolojideki geli\u015fmeler ve de\u011fi\u015fimler de toplumsal tutumlar\u0131 etkilemi\u015f; toplumun zihin engellilere bak\u0131\u015f a\u00e7\u0131s\u0131 de\u011fi\u015ftik\u00e7e, bu bireyler i\u00e7in geli\u015ftirilen tedavi, sa\u011falt\u0131m ve e\u011fitim hizmetleri de de\u011fi\u015fmi\u015ftir&#8230; <\/p>\n","protected":false},"excerpt":{"rendered":"<p>Zihin engellileri ve g\u00fcn\u00fcm\u00fczdeki durumlar\u0131n\u0131 anlamak, onlar\u0131n haklar\u0131n\u0131 savunmak, onlar i\u00e7in en uygun ko\u015fullarda ve en iyi ortamlar\u0131 sa\u011flamak, ge\u00e7mi\u015fteki de\u011fi\u015fimleri incelemek ile daha kolay olacakt\u0131r.<span class=\"excerpt-hellip\"> [\u2026]<\/span><\/p>\n","protected":false},"featured_media":0,"template":"","meta":{"_monsterinsights_skip_tracking":false,"_monsterinsights_sitenote_active":false,"_monsterinsights_sitenote_note":"","_monsterinsights_sitenote_category":0},"product_brand":[],"product_cat":[12312,12304],"product_tag":[],"class_list":{"0":"post-691011","1":"product","2":"type-product","3":"status-publish","5":"product_cat-diger","6":"product_cat-tarih","7":"pa_cilt-ciltsiz","8":"pa_tur-kitap","9":"pa_yayinevi-kok-yayinevi","10":"pa_yazar-sema-kaner","12":"first","13":"instock","14":"sale","15":"shipping-taxable","16":"purchasable","17":"product-type-simple"},"_links":{"self":[{"href":"https:\/\/roveyayinevi.com.tr\/index.php\/wp-json\/wp\/v2\/product\/691011","targetHints":{"allow":["GET"]}}],"collection":[{"href":"https:\/\/roveyayinevi.com.tr\/index.php\/wp-json\/wp\/v2\/product"}],"about":[{"href":"https:\/\/roveyayinevi.com.tr\/index.php\/wp-json\/wp\/v2\/types\/product"}],"wp:attachment":[{"href":"https:\/\/roveyayinevi.com.tr\/index.php\/wp-json\/wp\/v2\/media?parent=691011"}],"wp:term":[{"taxonomy":"product_brand","embeddable":true,"href":"https:\/\/roveyayinevi.com.tr\/index.php\/wp-json\/wp\/v2\/product_brand?post=691011"},{"taxonomy":"product_cat","embeddable":true,"href":"https:\/\/roveyayinevi.com.tr\/index.php\/wp-json\/wp\/v2\/product_cat?post=691011"},{"taxonomy":"product_tag","embeddable":true,"href":"https:\/\/roveyayinevi.com.tr\/index.php\/wp-json\/wp\/v2\/product_tag?post=691011"}],"curies":[{"name":"wp","href":"https:\/\/api.w.org\/{rel}","templated":true}]}}