{"id":690994,"date":"2025-08-27T13:54:57","date_gmt":"2025-08-27T10:54:57","guid":{"rendered":"https:\/\/roveyayinevi.com.tr\/index.php\/urun\/turkce-2-sozlu-anlatim-guzel-konusma-diksiyon\/"},"modified":"2026-04-16T02:00:25","modified_gmt":"2026-04-15T23:00:25","slug":"turkce-2-sozlu-anlatim-guzel-konusma-diksiyon","status":"publish","type":"product","link":"https:\/\/roveyayinevi.com.tr\/index.php\/urun\/turkce-2-sozlu-anlatim-guzel-konusma-diksiyon\/","title":{"rendered":"T\u00fcrk\u00e7e 2  S\u00f6zl\u00fc Anlat\u0131m G\u00fczel Konu\u015fma &#8211; Diksiyon"},"content":{"rendered":"<p>Bu \u00e7al\u0131\u015fma, E\u011fitim Fak\u00fcltelerinde okutulan T\u00fcrk\u00e7e 2, S\u00f6zl\u00fc Anlat\u0131m dersinin i\u00e7eri\u011fi g\u00f6z \u00f6n\u00fcne al\u0131narak haz\u0131rlanm\u0131\u015ft\u0131r. Bu nedenle S\u00f6zl\u00fc Kompozisyon t\u00fcrleriyle ilgili bilgi ve \u00f6rnek metinlere \u00e7ok\u00e7a yer verilmi\u015ftir. G\u00fczel Konu\u015fma &#8211; Diksiyon b\u00f6l\u00fcm\u00fcndeyse; diksiyon, beden dili, vurgu, tonlama, durak vb. \u00f6gelerle ilgili uygulamal\u0131 etkinliklere yer verilmi\u015ftir. Her konunun sonuna da uygulama ve al\u0131\u015ft\u0131rma i\u00e7in metin \u00f6rnekleri konulmu\u015ftur. \ufffcTan\u0131t\u0131m Metni<\/p>\n","protected":false},"excerpt":{"rendered":"<p>Bu \u00e7al\u0131\u015fma, E\u011fitim Fak\u00fcltelerinde okutulan T\u00fcrk\u00e7e 2, S\u00f6zl\u00fc Anlat\u0131m dersinin i\u00e7eri\u011fi g\u00f6z \u00f6n\u00fcne al\u0131narak haz\u0131rlanm\u0131\u015ft\u0131r. Bu nedenle S\u00f6zl\u00fc Kompozisyon t\u00fcrleriyle ilgili bilgi ve \u00f6rnek metinlere \u00e7ok\u00e7a<span class=\"excerpt-hellip\"> [\u2026]<\/span><\/p>\n","protected":false},"featured_media":0,"template":"","meta":{"_monsterinsights_skip_tracking":false,"_monsterinsights_sitenote_active":false,"_monsterinsights_sitenote_note":"","_monsterinsights_sitenote_category":0},"product_brand":[],"product_cat":[12312,12304],"product_tag":[],"class_list":{"0":"post-690994","1":"product","2":"type-product","3":"status-publish","5":"product_cat-diger","6":"product_cat-tarih","7":"pa_cilt-ciltsiz","8":"pa_tur-kitap","9":"pa_yayinevi-kok-yayinevi","10":"pa_yazar-ibrahim-kibris","12":"first","13":"instock","14":"sale","15":"shipping-taxable","16":"purchasable","17":"product-type-simple"},"_links":{"self":[{"href":"https:\/\/roveyayinevi.com.tr\/index.php\/wp-json\/wp\/v2\/product\/690994","targetHints":{"allow":["GET"]}}],"collection":[{"href":"https:\/\/roveyayinevi.com.tr\/index.php\/wp-json\/wp\/v2\/product"}],"about":[{"href":"https:\/\/roveyayinevi.com.tr\/index.php\/wp-json\/wp\/v2\/types\/product"}],"wp:attachment":[{"href":"https:\/\/roveyayinevi.com.tr\/index.php\/wp-json\/wp\/v2\/media?parent=690994"}],"wp:term":[{"taxonomy":"product_brand","embeddable":true,"href":"https:\/\/roveyayinevi.com.tr\/index.php\/wp-json\/wp\/v2\/product_brand?post=690994"},{"taxonomy":"product_cat","embeddable":true,"href":"https:\/\/roveyayinevi.com.tr\/index.php\/wp-json\/wp\/v2\/product_cat?post=690994"},{"taxonomy":"product_tag","embeddable":true,"href":"https:\/\/roveyayinevi.com.tr\/index.php\/wp-json\/wp\/v2\/product_tag?post=690994"}],"curies":[{"name":"wp","href":"https:\/\/api.w.org\/{rel}","templated":true}]}}