{"id":690940,"date":"2025-08-27T13:54:47","date_gmt":"2025-08-27T10:54:47","guid":{"rendered":"https:\/\/roveyayinevi.com.tr\/index.php\/urun\/annem-neden-sismanladi\/"},"modified":"2026-04-16T02:00:24","modified_gmt":"2026-04-15T23:00:24","slug":"annem-neden-sismanladi","status":"publish","type":"product","link":"https:\/\/roveyayinevi.com.tr\/index.php\/urun\/annem-neden-sismanladi\/","title":{"rendered":"Annem Neden \u015ei\u015fmanlad\u0131?"},"content":{"rendered":"<p>&#8220;Annem durup dururken \u015fi\u015fmanlad\u0131. Eskiden az\u0131c\u0131k bile kilo alsa \u00fcz\u00fcl\u00fcrd\u00fc ama \u015fimdi pek mutlu g\u00f6r\u00fcn\u00fcyor. Ne oluyor anneme? Hasta m\u0131 yoksa?&#8221; Tamam\u0131n\u0131 Fatih Erdo\u011fan&#8217;\u0131n yaz\u0131p resimledi\u011fi, her biri 32 sayfa, renkli, elyaz\u0131l\u0131, 20 kitaptan olu\u015fan &#8220;Art\u0131k Kendim Okuyabilirim Dizisi&#8221; 30 y\u0131ld\u0131r miniklere kitap okumay\u0131 sevdiriyor&#8230; <\/p>\n","protected":false},"excerpt":{"rendered":"<p>&#8220;Annem durup dururken \u015fi\u015fmanlad\u0131. Eskiden az\u0131c\u0131k bile kilo alsa \u00fcz\u00fcl\u00fcrd\u00fc ama \u015fimdi pek mutlu g\u00f6r\u00fcn\u00fcyor. Ne oluyor anneme? Hasta m\u0131 yoksa?&#8221; Tamam\u0131n\u0131 Fatih Erdo\u011fan&#8217;\u0131n yaz\u0131p resimledi\u011fi,<span class=\"excerpt-hellip\"> [\u2026]<\/span><\/p>\n","protected":false},"featured_media":0,"template":"","meta":{"_monsterinsights_skip_tracking":false,"_monsterinsights_sitenote_active":false,"_monsterinsights_sitenote_note":"","_monsterinsights_sitenote_category":0},"product_brand":[],"product_cat":[12275,12274],"product_tag":[],"class_list":{"0":"post-690940","1":"product","2":"type-product","3":"status-publish","5":"product_cat-6-12-yas-kitaplari","6":"product_cat-cocuk-ve-genclik-kitaplari","7":"pa_cilt-ciltsiz","8":"pa_tur-kitap","9":"pa_yayinevi-mavi-bulut-yayinlari","10":"pa_yazar-fatih-erdogan","12":"first","13":"instock","14":"sale","15":"shipping-taxable","16":"purchasable","17":"product-type-simple"},"_links":{"self":[{"href":"https:\/\/roveyayinevi.com.tr\/index.php\/wp-json\/wp\/v2\/product\/690940","targetHints":{"allow":["GET"]}}],"collection":[{"href":"https:\/\/roveyayinevi.com.tr\/index.php\/wp-json\/wp\/v2\/product"}],"about":[{"href":"https:\/\/roveyayinevi.com.tr\/index.php\/wp-json\/wp\/v2\/types\/product"}],"wp:attachment":[{"href":"https:\/\/roveyayinevi.com.tr\/index.php\/wp-json\/wp\/v2\/media?parent=690940"}],"wp:term":[{"taxonomy":"product_brand","embeddable":true,"href":"https:\/\/roveyayinevi.com.tr\/index.php\/wp-json\/wp\/v2\/product_brand?post=690940"},{"taxonomy":"product_cat","embeddable":true,"href":"https:\/\/roveyayinevi.com.tr\/index.php\/wp-json\/wp\/v2\/product_cat?post=690940"},{"taxonomy":"product_tag","embeddable":true,"href":"https:\/\/roveyayinevi.com.tr\/index.php\/wp-json\/wp\/v2\/product_tag?post=690940"}],"curies":[{"name":"wp","href":"https:\/\/api.w.org\/{rel}","templated":true}]}}