{"id":690936,"date":"2025-08-27T13:54:46","date_gmt":"2025-08-27T10:54:46","guid":{"rendered":"https:\/\/roveyayinevi.com.tr\/index.php\/urun\/pedagojik-oykuler-18-butun-oyuncaklar-benim\/"},"modified":"2026-04-16T02:00:24","modified_gmt":"2026-04-15T23:00:24","slug":"pedagojik-oykuler-18-butun-oyuncaklar-benim","status":"publish","type":"product","link":"https:\/\/roveyayinevi.com.tr\/index.php\/urun\/pedagojik-oykuler-18-butun-oyuncaklar-benim\/","title":{"rendered":"Pedagojik \u00d6yk\u00fcler: 18 &#8211; B\u00fct\u00fcn Oyuncaklar Benim"},"content":{"rendered":"<p>Benliklerini olu\u015fturmaya ba\u015flayan \u00e7ocuklar, kendilerini ve kendilerine ait olanlar\u0131 tan\u0131mlama ihtiyac\u0131 i\u00e7indedir. Ben ve benim kelimeleri yava\u015f yava\u015f en s\u0131k kulland\u0131klar\u0131 kelimeler olmaya ba\u015flar. Belli bir ya\u015fa kadar bu davran\u0131\u015flar normal kar\u015f\u0131lansa da g\u00fcnl\u00fck hayat\u0131 yine de zorla\u015ft\u0131r\u0131r. Bu k\u0131sac\u0131k hikaye hem \u00e7ocu\u011funuza payla\u015fman\u0131n \u00f6nemini anlatacak, hem de size nas\u0131l davranman\u0131z gerekti\u011fi konusunda yol g\u00f6sterecek. \ufffcTan\u0131t\u0131m Metni<\/p>\n","protected":false},"excerpt":{"rendered":"<p>Benliklerini olu\u015fturmaya ba\u015flayan \u00e7ocuklar, kendilerini ve kendilerine ait olanlar\u0131 tan\u0131mlama ihtiyac\u0131 i\u00e7indedir. Ben ve benim kelimeleri yava\u015f yava\u015f en s\u0131k kulland\u0131klar\u0131 kelimeler olmaya ba\u015flar. Belli bir<span class=\"excerpt-hellip\"> [\u2026]<\/span><\/p>\n","protected":false},"featured_media":0,"template":"","meta":{"_monsterinsights_skip_tracking":false,"_monsterinsights_sitenote_active":false,"_monsterinsights_sitenote_note":"","_monsterinsights_sitenote_category":0},"product_brand":[],"product_cat":[12679,12357],"product_tag":[],"class_list":{"0":"post-690936","1":"product","2":"type-product","3":"status-publish","5":"product_cat-cocuk-psikolojisi","6":"product_cat-psikoloji","7":"pa_cilt-ciltsiz","8":"pa_tur-kitap","9":"pa_yayinevi-mandolin-yayinlari","10":"pa_yazar-aysen-oy","12":"first","13":"instock","14":"sale","15":"shipping-taxable","16":"purchasable","17":"product-type-simple"},"_links":{"self":[{"href":"https:\/\/roveyayinevi.com.tr\/index.php\/wp-json\/wp\/v2\/product\/690936","targetHints":{"allow":["GET"]}}],"collection":[{"href":"https:\/\/roveyayinevi.com.tr\/index.php\/wp-json\/wp\/v2\/product"}],"about":[{"href":"https:\/\/roveyayinevi.com.tr\/index.php\/wp-json\/wp\/v2\/types\/product"}],"wp:attachment":[{"href":"https:\/\/roveyayinevi.com.tr\/index.php\/wp-json\/wp\/v2\/media?parent=690936"}],"wp:term":[{"taxonomy":"product_brand","embeddable":true,"href":"https:\/\/roveyayinevi.com.tr\/index.php\/wp-json\/wp\/v2\/product_brand?post=690936"},{"taxonomy":"product_cat","embeddable":true,"href":"https:\/\/roveyayinevi.com.tr\/index.php\/wp-json\/wp\/v2\/product_cat?post=690936"},{"taxonomy":"product_tag","embeddable":true,"href":"https:\/\/roveyayinevi.com.tr\/index.php\/wp-json\/wp\/v2\/product_tag?post=690936"}],"curies":[{"name":"wp","href":"https:\/\/api.w.org\/{rel}","templated":true}]}}