{"id":690910,"date":"2025-08-27T13:54:41","date_gmt":"2025-08-27T10:54:41","guid":{"rendered":"https:\/\/roveyayinevi.com.tr\/index.php\/urun\/iktisat-ve-ahlak\/"},"modified":"2026-04-16T02:00:23","modified_gmt":"2026-04-15T23:00:23","slug":"iktisat-ve-ahlak","status":"publish","type":"product","link":"https:\/\/roveyayinevi.com.tr\/index.php\/urun\/iktisat-ve-ahlak\/","title":{"rendered":"\u0130ktisat ve Ahlak"},"content":{"rendered":"<p>\u0130lk bak\u0131\u015fta iktisat ile ahl\u00e2k aras\u0131nda yak\u0131n bir ili\u015fki oldu\u011fu d\u00fc\u015f\u00fcn\u00fclmeyebilir. Ancak yak\u0131ndan bak\u0131ld\u0131\u011f\u0131nda bu iki bilgi alan\u0131n\u0131n da insan\u0131n yarar\u0131na olan\u0131n belirlemesini konu edindikleri g\u00f6r\u00fcl\u00fcr: Ahl\u00e2kl\u0131 olmak da, iktisad\u00ee d\u00fc\u015f\u00fcnmek de ki\u015finin yarar\u0131nad\u0131r. Ayr\u0131ca, iki farkl\u0131 bilgi alan\u0131 olmas\u0131na kar\u015f\u0131n iktisat ve ahl\u00e2k d\u00f6ng\u00fcsel bir ili\u015fki g\u00f6sterir. Bir yandan bireylerin \u201ciktisad\u00ee\u201d olarak nitelenen ili\u015fikleri artt\u0131k\u00e7a, hem mevcut ahl\u00e2k kurallar\u0131na ba\u011fl\u0131l\u0131kta, hem de yeni ahl\u00e2k kurallar\u0131na olan ihtiya\u00e7ta bir art\u0131\u015f ortaya \u00e7\u0131kar. Bu ba\u011flamda do\u011frudan, ya da dolayl\u0131 bi\u00e7imde, piyasa yoluyla daha \u00e7ok insanla \u201cfayda\u201d ili\u015fkisi kuran bireylerin ahl\u00e2k\u00ee y\u00fck\u00fcml\u00fcl\u00fcklerinde de,  hem d\u00fczey hem de kapsam olarak de\u011fi\u015fimler g\u00f6zlenir. Bu \u015fekilde piyasa faaliyetleri ahl\u00e2k\u0131n evrenselle\u015fmesine katk\u0131 sa\u011flar. \u00d6te yandan ahl\u00e2k kurallar\u0131na s\u0131k\u0131 s\u0131k\u0131ya ba\u011fl\u0131 bireyler de, i\u015flem m\u00e2liyetlerini d\u00fc\u015f\u00fcrerek piyasa sistemine etkinlik kazand\u0131r\u0131rlar. K\u0131saca, piyasa, ahl\u00e2k\u0131 evrenselle\u015ftirir; ahl\u00e2k da i\u015flem m\u00e2liyetlerini d\u00fc\u015f\u00fcrerek piyasan\u0131n etkinli\u011fini art\u0131r\u0131r. \u0130ktisat ve Ahl\u00e2k bunun nas\u0131l ger\u00e7ekle\u015fti\u011finin mekanizmalar\u0131n\u0131 irdelemektedir. <\/p>\n","protected":false},"excerpt":{"rendered":"<p>\u0130lk bak\u0131\u015fta iktisat ile ahl\u00e2k aras\u0131nda yak\u0131n bir ili\u015fki oldu\u011fu d\u00fc\u015f\u00fcn\u00fclmeyebilir. Ancak yak\u0131ndan bak\u0131ld\u0131\u011f\u0131nda bu iki bilgi alan\u0131n\u0131n da insan\u0131n yarar\u0131na olan\u0131n belirlemesini konu edindikleri g\u00f6r\u00fcl\u00fcr:<span class=\"excerpt-hellip\"> [\u2026]<\/span><\/p>\n","protected":false},"featured_media":0,"template":"","meta":{"_monsterinsights_skip_tracking":false,"_monsterinsights_sitenote_active":false,"_monsterinsights_sitenote_note":"","_monsterinsights_sitenote_category":0},"product_brand":[],"product_cat":[14841,13043],"product_tag":[],"class_list":{"0":"post-690910","1":"product","2":"type-product","3":"status-publish","5":"product_cat-arastirma-inceleme-kuram","6":"product_cat-ekonomi","7":"pa_cilt-ciltsiz","8":"pa_tur-kitap","9":"pa_yayinevi-liberte-yayinlari","10":"pa_yazar-omer-demir","12":"first","13":"instock","14":"sale","15":"shipping-taxable","16":"purchasable","17":"product-type-simple"},"_links":{"self":[{"href":"https:\/\/roveyayinevi.com.tr\/index.php\/wp-json\/wp\/v2\/product\/690910","targetHints":{"allow":["GET"]}}],"collection":[{"href":"https:\/\/roveyayinevi.com.tr\/index.php\/wp-json\/wp\/v2\/product"}],"about":[{"href":"https:\/\/roveyayinevi.com.tr\/index.php\/wp-json\/wp\/v2\/types\/product"}],"wp:attachment":[{"href":"https:\/\/roveyayinevi.com.tr\/index.php\/wp-json\/wp\/v2\/media?parent=690910"}],"wp:term":[{"taxonomy":"product_brand","embeddable":true,"href":"https:\/\/roveyayinevi.com.tr\/index.php\/wp-json\/wp\/v2\/product_brand?post=690910"},{"taxonomy":"product_cat","embeddable":true,"href":"https:\/\/roveyayinevi.com.tr\/index.php\/wp-json\/wp\/v2\/product_cat?post=690910"},{"taxonomy":"product_tag","embeddable":true,"href":"https:\/\/roveyayinevi.com.tr\/index.php\/wp-json\/wp\/v2\/product_tag?post=690910"}],"curies":[{"name":"wp","href":"https:\/\/api.w.org\/{rel}","templated":true}]}}