{"id":690902,"date":"2025-08-27T13:54:40","date_gmt":"2025-08-27T10:54:40","guid":{"rendered":"https:\/\/roveyayinevi.com.tr\/index.php\/urun\/eski-edebiyatin-icinde\/"},"modified":"2026-04-16T02:00:23","modified_gmt":"2026-04-15T23:00:23","slug":"eski-edebiyatin-icinde","status":"publish","type":"product","link":"https:\/\/roveyayinevi.com.tr\/index.php\/urun\/eski-edebiyatin-icinde\/","title":{"rendered":"Eski Edebiyat\u0131n \u0130\u00e7inde"},"content":{"rendered":"<p>Eski Edebiyat\u0131n \u0130\u00e7inde, yazar\u0131n eski edebiyatla ilgili makalelerinden olu\u015fuyor. Yunus Emre\u2019den A\u015f\u0131k Veysel\u2019e ba\u015fl\u0131\u011f\u0131 alt\u0131nda yer alan eserde Tasavvuf Edebiyat\u0131, Divan Edebiyat\u0131 ve bug\u00fcn i\u00e7in art\u0131k eski say\u0131lan Yenile\u015fme D\u00f6nemi Edebiyat\u0131ndan \u015fahsiyetler hakk\u0131nda incelemelere yer veriliyor: Yunus Emre, Nasreddin Hoce, Ak\u015femseddin, Ahmet \u0130lahi, \u015eeyhi, Fuzuli, Hayali, Ba\u011fdatl\u0131 Ruhi, Zaifi, Seydi Ali Reis, Aray\u0131c\u0131zade H\u00fcseyin Ferdi, Mehmet R\u0131za, Giritli S\u0131rr\u0131 Pa\u015fa, Beypazarl\u0131 \u015eakir, Mehmet Akif, A\u015f\u0131k Veysel. <\/p>\n","protected":false},"excerpt":{"rendered":"<p>Eski Edebiyat\u0131n \u0130\u00e7inde, yazar\u0131n eski edebiyatla ilgili makalelerinden olu\u015fuyor. Yunus Emre\u2019den A\u015f\u0131k Veysel\u2019e ba\u015fl\u0131\u011f\u0131 alt\u0131nda yer alan eserde Tasavvuf Edebiyat\u0131, Divan Edebiyat\u0131 ve bug\u00fcn i\u00e7in art\u0131k<span class=\"excerpt-hellip\"> [\u2026]<\/span><\/p>\n","protected":false},"featured_media":0,"template":"","meta":{"_monsterinsights_skip_tracking":false,"_monsterinsights_sitenote_active":false,"_monsterinsights_sitenote_note":"","_monsterinsights_sitenote_category":0},"product_brand":[],"product_cat":[12573,12566],"product_tag":[],"class_list":{"0":"post-690902","1":"product","2":"type-product","3":"status-publish","5":"product_cat-akademik-kitaplar","6":"product_cat-egitim","7":"pa_tur-kitap","8":"pa_yayinevi-kurgan-edebiyat","9":"pa_yazar-cemal-kurnaz","11":"first","12":"instock","13":"sale","14":"shipping-taxable","15":"purchasable","16":"product-type-simple"},"_links":{"self":[{"href":"https:\/\/roveyayinevi.com.tr\/index.php\/wp-json\/wp\/v2\/product\/690902","targetHints":{"allow":["GET"]}}],"collection":[{"href":"https:\/\/roveyayinevi.com.tr\/index.php\/wp-json\/wp\/v2\/product"}],"about":[{"href":"https:\/\/roveyayinevi.com.tr\/index.php\/wp-json\/wp\/v2\/types\/product"}],"wp:attachment":[{"href":"https:\/\/roveyayinevi.com.tr\/index.php\/wp-json\/wp\/v2\/media?parent=690902"}],"wp:term":[{"taxonomy":"product_brand","embeddable":true,"href":"https:\/\/roveyayinevi.com.tr\/index.php\/wp-json\/wp\/v2\/product_brand?post=690902"},{"taxonomy":"product_cat","embeddable":true,"href":"https:\/\/roveyayinevi.com.tr\/index.php\/wp-json\/wp\/v2\/product_cat?post=690902"},{"taxonomy":"product_tag","embeddable":true,"href":"https:\/\/roveyayinevi.com.tr\/index.php\/wp-json\/wp\/v2\/product_tag?post=690902"}],"curies":[{"name":"wp","href":"https:\/\/api.w.org\/{rel}","templated":true}]}}