{"id":690881,"date":"2025-08-27T13:54:36","date_gmt":"2025-08-27T10:54:36","guid":{"rendered":"https:\/\/roveyayinevi.com.tr\/index.php\/urun\/liberalizm-demokrasi-kapikulu-gelenegi\/"},"modified":"2026-04-16T02:00:22","modified_gmt":"2026-04-15T23:00:22","slug":"liberalizm-demokrasi-kapikulu-gelenegi","status":"publish","type":"product","link":"https:\/\/roveyayinevi.com.tr\/index.php\/urun\/liberalizm-demokrasi-kapikulu-gelenegi\/","title":{"rendered":"Liberalizm Demokrasi  Kap\u0131kulu Gelene\u011fi"},"content":{"rendered":"<p>Kaz\u0131m Berzeg T\u00fcrkiye&#8217;nin \u00f6nde gelen fikir adamlar\u0131ndand\u0131r. K\u0131rk y\u0131l\u0131 bulan yaz\u0131 hayat\u0131 boyunca \u00e7izgisini istikrarl\u0131 bi\u00e7imde muhafaza etmi\u015ftir. O&#8217;nu, kendisinin de zaman zaman dile getirdi\u011fi gibi, &#8220;k\u0131demli liberal&#8221; olarak adland\u0131rmak yanl\u0131\u015f olmayacakt\u0131r. Berzeg, kimsenin kendisini dinlemedi\u011fi veya etrafta s\u00f6ylediklerini anlayacak \u00e7apta kimselerin bulunmad\u0131\u011f\u0131 g\u00fcnlerde bile, liberal bir perspektiften olaylar, T\u00fcrkiye ve D\u00fcnya hakk\u0131nda g\u00f6r\u00fc\u015f\u00fcn\u00fc yans\u0131tan yaz\u0131lar kaleme almay\u0131 \u0131srarla ve hatta biraz inatla s\u00fcrd\u00fcrm\u00fc\u015ft\u00fcr. Zaman bir \u00e7ok olayda O&#8217;nu hakl\u0131 \u00e7\u0131karm\u0131\u015ft\u0131r. Sa\u011f ve sol otoriteryen fikirlere ve geleneklere y\u00f6nelik tespit ve ele\u015ftirileri tekrar tekrar do\u011frulanm\u0131\u015ft\u0131r. Berzeg \u00e7orak, bo\u011fucu fikir ortam\u0131m\u0131zda y\u0131ld\u0131z gibi parlayan bir fikir adam\u0131d\u0131r. Liberalizm Demokrasi Kap\u0131kulu Gelene\u011fi, Kaz\u0131m Berzeg&#8217;in bu \u00f6vg\u00fcy\u00fc hakeden bir yazar oldu\u011funun kan\u0131tlar\u0131ndan biri olarak, ikinci bask\u0131s\u0131yla, okuyucusuyla tekrar bulu\u015fmaktad\u0131r. <\/p>\n","protected":false},"excerpt":{"rendered":"<p>Kaz\u0131m Berzeg T\u00fcrkiye&#8217;nin \u00f6nde gelen fikir adamlar\u0131ndand\u0131r. K\u0131rk y\u0131l\u0131 bulan yaz\u0131 hayat\u0131 boyunca \u00e7izgisini istikrarl\u0131 bi\u00e7imde muhafaza etmi\u015ftir. O&#8217;nu, kendisinin de zaman zaman dile getirdi\u011fi gibi,<span class=\"excerpt-hellip\"> [\u2026]<\/span><\/p>\n","protected":false},"featured_media":0,"template":"","meta":{"_monsterinsights_skip_tracking":false,"_monsterinsights_sitenote_active":false,"_monsterinsights_sitenote_note":"","_monsterinsights_sitenote_category":0},"product_brand":[],"product_cat":[12338,12337],"product_tag":[],"class_list":{"0":"post-690881","1":"product","2":"type-product","3":"status-publish","5":"product_cat-dunya-siyaseti-ve-politikasi","6":"product_cat-politika-siyaset","7":"pa_cilt-ciltsiz","8":"pa_tur-kitap","9":"pa_yayinevi-liberte-yayinlari","10":"pa_yazar-kazim-berzeg","12":"first","13":"instock","14":"sale","15":"shipping-taxable","16":"purchasable","17":"product-type-simple"},"_links":{"self":[{"href":"https:\/\/roveyayinevi.com.tr\/index.php\/wp-json\/wp\/v2\/product\/690881","targetHints":{"allow":["GET"]}}],"collection":[{"href":"https:\/\/roveyayinevi.com.tr\/index.php\/wp-json\/wp\/v2\/product"}],"about":[{"href":"https:\/\/roveyayinevi.com.tr\/index.php\/wp-json\/wp\/v2\/types\/product"}],"wp:attachment":[{"href":"https:\/\/roveyayinevi.com.tr\/index.php\/wp-json\/wp\/v2\/media?parent=690881"}],"wp:term":[{"taxonomy":"product_brand","embeddable":true,"href":"https:\/\/roveyayinevi.com.tr\/index.php\/wp-json\/wp\/v2\/product_brand?post=690881"},{"taxonomy":"product_cat","embeddable":true,"href":"https:\/\/roveyayinevi.com.tr\/index.php\/wp-json\/wp\/v2\/product_cat?post=690881"},{"taxonomy":"product_tag","embeddable":true,"href":"https:\/\/roveyayinevi.com.tr\/index.php\/wp-json\/wp\/v2\/product_tag?post=690881"}],"curies":[{"name":"wp","href":"https:\/\/api.w.org\/{rel}","templated":true}]}}