{"id":690878,"date":"2025-08-27T13:54:36","date_gmt":"2025-08-27T10:54:36","guid":{"rendered":"https:\/\/roveyayinevi.com.tr\/index.php\/urun\/zarf\/"},"modified":"2026-04-16T02:00:22","modified_gmt":"2026-04-15T23:00:22","slug":"zarf","status":"publish","type":"product","link":"https:\/\/roveyayinevi.com.tr\/index.php\/urun\/zarf\/","title":{"rendered":"Zarf"},"content":{"rendered":"<p>Baz\u0131 mektuplarsa bo\u015f yere \u2018zarf edilir\u2019a\u015fklar \u2018sarf edildikten\u2019 sonra,kelimeler toplan\u0131p \u2018zarf edilirse\u2019O mektup ne yazar kiA\u00c7IK C\u00dcMLEBazen hi\u00e7bir \u015fey \u00e7\u0131kmaz zarftanhi\u00e7bir c\u00fcmle doldurmaz mektubune g\u00fcn\u0131\u015f\u0131\u011f\u0131 s\u0131zar ne ak\u015fama ermenin saadetikapal\u0131 bir yara gibi gezer \u00f6yle mektuplarkim a\u00e7sa, kim dokunsa eli yanarbazen s\u00f6zler bo\u015fa gider mektuplar bo\u015fabazen bir c\u00fcmleden mektup yanar <\/p>\n","protected":false},"excerpt":{"rendered":"<p>Baz\u0131 mektuplarsa bo\u015f yere \u2018zarf edilir\u2019a\u015fklar \u2018sarf edildikten\u2019 sonra,kelimeler toplan\u0131p \u2018zarf edilirse\u2019O mektup ne yazar kiA\u00c7IK C\u00dcMLEBazen hi\u00e7bir \u015fey \u00e7\u0131kmaz zarftanhi\u00e7bir c\u00fcmle doldurmaz mektubune g\u00fcn\u0131\u015f\u0131\u011f\u0131 s\u0131zar<span class=\"excerpt-hellip\"> [\u2026]<\/span><\/p>\n","protected":false},"featured_media":0,"template":"","meta":{"_monsterinsights_skip_tracking":false,"_monsterinsights_sitenote_active":false,"_monsterinsights_sitenote_note":"","_monsterinsights_sitenote_category":0},"product_brand":[],"product_cat":[12291,12509],"product_tag":[],"class_list":{"0":"post-690878","1":"product","2":"type-product","3":"status-publish","5":"product_cat-edebiyat","6":"product_cat-siir","7":"pa_cilt-ciltsiz","8":"pa_tur-kitap","9":"pa_yayinevi-kirmizi-kedi-yayinevi","10":"pa_yazar-haydar-ergulen","12":"first","13":"instock","14":"sale","15":"shipping-taxable","16":"purchasable","17":"product-type-simple"},"_links":{"self":[{"href":"https:\/\/roveyayinevi.com.tr\/index.php\/wp-json\/wp\/v2\/product\/690878","targetHints":{"allow":["GET"]}}],"collection":[{"href":"https:\/\/roveyayinevi.com.tr\/index.php\/wp-json\/wp\/v2\/product"}],"about":[{"href":"https:\/\/roveyayinevi.com.tr\/index.php\/wp-json\/wp\/v2\/types\/product"}],"wp:attachment":[{"href":"https:\/\/roveyayinevi.com.tr\/index.php\/wp-json\/wp\/v2\/media?parent=690878"}],"wp:term":[{"taxonomy":"product_brand","embeddable":true,"href":"https:\/\/roveyayinevi.com.tr\/index.php\/wp-json\/wp\/v2\/product_brand?post=690878"},{"taxonomy":"product_cat","embeddable":true,"href":"https:\/\/roveyayinevi.com.tr\/index.php\/wp-json\/wp\/v2\/product_cat?post=690878"},{"taxonomy":"product_tag","embeddable":true,"href":"https:\/\/roveyayinevi.com.tr\/index.php\/wp-json\/wp\/v2\/product_tag?post=690878"}],"curies":[{"name":"wp","href":"https:\/\/api.w.org\/{rel}","templated":true}]}}