{"id":690877,"date":"2025-08-27T13:54:35","date_gmt":"2025-08-27T10:54:35","guid":{"rendered":"https:\/\/roveyayinevi.com.tr\/index.php\/urun\/ozgur-toplumun-ilkeleri-hakkinda-bir-calisma-kilavuzu\/"},"modified":"2026-04-16T02:00:22","modified_gmt":"2026-04-15T23:00:22","slug":"ozgur-toplumun-ilkeleri-hakkinda-bir-calisma-kilavuzu","status":"publish","type":"product","link":"https:\/\/roveyayinevi.com.tr\/index.php\/urun\/ozgur-toplumun-ilkeleri-hakkinda-bir-calisma-kilavuzu\/","title":{"rendered":"\u00d6zg\u00fcr Toplumun \u0130lkeleri Hakk\u0131nda Bir \u00c7al\u0131\u015fma K\u0131lavuzu"},"content":{"rendered":"<p>Her toplum problemlerle ve meydan okumalarla kar\u015f\u0131la\u015f\u0131r. Bunlara nas\u0131l kar\u015f\u0131l\u0131k vermek gerekir? Tarihin, tecr\u00fcbenin ve teorinin g\u00f6sterdi\u011fi gibi bar\u0131\u015f i\u00e7indeki, \u00f6zg\u00fcr ve m\u00fcreffeh toplumlar\u0131n ortaya \u00e7\u0131kmas\u0131na katk\u0131da bulunan ilkelerle&#8230; Bu kitap eylemlerimize k\u0131lavuz olmak \u00fczere oniki ilke sunmaktad\u0131r.Nigel Ashford, okuyucuya kendi ilke ve de\u011ferlerini belirlemede yard\u0131mc\u0131 olmaya \u00e7al\u0131\u015farak her g\u00fcn pek \u00e7ok karar vermesi gereken ki\u015filer olarak do\u011fru tercihi yapmada ihtiya\u00e7 duydu\u011fumuz temel ilkeleri sa\u011flamaktad\u0131r. Ayr\u0131ca kitap sorularla ve ileri okuma \u00f6nerileriyle tart\u0131\u015fmay\u0131 ve d\u00fc\u015f\u00fcnmeyi te\u015fvik etmek \u00fczere tasarlanm\u0131\u015ft\u0131r. \u00d6zl\u00fc ve ak\u0131c\u0131 anlat\u0131m\u0131yla \u00d6zg\u00fcr Toplumun \u0130lkeleri: Bir \u00c7al\u0131\u015fma Klavuzu her kesimden insana hitap eden bir ba\u015fucu kitab\u0131d\u0131r. <\/p>\n","protected":false},"excerpt":{"rendered":"<p>Her toplum problemlerle ve meydan okumalarla kar\u015f\u0131la\u015f\u0131r. Bunlara nas\u0131l kar\u015f\u0131l\u0131k vermek gerekir? Tarihin, tecr\u00fcbenin ve teorinin g\u00f6sterdi\u011fi gibi bar\u0131\u015f i\u00e7indeki, \u00f6zg\u00fcr ve m\u00fcreffeh toplumlar\u0131n ortaya \u00e7\u0131kmas\u0131na<span class=\"excerpt-hellip\"> [\u2026]<\/span><\/p>\n","protected":false},"featured_media":0,"template":"","meta":{"_monsterinsights_skip_tracking":false,"_monsterinsights_sitenote_active":false,"_monsterinsights_sitenote_note":"","_monsterinsights_sitenote_category":0},"product_brand":[],"product_cat":[12965,12337],"product_tag":[],"class_list":{"0":"post-690877","1":"product","2":"type-product","3":"status-publish","5":"product_cat-genel-politika","6":"product_cat-politika-siyaset","7":"pa_cilt-ciltsiz","8":"pa_tur-kitap","9":"pa_yayinevi-liberte-yayinlari","10":"pa_yazar-nigel-ashford","12":"first","13":"instock","14":"sale","15":"shipping-taxable","16":"purchasable","17":"product-type-simple"},"_links":{"self":[{"href":"https:\/\/roveyayinevi.com.tr\/index.php\/wp-json\/wp\/v2\/product\/690877","targetHints":{"allow":["GET"]}}],"collection":[{"href":"https:\/\/roveyayinevi.com.tr\/index.php\/wp-json\/wp\/v2\/product"}],"about":[{"href":"https:\/\/roveyayinevi.com.tr\/index.php\/wp-json\/wp\/v2\/types\/product"}],"wp:attachment":[{"href":"https:\/\/roveyayinevi.com.tr\/index.php\/wp-json\/wp\/v2\/media?parent=690877"}],"wp:term":[{"taxonomy":"product_brand","embeddable":true,"href":"https:\/\/roveyayinevi.com.tr\/index.php\/wp-json\/wp\/v2\/product_brand?post=690877"},{"taxonomy":"product_cat","embeddable":true,"href":"https:\/\/roveyayinevi.com.tr\/index.php\/wp-json\/wp\/v2\/product_cat?post=690877"},{"taxonomy":"product_tag","embeddable":true,"href":"https:\/\/roveyayinevi.com.tr\/index.php\/wp-json\/wp\/v2\/product_tag?post=690877"}],"curies":[{"name":"wp","href":"https:\/\/api.w.org\/{rel}","templated":true}]}}