{"id":690872,"date":"2025-08-27T13:54:34","date_gmt":"2025-08-27T10:54:34","guid":{"rendered":"https:\/\/roveyayinevi.com.tr\/index.php\/urun\/genelkurmay-belgelerinde-kurt-isyanlari-2\/"},"modified":"2026-04-16T02:00:22","modified_gmt":"2026-04-15T23:00:22","slug":"genelkurmay-belgelerinde-kurt-isyanlari-2","status":"publish","type":"product","link":"https:\/\/roveyayinevi.com.tr\/index.php\/urun\/genelkurmay-belgelerinde-kurt-isyanlari-2\/","title":{"rendered":"Genelkurmay Belgelerinde K\u00fcrt \u0130syanlar\u0131 &#8211; 2"},"content":{"rendered":"<p>Genelkurmay Belgelerinde K\u00fcrt \u0130syanlar\u0131 adl\u0131 belgesel incelemenin ikincisi olan elinizdeki kitapta, 1930 Sonbahar\u0131ndaki P\u00fcl\u00fcm\u00fcr Harek\u00e2t\u0131 ile 1937-1938 Dersim \u0130syanlar\u0131 ve bast\u0131rma harek\u00e2tlar\u0131 yer almaktad\u0131r. &#8211; P\u00fcl\u00fcm\u00fcr Tenkil Harek\u00e2t\u0131. &#8211; Menemen Olay\u0131. &#8211; Tunceli (Dersim) Tedip Harek\u00e2t\u0131. &#8211; Dersim\u2019in Co\u011frafi Durumu. &#8211; Dersim\u2019in Asayi\u015fsizlik Durumu. &#8211; 1937 Y\u0131l\u0131 Harek\u00e2t\u0131. &#8211; 1938 Y\u0131l\u0131 Harek\u00e2t\u0131. &#8211; Tunceli Kanunu \u00d6zeti. &#8211; Harek\u00e2tla ilgili plan, kroki ve haritalar. <\/p>\n","protected":false},"excerpt":{"rendered":"<p>Genelkurmay Belgelerinde K\u00fcrt \u0130syanlar\u0131 adl\u0131 belgesel incelemenin ikincisi olan elinizdeki kitapta, 1930 Sonbahar\u0131ndaki P\u00fcl\u00fcm\u00fcr Harek\u00e2t\u0131 ile 1937-1938 Dersim \u0130syanlar\u0131 ve bast\u0131rma harek\u00e2tlar\u0131 yer almaktad\u0131r. &#8211; P\u00fcl\u00fcm\u00fcr<span class=\"excerpt-hellip\"> [\u2026]<\/span><\/p>\n","protected":false},"featured_media":0,"template":"","meta":{"_monsterinsights_skip_tracking":false,"_monsterinsights_sitenote_active":false,"_monsterinsights_sitenote_note":"","_monsterinsights_sitenote_category":0},"product_brand":[],"product_cat":[13656,12337],"product_tag":[],"class_list":{"0":"post-690872","1":"product","2":"type-product","3":"status-publish","5":"product_cat-azinliklar-etnik-sorunlar","6":"product_cat-politika-siyaset","7":"pa_tur-kitap","8":"pa_yayinevi-kaynak-yayinlari","9":"pa_yazar-kolektif","11":"first","12":"instock","13":"sale","14":"shipping-taxable","15":"purchasable","16":"product-type-simple"},"_links":{"self":[{"href":"https:\/\/roveyayinevi.com.tr\/index.php\/wp-json\/wp\/v2\/product\/690872","targetHints":{"allow":["GET"]}}],"collection":[{"href":"https:\/\/roveyayinevi.com.tr\/index.php\/wp-json\/wp\/v2\/product"}],"about":[{"href":"https:\/\/roveyayinevi.com.tr\/index.php\/wp-json\/wp\/v2\/types\/product"}],"wp:attachment":[{"href":"https:\/\/roveyayinevi.com.tr\/index.php\/wp-json\/wp\/v2\/media?parent=690872"}],"wp:term":[{"taxonomy":"product_brand","embeddable":true,"href":"https:\/\/roveyayinevi.com.tr\/index.php\/wp-json\/wp\/v2\/product_brand?post=690872"},{"taxonomy":"product_cat","embeddable":true,"href":"https:\/\/roveyayinevi.com.tr\/index.php\/wp-json\/wp\/v2\/product_cat?post=690872"},{"taxonomy":"product_tag","embeddable":true,"href":"https:\/\/roveyayinevi.com.tr\/index.php\/wp-json\/wp\/v2\/product_tag?post=690872"}],"curies":[{"name":"wp","href":"https:\/\/api.w.org\/{rel}","templated":true}]}}

Genelkurmay Belgelerinde Kürt İsyanları &#8211; 2

<p>Genelkurmay Belgelerinde Kürt İsyanları adlı belgesel incelemenin ikincisi olan elinizdeki kitapta, 1930 Sonbaharındaki Pülümür Harekâtı ile 1937-1938 Dersim İsyanları ve bastırma harekâtları yer almaktadır. &#8211; Pülümür Tenkil Harekâtı. &#8211; Menemen Olayı. &#8211; Tunceli (Dersim) Tedip Harekâtı. &#8211; Dersim’in Coğrafi Durumu. &#8211; Dersim’in Asayişsizlik Durumu. &#8211; 1937 Yılı Harekâtı. &#8211; 1938 Yılı Harekâtı. &#8211; Tunceli Kanunu Özeti. &#8211; Harekâtla ilgili plan, kroki ve haritalar. </p>

<p>Genelkurmay Belgelerinde Kürt İsyanları adlı belgesel incelemenin ikincisi olan elinizdeki kitapta, 1930 Sonbaharındaki Pülümür Harekâtı ile 1937-1938 Dersim İsyanları ve bastırma harekâtları yer almaktadır. &#8211; Pülümür<span class="excerpt-hellip"> […]</span></p>
