{"id":690864,"date":"2025-08-27T13:54:33","date_gmt":"2025-08-27T10:54:33","guid":{"rendered":"https:\/\/roveyayinevi.com.tr\/index.php\/urun\/yazma-buyusu\/"},"modified":"2026-04-16T02:00:22","modified_gmt":"2026-04-15T23:00:22","slug":"yazma-buyusu","status":"publish","type":"product","link":"https:\/\/roveyayinevi.com.tr\/index.php\/urun\/yazma-buyusu\/","title":{"rendered":"Yazma B\u00fcy\u00fcs\u00fc"},"content":{"rendered":"<p>\u201cSevgili Okur, Senin herkese a\u00e7\u0131k bir mektubun al\u0131c\u0131s\u0131 olabilece\u011finden ku\u015fku duyuyorum. \u00c7\u00fcnk\u00fc aram\u0131zda her zaman \u00e7ok daha \u00f6zel bir ili\u015fki oldu. Yak\u0131nl\u0131\u011f\u0131m\u0131z bas\u0131l\u0131 k\u00e2\u011f\u0131tlardan ibaret de\u011fil. Ben g\u00f6zlerinin gezindi\u011fi sayfalarda ya\u015fayan biriyim ve sana s\u00f6zc\u00fckler arac\u0131l\u0131\u011f\u0131yla sesleniyorum. Bu y\u00fczden sevgine oldu\u011fu kadar yarg\u0131lamana da a\u00e7\u0131\u011f\u0131m. Kim oldu\u011funu hem biliyorum hem de bilmiyorum. Hem bilmek hem de bilmemek istiyorum. Sesimin sana nas\u0131l, ne kadar uzanabildi\u011fini elbette merak ediyorum. \u00c7\u00fcnk\u00fc ben seni sarsmak, e\u011flendirmek, unutmu\u015f olduklar\u0131n\u0131 hat\u0131rlatmak ve a\u015f\u0131nd\u0131rd\u0131\u011f\u0131n sorular\u0131 yeniden canland\u0131rmak i\u00e7in yaz\u0131yorum.\u201d <\/p>\n","protected":false},"excerpt":{"rendered":"<p>\u201cSevgili Okur, Senin herkese a\u00e7\u0131k bir mektubun al\u0131c\u0131s\u0131 olabilece\u011finden ku\u015fku duyuyorum. \u00c7\u00fcnk\u00fc aram\u0131zda her zaman \u00e7ok daha \u00f6zel bir ili\u015fki oldu. Yak\u0131nl\u0131\u011f\u0131m\u0131z bas\u0131l\u0131 k\u00e2\u011f\u0131tlardan ibaret de\u011fil.<span class=\"excerpt-hellip\"> [\u2026]<\/span><\/p>\n","protected":false},"featured_media":0,"template":"","meta":{"_monsterinsights_skip_tracking":false,"_monsterinsights_sitenote_active":false,"_monsterinsights_sitenote_note":"","_monsterinsights_sitenote_category":0},"product_brand":[],"product_cat":[12777,12291],"product_tag":[],"class_list":{"0":"post-690864","1":"product","2":"type-product","3":"status-publish","5":"product_cat-deneme","6":"product_cat-edebiyat","7":"pa_cilt-ciltsiz","8":"pa_tur-kitap","9":"pa_yayinevi-kirmizi-kedi-yayinevi","10":"pa_yazar-inci-aral","12":"first","13":"instock","14":"sale","15":"shipping-taxable","16":"purchasable","17":"product-type-simple"},"_links":{"self":[{"href":"https:\/\/roveyayinevi.com.tr\/index.php\/wp-json\/wp\/v2\/product\/690864","targetHints":{"allow":["GET"]}}],"collection":[{"href":"https:\/\/roveyayinevi.com.tr\/index.php\/wp-json\/wp\/v2\/product"}],"about":[{"href":"https:\/\/roveyayinevi.com.tr\/index.php\/wp-json\/wp\/v2\/types\/product"}],"wp:attachment":[{"href":"https:\/\/roveyayinevi.com.tr\/index.php\/wp-json\/wp\/v2\/media?parent=690864"}],"wp:term":[{"taxonomy":"product_brand","embeddable":true,"href":"https:\/\/roveyayinevi.com.tr\/index.php\/wp-json\/wp\/v2\/product_brand?post=690864"},{"taxonomy":"product_cat","embeddable":true,"href":"https:\/\/roveyayinevi.com.tr\/index.php\/wp-json\/wp\/v2\/product_cat?post=690864"},{"taxonomy":"product_tag","embeddable":true,"href":"https:\/\/roveyayinevi.com.tr\/index.php\/wp-json\/wp\/v2\/product_tag?post=690864"}],"curies":[{"name":"wp","href":"https:\/\/api.w.org\/{rel}","templated":true}]}}