{"id":690857,"date":"2025-08-27T13:54:32","date_gmt":"2025-08-27T10:54:32","guid":{"rendered":"https:\/\/roveyayinevi.com.tr\/index.php\/urun\/vatan-yahut-silivri\/"},"modified":"2026-04-16T02:00:21","modified_gmt":"2026-04-15T23:00:21","slug":"vatan-yahut-silivri","status":"publish","type":"product","link":"https:\/\/roveyayinevi.com.tr\/index.php\/urun\/vatan-yahut-silivri\/","title":{"rendered":"Vatan Yahut Silivri"},"content":{"rendered":"<p>Bu kitab\u0131n yazar\u0131 \u015fu anda aram\u0131zda, d\u0131\u015fardaki tutsaklardan. Ama sadece masumlar\u0131n de\u011fil bir \u00fclkenin de kaderini lanetli bir m\u00fcrekkeple yaz\u0131lm\u0131\u015f kalp kararlarla belirlemeye kalk\u0131\u015fanlar, yar\u0131n onun hakk\u0131nda ne h\u00fck\u00fcmler verecekler belli de\u011fil. <\/p>\n","protected":false},"excerpt":{"rendered":"<p>Bu kitab\u0131n yazar\u0131 \u015fu anda aram\u0131zda, d\u0131\u015fardaki tutsaklardan. Ama sadece masumlar\u0131n de\u011fil bir \u00fclkenin de kaderini lanetli bir m\u00fcrekkeple yaz\u0131lm\u0131\u015f kalp kararlarla belirlemeye kalk\u0131\u015fanlar, yar\u0131n onun<span class=\"excerpt-hellip\"> [\u2026]<\/span><\/p>\n","protected":false},"featured_media":0,"template":"","meta":{"_monsterinsights_skip_tracking":false,"_monsterinsights_sitenote_active":false,"_monsterinsights_sitenote_note":"","_monsterinsights_sitenote_category":0},"product_brand":[],"product_cat":[13059,12337],"product_tag":[],"class_list":{"0":"post-690857","1":"product","2":"type-product","3":"status-publish","5":"product_cat-diger-politika-siyaset","6":"product_cat-politika-siyaset","7":"pa_tur-kitap","8":"pa_yayinevi-kirmizi-kedi-yayinevi","9":"pa_yazar-muyesser-yildiz","11":"first","12":"instock","13":"sale","14":"shipping-taxable","15":"purchasable","16":"product-type-simple"},"_links":{"self":[{"href":"https:\/\/roveyayinevi.com.tr\/index.php\/wp-json\/wp\/v2\/product\/690857","targetHints":{"allow":["GET"]}}],"collection":[{"href":"https:\/\/roveyayinevi.com.tr\/index.php\/wp-json\/wp\/v2\/product"}],"about":[{"href":"https:\/\/roveyayinevi.com.tr\/index.php\/wp-json\/wp\/v2\/types\/product"}],"wp:attachment":[{"href":"https:\/\/roveyayinevi.com.tr\/index.php\/wp-json\/wp\/v2\/media?parent=690857"}],"wp:term":[{"taxonomy":"product_brand","embeddable":true,"href":"https:\/\/roveyayinevi.com.tr\/index.php\/wp-json\/wp\/v2\/product_brand?post=690857"},{"taxonomy":"product_cat","embeddable":true,"href":"https:\/\/roveyayinevi.com.tr\/index.php\/wp-json\/wp\/v2\/product_cat?post=690857"},{"taxonomy":"product_tag","embeddable":true,"href":"https:\/\/roveyayinevi.com.tr\/index.php\/wp-json\/wp\/v2\/product_tag?post=690857"}],"curies":[{"name":"wp","href":"https:\/\/api.w.org\/{rel}","templated":true}]}}