{"id":690850,"date":"2025-08-27T13:54:31","date_gmt":"2025-08-27T10:54:31","guid":{"rendered":"https:\/\/roveyayinevi.com.tr\/index.php\/urun\/turk-amerikan-iliskileri-cercevesinde-ermeni-meselesi-1918-1923\/"},"modified":"2026-04-16T02:00:21","modified_gmt":"2026-04-15T23:00:21","slug":"turk-amerikan-iliskileri-cercevesinde-ermeni-meselesi-1918-1923","status":"publish","type":"product","link":"https:\/\/roveyayinevi.com.tr\/index.php\/urun\/turk-amerikan-iliskileri-cercevesinde-ermeni-meselesi-1918-1923\/","title":{"rendered":"T\u00fcrk-Amerikan \u0130li\u015fkileri \u00c7er\u00e7evesinde Ermeni Meselesi (1918-1923)"},"content":{"rendered":"<p>ABD  Ermeni meselesi ne Birinci D\u00fcnya Sava\u015f\u0131\u2019n\u0131n sonuna do\u011fru dahil oldu. Bir bak\u0131ma, devreden \u00e7\u0131kan \u00c7arl\u0131k Rusyas\u0131\u2019n\u0131n yeri, ABD taraf\u0131ndan dolduruldu. Ama araya,  Ermeni meselesi ni devrimci yoldan bir \u00e7\u00f6z\u00fcme kavu\u015fturan Rusya\u2019daki Ekim Devrimi, Anadolu\u2019daki Milli Kurtulu\u015f Devrimi ve onlar\u0131n ate\u015fledikleri, ini\u015f-\u00e7\u0131k\u0131\u015flarla 1970\u2019lere kadar s\u00fcren d\u00fcnya \u00e7ap\u0131ndaki devrimci y\u00fckseli\u015f d\u00f6nemi girdi. 1980\u2019lerde  Ermeni meselesi  Bat\u0131l\u0131 emperyalist devletlerce  1915-1918\u2019in kapat\u0131lmam\u0131\u015f hesab\u0131  olarak tekrar canland\u0131r\u0131ld\u0131.  Ermeni meselesi nin bayraktarl\u0131\u011f\u0131n\u0131 bu kez ABD yapmaktad\u0131r. Bu kitap,  Ermeni meselesi  konusundaki tarihsel ger\u00e7ekleri \u00e7ok zengin ve kapsaml\u0131 bir kaynak taramas\u0131 ve \u00f6zellikle bug\u00fcne kadar el at\u0131lmam\u0131\u015f ABD belgeleri temelinde g\u00fcn y\u00fcz\u00fcne \u00e7\u0131kararak, konuya ili\u015fkin b\u00fct\u00fcn iddia ve tezleri bilimsel bir bak\u0131\u015f a\u00e7\u0131s\u0131yla ele almaktad\u0131r. Kitap, konu ile ilgilenen tarih\u00e7i, siyaset\u00e7i, diplomat, gazeteci herkes i\u00e7in temel bir ba\u015fvuru kayna\u011f\u0131 niteli\u011findedir. <\/p>\n","protected":false},"excerpt":{"rendered":"<p>ABD Ermeni meselesi ne Birinci D\u00fcnya Sava\u015f\u0131\u2019n\u0131n sonuna do\u011fru dahil oldu. Bir bak\u0131ma, devreden \u00e7\u0131kan \u00c7arl\u0131k Rusyas\u0131\u2019n\u0131n yeri, ABD taraf\u0131ndan dolduruldu. Ama araya, Ermeni meselesi ni<span class=\"excerpt-hellip\"> [\u2026]<\/span><\/p>\n","protected":false},"featured_media":0,"template":"","meta":{"_monsterinsights_skip_tracking":false,"_monsterinsights_sitenote_active":false,"_monsterinsights_sitenote_note":"","_monsterinsights_sitenote_category":0},"product_brand":[],"product_cat":[12304,13493],"product_tag":[],"class_list":{"0":"post-690850","1":"product","2":"type-product","3":"status-publish","5":"product_cat-tarih","6":"product_cat-turkiye-ve-cumhuriyet-tarihi","7":"pa_tur-kitap","8":"pa_yayinevi-kaynak-yayinlari","9":"pa_yazar-kamil-necdet-ar","11":"first","12":"instock","13":"sale","14":"shipping-taxable","15":"purchasable","16":"product-type-simple"},"_links":{"self":[{"href":"https:\/\/roveyayinevi.com.tr\/index.php\/wp-json\/wp\/v2\/product\/690850","targetHints":{"allow":["GET"]}}],"collection":[{"href":"https:\/\/roveyayinevi.com.tr\/index.php\/wp-json\/wp\/v2\/product"}],"about":[{"href":"https:\/\/roveyayinevi.com.tr\/index.php\/wp-json\/wp\/v2\/types\/product"}],"wp:attachment":[{"href":"https:\/\/roveyayinevi.com.tr\/index.php\/wp-json\/wp\/v2\/media?parent=690850"}],"wp:term":[{"taxonomy":"product_brand","embeddable":true,"href":"https:\/\/roveyayinevi.com.tr\/index.php\/wp-json\/wp\/v2\/product_brand?post=690850"},{"taxonomy":"product_cat","embeddable":true,"href":"https:\/\/roveyayinevi.com.tr\/index.php\/wp-json\/wp\/v2\/product_cat?post=690850"},{"taxonomy":"product_tag","embeddable":true,"href":"https:\/\/roveyayinevi.com.tr\/index.php\/wp-json\/wp\/v2\/product_tag?post=690850"}],"curies":[{"name":"wp","href":"https:\/\/api.w.org\/{rel}","templated":true}]}}

Türk-Amerikan İlişkileri Çerçevesinde Ermeni Meselesi (1918-1923)

<p>ABD  Ermeni meselesi ne Birinci Dünya Savaşı’nın sonuna doğru dahil oldu. Bir bakıma, devreden çıkan Çarlık Rusyası’nın yeri, ABD tarafından dolduruldu. Ama araya,  Ermeni meselesi ni devrimci yoldan bir çözüme kavuşturan Rusya’daki Ekim Devrimi, Anadolu’daki Milli Kurtuluş Devrimi ve onların ateşledikleri, iniş-çıkışlarla 1970’lere kadar süren dünya çapındaki devrimci yükseliş dönemi girdi. 1980’lerde  Ermeni meselesi  Batılı emperyalist devletlerce  1915-1918’in kapatılmamış hesabı  olarak tekrar canlandırıldı.  Ermeni meselesi nin bayraktarlığını bu kez ABD yapmaktadır. Bu kitap,  Ermeni meselesi  konusundaki tarihsel gerçekleri çok zengin ve kapsamlı bir kaynak taraması ve özellikle bugüne kadar el atılmamış ABD belgeleri temelinde gün yüzüne çıkararak, konuya ilişkin bütün iddia ve tezleri bilimsel bir bakış açısıyla ele almaktadır. Kitap, konu ile ilgilenen tarihçi, siyasetçi, diplomat, gazeteci herkes için temel bir başvuru kaynağı niteliğindedir. </p>

<p>ABD Ermeni meselesi ne Birinci Dünya Savaşı’nın sonuna doğru dahil oldu. Bir bakıma, devreden çıkan Çarlık Rusyası’nın yeri, ABD tarafından dolduruldu. Ama araya, Ermeni meselesi ni<span class="excerpt-hellip"> […]</span></p>
