{"id":690841,"date":"2025-08-27T13:54:29","date_gmt":"2025-08-27T10:54:29","guid":{"rendered":"https:\/\/roveyayinevi.com.tr\/index.php\/urun\/sivanin-dansi\/"},"modified":"2026-04-16T02:00:21","modified_gmt":"2026-04-15T23:00:21","slug":"sivanin-dansi","status":"publish","type":"product","link":"https:\/\/roveyayinevi.com.tr\/index.php\/urun\/sivanin-dansi\/","title":{"rendered":"\u015eiva\u2019n\u0131n Dans\u0131"},"content":{"rendered":"<p>14 milyar y\u0131l \u00f6nce, b\u00fcy\u00fck patlamayla kendini a\u00e7an \u00d6z, bug\u00fcnk\u00fc hayat\u0131m\u0131z\u0131n yans\u0131malar\u0131n\u0131 yaratt\u0131; soyumuzu ara\u015ft\u0131r\u0131r gibi soya\u011fac\u0131m\u0131z\u0131 14 milyar y\u0131l \u00f6ncesine kadar izlesek neleri ke\u015ffedebilirdik? \ufffcTan\u0131t\u0131m Metni<\/p>\n","protected":false},"excerpt":{"rendered":"<p>14 milyar y\u0131l \u00f6nce, b\u00fcy\u00fck patlamayla kendini a\u00e7an \u00d6z, bug\u00fcnk\u00fc hayat\u0131m\u0131z\u0131n yans\u0131malar\u0131n\u0131 yaratt\u0131; soyumuzu ara\u015ft\u0131r\u0131r gibi soya\u011fac\u0131m\u0131z\u0131 14 milyar y\u0131l \u00f6ncesine kadar izlesek neleri ke\u015ffedebilirdik? \ufffcTan\u0131t\u0131m<span class=\"excerpt-hellip\"> [\u2026]<\/span><\/p>\n","protected":false},"featured_media":0,"template":"","meta":{"_monsterinsights_skip_tracking":false,"_monsterinsights_sitenote_active":false,"_monsterinsights_sitenote_note":"","_monsterinsights_sitenote_category":0},"product_brand":[],"product_cat":[12358,12357],"product_tag":[],"class_list":{"0":"post-690841","1":"product","2":"type-product","3":"status-publish","5":"product_cat-genel-psikoloji","6":"product_cat-psikoloji","7":"pa_tur-kitap","8":"pa_yayinevi-kuraldisi-yayinevi","9":"pa_yazar-mahmut-nedim","11":"first","12":"instock","13":"sale","14":"shipping-taxable","15":"purchasable","16":"product-type-simple"},"_links":{"self":[{"href":"https:\/\/roveyayinevi.com.tr\/index.php\/wp-json\/wp\/v2\/product\/690841","targetHints":{"allow":["GET"]}}],"collection":[{"href":"https:\/\/roveyayinevi.com.tr\/index.php\/wp-json\/wp\/v2\/product"}],"about":[{"href":"https:\/\/roveyayinevi.com.tr\/index.php\/wp-json\/wp\/v2\/types\/product"}],"wp:attachment":[{"href":"https:\/\/roveyayinevi.com.tr\/index.php\/wp-json\/wp\/v2\/media?parent=690841"}],"wp:term":[{"taxonomy":"product_brand","embeddable":true,"href":"https:\/\/roveyayinevi.com.tr\/index.php\/wp-json\/wp\/v2\/product_brand?post=690841"},{"taxonomy":"product_cat","embeddable":true,"href":"https:\/\/roveyayinevi.com.tr\/index.php\/wp-json\/wp\/v2\/product_cat?post=690841"},{"taxonomy":"product_tag","embeddable":true,"href":"https:\/\/roveyayinevi.com.tr\/index.php\/wp-json\/wp\/v2\/product_tag?post=690841"}],"curies":[{"name":"wp","href":"https:\/\/api.w.org\/{rel}","templated":true}]}}