{"id":690824,"date":"2025-08-27T13:53:40","date_gmt":"2025-08-27T10:53:40","guid":{"rendered":"https:\/\/roveyayinevi.com.tr\/index.php\/urun\/sahi-beni-neden-almadilar\/"},"modified":"2026-04-16T02:00:21","modified_gmt":"2026-04-15T23:00:21","slug":"sahi-beni-neden-almadilar","status":"publish","type":"product","link":"https:\/\/roveyayinevi.com.tr\/index.php\/urun\/sahi-beni-neden-almadilar\/","title":{"rendered":"Sahi Beni Neden Almad\u0131lar?"},"content":{"rendered":"<p>Polisiye bir roman m\u0131 yoksa \u00e7\u0131lg\u0131n bir macera anlat\u0131s\u0131 m\u0131? Gazeteci Serdar Akinan, ba\u015f\u0131ndan ge\u00e7enleri ve T\u00fcrkiye&#8217;de olan biteni anlatmak \u00fczere bir roman yazmaktad\u0131r. Romandaki karakterler ve olaylar g\u00fcn\u00fcm\u00fczdeki bildik simalard\u0131r. Ancak Ahmet \u015e\u0131k&#8217;\u0131, Nedim \u015eener&#8217;i, Soner Yal\u00e7\u0131n&#8217;\u0131 bir gecede terorist yapan o gizli el Akinan&#8217;a da uzan\u0131r. B\u00f6ylece M\u00fcnih&#8217;e, Cenevre&#8217;ye, Viyana&#8217;ya, \u0130svi\u00e7re Alpleri&#8217;ne, Paris&#8217;e, \u015eam&#8217;a, Kandil&#8217;e uzanan nefes kesici bir ka\u00e7\u0131\u015f \u00f6yk\u00fcs\u00fc ba\u015flar. Sahi Beni Neden Almad\u0131lar? bir solukta okunacak, \u00e7ok ses getirecek ve tart\u0131\u015f\u0131lacak bir kitap. <\/p>\n","protected":false},"excerpt":{"rendered":"<p>Polisiye bir roman m\u0131 yoksa \u00e7\u0131lg\u0131n bir macera anlat\u0131s\u0131 m\u0131? Gazeteci Serdar Akinan, ba\u015f\u0131ndan ge\u00e7enleri ve T\u00fcrkiye&#8217;de olan biteni anlatmak \u00fczere bir roman yazmaktad\u0131r. Romandaki karakterler<span class=\"excerpt-hellip\"> [\u2026]<\/span><\/p>\n","protected":false},"featured_media":0,"template":"","meta":{"_monsterinsights_skip_tracking":false,"_monsterinsights_sitenote_active":false,"_monsterinsights_sitenote_note":"","_monsterinsights_sitenote_category":0},"product_brand":[],"product_cat":[13059,12337],"product_tag":[],"class_list":{"0":"post-690824","1":"product","2":"type-product","3":"status-publish","5":"product_cat-diger-politika-siyaset","6":"product_cat-politika-siyaset","7":"pa_tur-kitap","8":"pa_yayinevi-kirmizi-kedi-yayinevi","9":"pa_yazar-serdar-akinan","11":"first","12":"instock","13":"sale","14":"shipping-taxable","15":"purchasable","16":"product-type-simple"},"_links":{"self":[{"href":"https:\/\/roveyayinevi.com.tr\/index.php\/wp-json\/wp\/v2\/product\/690824","targetHints":{"allow":["GET"]}}],"collection":[{"href":"https:\/\/roveyayinevi.com.tr\/index.php\/wp-json\/wp\/v2\/product"}],"about":[{"href":"https:\/\/roveyayinevi.com.tr\/index.php\/wp-json\/wp\/v2\/types\/product"}],"wp:attachment":[{"href":"https:\/\/roveyayinevi.com.tr\/index.php\/wp-json\/wp\/v2\/media?parent=690824"}],"wp:term":[{"taxonomy":"product_brand","embeddable":true,"href":"https:\/\/roveyayinevi.com.tr\/index.php\/wp-json\/wp\/v2\/product_brand?post=690824"},{"taxonomy":"product_cat","embeddable":true,"href":"https:\/\/roveyayinevi.com.tr\/index.php\/wp-json\/wp\/v2\/product_cat?post=690824"},{"taxonomy":"product_tag","embeddable":true,"href":"https:\/\/roveyayinevi.com.tr\/index.php\/wp-json\/wp\/v2\/product_tag?post=690824"}],"curies":[{"name":"wp","href":"https:\/\/api.w.org\/{rel}","templated":true}]}}

Sahi Beni Neden Almadılar?

<p>Polisiye bir roman mı yoksa çılgın bir macera anlatısı mı? Gazeteci Serdar Akinan, başından geçenleri ve Türkiye&#8217;de olan biteni anlatmak üzere bir roman yazmaktadır. Romandaki karakterler ve olaylar günümüzdeki bildik simalardır. Ancak Ahmet Şık&#8217;ı, Nedim Şener&#8217;i, Soner Yalçın&#8217;ı bir gecede terorist yapan o gizli el Akinan&#8217;a da uzanır. Böylece Münih&#8217;e, Cenevre&#8217;ye, Viyana&#8217;ya, İsviçre Alpleri&#8217;ne, Paris&#8217;e, Şam&#8217;a, Kandil&#8217;e uzanan nefes kesici bir kaçış öyküsü başlar. Sahi Beni Neden Almadılar? bir solukta okunacak, çok ses getirecek ve tartışılacak bir kitap. </p>

<p>Polisiye bir roman mı yoksa çılgın bir macera anlatısı mı? Gazeteci Serdar Akinan, başından geçenleri ve Türkiye&#8217;de olan biteni anlatmak üzere bir roman yazmaktadır. Romandaki karakterler<span class="excerpt-hellip"> […]</span></p>
