{"id":690822,"date":"2025-08-27T13:53:40","date_gmt":"2025-08-27T10:53:40","guid":{"rendered":"https:\/\/roveyayinevi.com.tr\/index.php\/urun\/salainin-yumurtasi\/"},"modified":"2026-04-16T02:00:20","modified_gmt":"2026-04-15T23:00:20","slug":"salainin-yumurtasi","status":"publish","type":"product","link":"https:\/\/roveyayinevi.com.tr\/index.php\/urun\/salainin-yumurtasi\/","title":{"rendered":"Salai\u2019nin Yumurtas\u0131"},"content":{"rendered":"<p>Kitaplar\u0131 Avrupa \u00e7ap\u0131nda ses getiren, yazd\u0131klar\u0131 nedeniyle Vatikan&#8217;\u0131n tepkisini \u00e7eken ve kitaplar\u0131 art\u0131k kendi \u00fclkeleri \u0130talya&#8217;da yay\u0131mlanamayan R. Monaldi &amp; F. Sorti \u00e7iftinin son derece e\u011flenceli bir tarihi-polisiye kurgu i\u00e7inde kaleme ald\u0131\u011f\u0131 Salai&#8217;nin Yumurtas\u0131, okuru Roma sokaklar\u0131nda gizli bilgiler i\u00e7eren bir kitab\u0131n pe\u015finden s\u00fcr\u00fckl\u00fcyor. <\/p>\n","protected":false},"excerpt":{"rendered":"<p>Kitaplar\u0131 Avrupa \u00e7ap\u0131nda ses getiren, yazd\u0131klar\u0131 nedeniyle Vatikan&#8217;\u0131n tepkisini \u00e7eken ve kitaplar\u0131 art\u0131k kendi \u00fclkeleri \u0130talya&#8217;da yay\u0131mlanamayan R. Monaldi &amp; F. Sorti \u00e7iftinin son derece e\u011flenceli<span class=\"excerpt-hellip\"> [\u2026]<\/span><\/p>\n","protected":false},"featured_media":0,"template":"","meta":{"_monsterinsights_skip_tracking":false,"_monsterinsights_sitenote_active":false,"_monsterinsights_sitenote_note":"","_monsterinsights_sitenote_category":0},"product_brand":[],"product_cat":[12291,14218],"product_tag":[],"class_list":{"0":"post-690822","1":"product","2":"type-product","3":"status-publish","5":"product_cat-edebiyat","6":"product_cat-italyan-edebiyati","7":"pa_tur-kitap","8":"pa_yayinevi-kirmizi-kedi-yayinevi","9":"pa_yazar-rita-monaldi","11":"first","12":"instock","13":"sale","14":"shipping-taxable","15":"purchasable","16":"product-type-simple"},"_links":{"self":[{"href":"https:\/\/roveyayinevi.com.tr\/index.php\/wp-json\/wp\/v2\/product\/690822","targetHints":{"allow":["GET"]}}],"collection":[{"href":"https:\/\/roveyayinevi.com.tr\/index.php\/wp-json\/wp\/v2\/product"}],"about":[{"href":"https:\/\/roveyayinevi.com.tr\/index.php\/wp-json\/wp\/v2\/types\/product"}],"wp:attachment":[{"href":"https:\/\/roveyayinevi.com.tr\/index.php\/wp-json\/wp\/v2\/media?parent=690822"}],"wp:term":[{"taxonomy":"product_brand","embeddable":true,"href":"https:\/\/roveyayinevi.com.tr\/index.php\/wp-json\/wp\/v2\/product_brand?post=690822"},{"taxonomy":"product_cat","embeddable":true,"href":"https:\/\/roveyayinevi.com.tr\/index.php\/wp-json\/wp\/v2\/product_cat?post=690822"},{"taxonomy":"product_tag","embeddable":true,"href":"https:\/\/roveyayinevi.com.tr\/index.php\/wp-json\/wp\/v2\/product_tag?post=690822"}],"curies":[{"name":"wp","href":"https:\/\/api.w.org\/{rel}","templated":true}]}}