{"id":690815,"date":"2025-08-27T13:53:38","date_gmt":"2025-08-27T10:53:38","guid":{"rendered":"https:\/\/roveyayinevi.com.tr\/index.php\/urun\/butun-siirleri-2\/"},"modified":"2026-04-16T02:00:20","modified_gmt":"2026-04-15T23:00:20","slug":"butun-siirleri-2","status":"publish","type":"product","link":"https:\/\/roveyayinevi.com.tr\/index.php\/urun\/butun-siirleri-2\/","title":{"rendered":"B\u00fct\u00fcn \u015eiirleri 2"},"content":{"rendered":"<p>Babam gelirdi ve ak\u015fam olurdu. Bah\u00e7edeki akasya a\u011fac\u0131, g\u00fcn boyu biriktirdi\u011fi ku\u015flar\u0131, birer hayal topu olarak uzat\u0131rd\u0131 yata\u011f\u0131m\u0131za. Siyah-beyaz bir foto\u011fraf gibi gelirdi babam. Kamyonlar hep geceleri, hep uzaklara giderdi. Ben o zamanlar b\u00fct\u00fcn babalar\u0131 susar san\u0131rd\u0131m. Yaln\u0131zca gaz lambas\u0131yla konu\u015fan bir di\u015f g\u0131c\u0131rt\u0131s\u0131yd\u0131 babam. Kap\u0131lar titreyerek a\u00e7\u0131l\u0131r, titreyerek kapan\u0131rd\u0131. Tanr\u0131y\u0131 ve uzun konu\u015fanlar\u0131 sevmezdi hi\u00e7. Babamdan yap\u0131lm\u0131\u015f bir korkuydu d\u00fcnya. <\/p>\n","protected":false},"excerpt":{"rendered":"<p>Babam gelirdi ve ak\u015fam olurdu. Bah\u00e7edeki akasya a\u011fac\u0131, g\u00fcn boyu biriktirdi\u011fi ku\u015flar\u0131, birer hayal topu olarak uzat\u0131rd\u0131 yata\u011f\u0131m\u0131za. Siyah-beyaz bir foto\u011fraf gibi gelirdi babam. Kamyonlar hep<span class=\"excerpt-hellip\"> [\u2026]<\/span><\/p>\n","protected":false},"featured_media":0,"template":"","meta":{"_monsterinsights_skip_tracking":false,"_monsterinsights_sitenote_active":false,"_monsterinsights_sitenote_note":"","_monsterinsights_sitenote_category":0},"product_brand":[],"product_cat":[12291,12509],"product_tag":[],"class_list":{"0":"post-690815","1":"product","2":"type-product","3":"status-publish","5":"product_cat-edebiyat","6":"product_cat-siir","7":"pa_cilt-ciltsiz","8":"pa_tur-kitap","9":"pa_yayinevi-kirmizi-kedi-yayinevi","10":"pa_yazar-sukru-erbas","12":"first","13":"instock","14":"sale","15":"shipping-taxable","16":"purchasable","17":"product-type-simple"},"_links":{"self":[{"href":"https:\/\/roveyayinevi.com.tr\/index.php\/wp-json\/wp\/v2\/product\/690815","targetHints":{"allow":["GET"]}}],"collection":[{"href":"https:\/\/roveyayinevi.com.tr\/index.php\/wp-json\/wp\/v2\/product"}],"about":[{"href":"https:\/\/roveyayinevi.com.tr\/index.php\/wp-json\/wp\/v2\/types\/product"}],"wp:attachment":[{"href":"https:\/\/roveyayinevi.com.tr\/index.php\/wp-json\/wp\/v2\/media?parent=690815"}],"wp:term":[{"taxonomy":"product_brand","embeddable":true,"href":"https:\/\/roveyayinevi.com.tr\/index.php\/wp-json\/wp\/v2\/product_brand?post=690815"},{"taxonomy":"product_cat","embeddable":true,"href":"https:\/\/roveyayinevi.com.tr\/index.php\/wp-json\/wp\/v2\/product_cat?post=690815"},{"taxonomy":"product_tag","embeddable":true,"href":"https:\/\/roveyayinevi.com.tr\/index.php\/wp-json\/wp\/v2\/product_tag?post=690815"}],"curies":[{"name":"wp","href":"https:\/\/api.w.org\/{rel}","templated":true}]}}