{"id":690805,"date":"2025-08-27T13:53:37","date_gmt":"2025-08-27T10:53:37","guid":{"rendered":"https:\/\/roveyayinevi.com.tr\/index.php\/urun\/kurt-asiretleri-hakkinda-sosyolojik-tetkikler\/"},"modified":"2026-04-16T02:00:20","modified_gmt":"2026-04-15T23:00:20","slug":"kurt-asiretleri-hakkinda-sosyolojik-tetkikler","status":"publish","type":"product","link":"https:\/\/roveyayinevi.com.tr\/index.php\/urun\/kurt-asiretleri-hakkinda-sosyolojik-tetkikler\/","title":{"rendered":"K\u00fcrt A\u015firetleri Hakk\u0131nda Sosyolojik Tetkikler"},"content":{"rendered":"<p>Ziya G\u00f6kalp\u2019in   K\u00fcrt A\u015firetleri Hakk\u0131nda Sosyolojik Tetkikler   ba\u015fl\u0131kl\u0131 bu raporunda, Osmanl\u0131 idari yap\u0131s\u0131n\u0131n bozularak do\u011fuda feodal bir yap\u0131n\u0131n olu\u015fmas\u0131 Sultan Selim ve Sultan S\u00fcleyman devirlerine kadar g\u00f6t\u00fcr\u00fclmektedir. Ziya G\u00f6kalp bu feodal d\u00fczenin nas\u0131l yay\u0131l\u0131p yerle\u015fti\u011fini   Halk\u00e7\u0131l\u0131k   ba\u015fl\u0131kl\u0131 makalesinde yetkinlikle ele al\u0131r. \u0130dari yap\u0131n\u0131n bozulma nedenlerini iyi bildi\u011finden yeni kurulacak milli devletin s\u0131n\u0131rlar\u0131 i\u00e7erisinde herhangi bir muhtariyete, a\u015firet ve cemaat d\u00fczenine yer olmad\u0131\u011f\u0131n\u0131 ve olamayaca\u011f\u0131n\u0131 da biliyordu. Bu nedenle y\u00fczy\u0131llarca kapal\u0131 toplum halinde s\u00fcregelen bu yap\u0131n\u0131n sosyolojik ara\u015ft\u0131rmas\u0131n\u0131 yapma gere\u011fi duymu\u015ftur. <\/p>\n","protected":false},"excerpt":{"rendered":"<p>Ziya G\u00f6kalp\u2019in K\u00fcrt A\u015firetleri Hakk\u0131nda Sosyolojik Tetkikler ba\u015fl\u0131kl\u0131 bu raporunda, Osmanl\u0131 idari yap\u0131s\u0131n\u0131n bozularak do\u011fuda feodal bir yap\u0131n\u0131n olu\u015fmas\u0131 Sultan Selim ve Sultan S\u00fcleyman devirlerine kadar<span class=\"excerpt-hellip\"> [\u2026]<\/span><\/p>\n","protected":false},"featured_media":0,"template":"","meta":{"_monsterinsights_skip_tracking":false,"_monsterinsights_sitenote_active":false,"_monsterinsights_sitenote_note":"","_monsterinsights_sitenote_category":0},"product_brand":[],"product_cat":[12325,12324],"product_tag":[],"class_list":{"0":"post-690805","1":"product","2":"type-product","3":"status-publish","5":"product_cat-diger-sosyoloji","6":"product_cat-sosyoloji","7":"pa_cilt-ciltsiz","8":"pa_tur-kitap","9":"pa_yayinevi-kaynak-yayinlari","10":"pa_yazar-ziya-gokalp","12":"first","13":"instock","14":"sale","15":"shipping-taxable","16":"purchasable","17":"product-type-simple"},"_links":{"self":[{"href":"https:\/\/roveyayinevi.com.tr\/index.php\/wp-json\/wp\/v2\/product\/690805","targetHints":{"allow":["GET"]}}],"collection":[{"href":"https:\/\/roveyayinevi.com.tr\/index.php\/wp-json\/wp\/v2\/product"}],"about":[{"href":"https:\/\/roveyayinevi.com.tr\/index.php\/wp-json\/wp\/v2\/types\/product"}],"wp:attachment":[{"href":"https:\/\/roveyayinevi.com.tr\/index.php\/wp-json\/wp\/v2\/media?parent=690805"}],"wp:term":[{"taxonomy":"product_brand","embeddable":true,"href":"https:\/\/roveyayinevi.com.tr\/index.php\/wp-json\/wp\/v2\/product_brand?post=690805"},{"taxonomy":"product_cat","embeddable":true,"href":"https:\/\/roveyayinevi.com.tr\/index.php\/wp-json\/wp\/v2\/product_cat?post=690805"},{"taxonomy":"product_tag","embeddable":true,"href":"https:\/\/roveyayinevi.com.tr\/index.php\/wp-json\/wp\/v2\/product_tag?post=690805"}],"curies":[{"name":"wp","href":"https:\/\/api.w.org\/{rel}","templated":true}]}}