{"id":690801,"date":"2025-08-27T13:53:36","date_gmt":"2025-08-27T10:53:36","guid":{"rendered":"https:\/\/roveyayinevi.com.tr\/index.php\/urun\/genc-bir-romancinin-itiraflari\/"},"modified":"2026-04-16T02:00:20","modified_gmt":"2026-04-15T23:00:20","slug":"genc-bir-romancinin-itiraflari","status":"publish","type":"product","link":"https:\/\/roveyayinevi.com.tr\/index.php\/urun\/genc-bir-romancinin-itiraflari\/","title":{"rendered":"Gen\u00e7 Bir Romanc\u0131n\u0131n \u0130tiraflar\u0131"},"content":{"rendered":"<p>Romanc\u0131 ge\u00e7mi\u015fi otuz y\u0131l\u0131 bulmayan Umberto Eco bu nedenle kendini gen\u00e7 bir romanc\u0131 olarak niteliyor ve Gen\u00e7 Bir Romanc\u0131n\u0131n \u0130tiraflar\u0131&#8217;nda , felsefeci ve kuramc\u0131 olarak arkas\u0131nda b\u0131rakt\u0131\u011f\u0131 uzun kariyerlerinden \u00e7ok gen\u00e7 bir romanc\u0131 olarak ge\u00e7irdi\u011fi y\u0131llara bak\u0131yor; Eco bu iki alan\u0131 birlikte kullanmas\u0131n\u0131n kurmaca yap\u0131tlar\u0131ndaki verimli sonu\u00e7lar\u0131na e\u011filiyor. Kurmaca ile kurmaca d\u0131\u015f\u0131 aras\u0131ndaki s\u0131n\u0131r\u0131 ara\u015ft\u0131r\u0131p bu s\u0131n\u0131r\u0131n etraf\u0131nda keyifle, e\u011flenerek ve e\u011flendirerek, zekice yakla\u015f\u0131mlarla dola\u015f\u0131yor. Okuru kendi yarat\u0131c\u0131 y\u00f6ntemlerinde gezintiye \u00e7\u0131kar\u0131yor ve kendi roman d\u00fcnyas\u0131n\u0131 nas\u0131l yaratt\u0131\u011f\u0131n\u0131n ipu\u00e7lar\u0131n\u0131 veriyor. Orta\u00e7a\u011f uzman\u0131, felsefeci ve \u00e7a\u011fda\u015f edebiyat alan\u0131nda yetkili bir isim olan Umberto Eco, kurmaca yap\u0131tlardaki hayali kahramanlara ve ger\u00e7ek hayattaki alg\u0131lanmalar\u0131na da de\u011fi\u015fik bir a\u00e7\u0131dan yakla\u015f\u0131yor. G\u00fcn\u00fcm\u00fcz\u00fcn en se\u00e7kin yazarlar\u0131ndan olan Umberto Eco&#8217;nun yarat\u0131c\u0131l\u0131\u011f\u0131n\u0131n arka plan\u0131n\u0131 merak edenler i\u00e7in e\u011flendirirken bilgilendiren bu k\u00fc\u00e7\u00fck kitap bir hazine. <\/p>\n","protected":false},"excerpt":{"rendered":"<p>Romanc\u0131 ge\u00e7mi\u015fi otuz y\u0131l\u0131 bulmayan Umberto Eco bu nedenle kendini gen\u00e7 bir romanc\u0131 olarak niteliyor ve Gen\u00e7 Bir Romanc\u0131n\u0131n \u0130tiraflar\u0131&#8217;nda , felsefeci ve kuramc\u0131 olarak arkas\u0131nda<span class=\"excerpt-hellip\"> [\u2026]<\/span><\/p>\n","protected":false},"featured_media":0,"template":"","meta":{"_monsterinsights_skip_tracking":false,"_monsterinsights_sitenote_active":false,"_monsterinsights_sitenote_note":"","_monsterinsights_sitenote_category":0},"product_brand":[],"product_cat":[12777,12291],"product_tag":[],"class_list":{"0":"post-690801","1":"product","2":"type-product","3":"status-publish","5":"product_cat-deneme","6":"product_cat-edebiyat","7":"pa_cilt-ciltsiz","8":"pa_tur-kitap","9":"pa_yayinevi-kirmizi-kedi-yayinevi","10":"pa_yazar-umberto-eco","12":"first","13":"instock","14":"sale","15":"shipping-taxable","16":"purchasable","17":"product-type-simple"},"_links":{"self":[{"href":"https:\/\/roveyayinevi.com.tr\/index.php\/wp-json\/wp\/v2\/product\/690801","targetHints":{"allow":["GET"]}}],"collection":[{"href":"https:\/\/roveyayinevi.com.tr\/index.php\/wp-json\/wp\/v2\/product"}],"about":[{"href":"https:\/\/roveyayinevi.com.tr\/index.php\/wp-json\/wp\/v2\/types\/product"}],"wp:attachment":[{"href":"https:\/\/roveyayinevi.com.tr\/index.php\/wp-json\/wp\/v2\/media?parent=690801"}],"wp:term":[{"taxonomy":"product_brand","embeddable":true,"href":"https:\/\/roveyayinevi.com.tr\/index.php\/wp-json\/wp\/v2\/product_brand?post=690801"},{"taxonomy":"product_cat","embeddable":true,"href":"https:\/\/roveyayinevi.com.tr\/index.php\/wp-json\/wp\/v2\/product_cat?post=690801"},{"taxonomy":"product_tag","embeddable":true,"href":"https:\/\/roveyayinevi.com.tr\/index.php\/wp-json\/wp\/v2\/product_tag?post=690801"}],"curies":[{"name":"wp","href":"https:\/\/api.w.org\/{rel}","templated":true}]}}