{"id":690797,"date":"2025-08-27T13:53:35","date_gmt":"2025-08-27T10:53:35","guid":{"rendered":"https:\/\/roveyayinevi.com.tr\/index.php\/urun\/turk-rus-diplomasisinden-gizli-sayfalar\/"},"modified":"2026-04-16T02:00:20","modified_gmt":"2026-04-15T23:00:20","slug":"turk-rus-diplomasisinden-gizli-sayfalar","status":"publish","type":"product","link":"https:\/\/roveyayinevi.com.tr\/index.php\/urun\/turk-rus-diplomasisinden-gizli-sayfalar\/","title":{"rendered":"T\u00fcrk-Rus Diplomasisinden Gizli Sayfalar"},"content":{"rendered":"<p>Mehmet Perin\u00e7ek\u2019in Rusya\u2019daki ar\u015fivlerden yararlanarak haz\u0131rlad\u0131\u011f\u0131 bu \u00e7al\u0131\u015fmada incelenen konular ve ortaya konulan belgeler, Osmanl\u0131-\u00c7arl\u0131k, Kurtulu\u015f Sava\u015f\u0131\/Cumhuriyet-Sovyet d\u00f6nemlerine aittir. <\/p>\n","protected":false},"excerpt":{"rendered":"<p>Mehmet Perin\u00e7ek\u2019in Rusya\u2019daki ar\u015fivlerden yararlanarak haz\u0131rlad\u0131\u011f\u0131 bu \u00e7al\u0131\u015fmada incelenen konular ve ortaya konulan belgeler, Osmanl\u0131-\u00c7arl\u0131k, Kurtulu\u015f Sava\u015f\u0131\/Cumhuriyet-Sovyet d\u00f6nemlerine aittir.<\/p>\n","protected":false},"featured_media":0,"template":"","meta":{"_monsterinsights_skip_tracking":false,"_monsterinsights_sitenote_active":false,"_monsterinsights_sitenote_note":"","_monsterinsights_sitenote_category":0},"product_brand":[],"product_cat":[13517,12304],"product_tag":[],"class_list":{"0":"post-690797","1":"product","2":"type-product","3":"status-publish","5":"product_cat-osmanli-tarihi","6":"product_cat-tarih","7":"pa_tur-kitap","8":"pa_yayinevi-kaynak-yayinlari","9":"pa_yazar-mehmet-perincek","11":"first","12":"instock","13":"sale","14":"shipping-taxable","15":"purchasable","16":"product-type-simple"},"_links":{"self":[{"href":"https:\/\/roveyayinevi.com.tr\/index.php\/wp-json\/wp\/v2\/product\/690797","targetHints":{"allow":["GET"]}}],"collection":[{"href":"https:\/\/roveyayinevi.com.tr\/index.php\/wp-json\/wp\/v2\/product"}],"about":[{"href":"https:\/\/roveyayinevi.com.tr\/index.php\/wp-json\/wp\/v2\/types\/product"}],"wp:attachment":[{"href":"https:\/\/roveyayinevi.com.tr\/index.php\/wp-json\/wp\/v2\/media?parent=690797"}],"wp:term":[{"taxonomy":"product_brand","embeddable":true,"href":"https:\/\/roveyayinevi.com.tr\/index.php\/wp-json\/wp\/v2\/product_brand?post=690797"},{"taxonomy":"product_cat","embeddable":true,"href":"https:\/\/roveyayinevi.com.tr\/index.php\/wp-json\/wp\/v2\/product_cat?post=690797"},{"taxonomy":"product_tag","embeddable":true,"href":"https:\/\/roveyayinevi.com.tr\/index.php\/wp-json\/wp\/v2\/product_tag?post=690797"}],"curies":[{"name":"wp","href":"https:\/\/api.w.org\/{rel}","templated":true}]}}