{"id":690793,"date":"2025-08-27T13:53:34","date_gmt":"2025-08-27T10:53:34","guid":{"rendered":"https:\/\/roveyayinevi.com.tr\/index.php\/urun\/bir-uzak-dus\/"},"modified":"2026-04-16T02:00:20","modified_gmt":"2026-04-15T23:00:20","slug":"bir-uzak-dus","status":"publish","type":"product","link":"https:\/\/roveyayinevi.com.tr\/index.php\/urun\/bir-uzak-dus\/","title":{"rendered":"Bir Uzak D\u00fc\u015f"},"content":{"rendered":"<p>Babalar\u0131n\u0131n \u00f6l\u00fcm\u00fcnden sonra annelerinin de kendilerini terk etmesiyle kimsesiz kalan, ayr\u0131 ailerin yan\u0131na verilen ve gittik\u00e7e hi\u00e7bir yere s\u0131\u011famayan iki karde\u015f. Ne yapsalar sevemedikleri ve onlar\u0131 sevmeyen bir d\u00fcnya. <\/p>\n","protected":false},"excerpt":{"rendered":"<p>Babalar\u0131n\u0131n \u00f6l\u00fcm\u00fcnden sonra annelerinin de kendilerini terk etmesiyle kimsesiz kalan, ayr\u0131 ailerin yan\u0131na verilen ve gittik\u00e7e hi\u00e7bir yere s\u0131\u011famayan iki karde\u015f. Ne yapsalar sevemedikleri ve onlar\u0131<span class=\"excerpt-hellip\"> [\u2026]<\/span><\/p>\n","protected":false},"featured_media":0,"template":"","meta":{"_monsterinsights_skip_tracking":false,"_monsterinsights_sitenote_active":false,"_monsterinsights_sitenote_note":"","_monsterinsights_sitenote_category":0},"product_brand":[],"product_cat":[12291,12292],"product_tag":[],"class_list":{"0":"post-690793","1":"product","2":"type-product","3":"status-publish","5":"product_cat-edebiyat","6":"product_cat-turk-edebiyati","7":"pa_tur-kitap","8":"pa_yayinevi-kirmizi-kedi-yayinevi","9":"pa_yazar-yusuf-copur","11":"first","12":"instock","13":"sale","14":"shipping-taxable","15":"purchasable","16":"product-type-simple"},"_links":{"self":[{"href":"https:\/\/roveyayinevi.com.tr\/index.php\/wp-json\/wp\/v2\/product\/690793","targetHints":{"allow":["GET"]}}],"collection":[{"href":"https:\/\/roveyayinevi.com.tr\/index.php\/wp-json\/wp\/v2\/product"}],"about":[{"href":"https:\/\/roveyayinevi.com.tr\/index.php\/wp-json\/wp\/v2\/types\/product"}],"wp:attachment":[{"href":"https:\/\/roveyayinevi.com.tr\/index.php\/wp-json\/wp\/v2\/media?parent=690793"}],"wp:term":[{"taxonomy":"product_brand","embeddable":true,"href":"https:\/\/roveyayinevi.com.tr\/index.php\/wp-json\/wp\/v2\/product_brand?post=690793"},{"taxonomy":"product_cat","embeddable":true,"href":"https:\/\/roveyayinevi.com.tr\/index.php\/wp-json\/wp\/v2\/product_cat?post=690793"},{"taxonomy":"product_tag","embeddable":true,"href":"https:\/\/roveyayinevi.com.tr\/index.php\/wp-json\/wp\/v2\/product_tag?post=690793"}],"curies":[{"name":"wp","href":"https:\/\/api.w.org\/{rel}","templated":true}]}}