{"id":690784,"date":"2025-08-27T13:53:33","date_gmt":"2025-08-27T10:53:33","guid":{"rendered":"https:\/\/roveyayinevi.com.tr\/index.php\/urun\/kayip-kita-atlantis\/"},"modified":"2026-04-16T02:00:20","modified_gmt":"2026-04-15T23:00:20","slug":"kayip-kita-atlantis","status":"publish","type":"product","link":"https:\/\/roveyayinevi.com.tr\/index.php\/urun\/kayip-kita-atlantis\/","title":{"rendered":"Kay\u0131p K\u0131ta Atlantis"},"content":{"rendered":"<p>Yakla\u015f\u0131k 2500 y\u0131ld\u0131r insanlar Atlantis\u2019in pe\u015finde. Platon\u2019dan beri say\u0131s\u0131z insan bu \u201cKay\u0131p K\u0131ta\u201dy\u0131 bulmak \u00fczere oldu\u011funu s\u00f6yl\u00fcyor. Onu Kuzey Denizi\u2019nde arayanlar da var Atlantik Okyanusu\u2019nda da. Ama sonu\u00e7 hi\u00e7 de\u011fi\u015fmiyor ve Atlantis bilinmezli\u011fini koruyor. Yine de bu kay\u0131p k\u0131ta, Antik \u00c7a\u011f\u2019a ait hi\u00e7bir efsanenin ula\u015famad\u0131\u011f\u0131 bir pop\u00fclerli\u011fe sahip.   \u00dcnl\u00fc tarih\u00e7i Pierre Vidal-Naquet elinizdeki kitapta Atlantis \u00fczerindeki esrar perdesini aral\u0131yor. Platon\u2019dan g\u00fcn\u00fcm\u00fcze kadar Atlantis efsanesinin izini kovalayan  Vidal-Naquet bu kapsaml\u0131 \u00e7al\u0131\u015fmas\u0131nda antik \u00e7a\u011flardan H\u0131ristiyanl\u0131\u011f\u0131n do\u011fu\u015funa, Ayd\u0131nlanma\u2019dan ezoterik ak\u0131mlara, Jules Verne\u2019den Geogres Perec\u2019e kadar Atlantis\u2019in ilgin\u00e7 ve e\u011flenceli \u00f6yk\u00fcs\u00fcn\u00fc inceliyor. Frans\u0131zlar\u0131n, \u0130skandinavyal\u0131lar\u0131n, \u0130talyanlar\u0131n ve en sonunda da Nazilerin Atlantis\u2019i nerelerde ve hangi gerek\u00e7elerle arad\u0131klar\u0131n\u0131 anlat\u0131yor. Okuyucuyu filozoflardan, iyi niyetli ama saf ara\u015ft\u0131rmac\u0131lardan ve \u015farlatanlardan olu\u015fan b\u00fcy\u00fck bir galeride dola\u015ft\u0131r\u0131yor. <\/p>\n","protected":false},"excerpt":{"rendered":"<p>Yakla\u015f\u0131k 2500 y\u0131ld\u0131r insanlar Atlantis\u2019in pe\u015finde. Platon\u2019dan beri say\u0131s\u0131z insan bu \u201cKay\u0131p K\u0131ta\u201dy\u0131 bulmak \u00fczere oldu\u011funu s\u00f6yl\u00fcyor. Onu Kuzey Denizi\u2019nde arayanlar da var Atlantik Okyanusu\u2019nda da.<span class=\"excerpt-hellip\"> [\u2026]<\/span><\/p>\n","protected":false},"featured_media":0,"template":"","meta":{"_monsterinsights_skip_tracking":false,"_monsterinsights_sitenote_active":false,"_monsterinsights_sitenote_note":"","_monsterinsights_sitenote_category":0},"product_brand":[],"product_cat":[12370,12304],"product_tag":[],"class_list":{"0":"post-690784","1":"product","2":"type-product","3":"status-publish","5":"product_cat-arastirma-inceleme","6":"product_cat-tarih","7":"pa_cilt-ciltsiz","8":"pa_tur-kitap","9":"pa_yayinevi-kirmizi-kedi-yayinevi","10":"pa_yazar-pierre-vidal-naquet","12":"first","13":"instock","14":"sale","15":"shipping-taxable","16":"purchasable","17":"product-type-simple"},"_links":{"self":[{"href":"https:\/\/roveyayinevi.com.tr\/index.php\/wp-json\/wp\/v2\/product\/690784","targetHints":{"allow":["GET"]}}],"collection":[{"href":"https:\/\/roveyayinevi.com.tr\/index.php\/wp-json\/wp\/v2\/product"}],"about":[{"href":"https:\/\/roveyayinevi.com.tr\/index.php\/wp-json\/wp\/v2\/types\/product"}],"wp:attachment":[{"href":"https:\/\/roveyayinevi.com.tr\/index.php\/wp-json\/wp\/v2\/media?parent=690784"}],"wp:term":[{"taxonomy":"product_brand","embeddable":true,"href":"https:\/\/roveyayinevi.com.tr\/index.php\/wp-json\/wp\/v2\/product_brand?post=690784"},{"taxonomy":"product_cat","embeddable":true,"href":"https:\/\/roveyayinevi.com.tr\/index.php\/wp-json\/wp\/v2\/product_cat?post=690784"},{"taxonomy":"product_tag","embeddable":true,"href":"https:\/\/roveyayinevi.com.tr\/index.php\/wp-json\/wp\/v2\/product_tag?post=690784"}],"curies":[{"name":"wp","href":"https:\/\/api.w.org\/{rel}","templated":true}]}}