{"id":690783,"date":"2025-08-27T13:53:32","date_gmt":"2025-08-27T10:53:32","guid":{"rendered":"https:\/\/roveyayinevi.com.tr\/index.php\/urun\/keder-gibi-odunc\/"},"modified":"2026-04-16T02:00:20","modified_gmt":"2026-04-15T23:00:20","slug":"keder-gibi-odunc","status":"publish","type":"product","link":"https:\/\/roveyayinevi.com.tr\/index.php\/urun\/keder-gibi-odunc\/","title":{"rendered":"Keder Gibi \u00d6d\u00fcn\u00e7"},"content":{"rendered":"<p>Keder gibi \u00f6d\u00fcn\u00e7kahkaha gibi karanl\u0131kne\u015f\u2019e gibi yapraks\u0131zve kasaba gibi ak\u015fams\u0131zbu \u015fiir pe\u015fimdenbir ba\u015fkas\u0131 gibi geldive ben yaln\u0131zcam\u0131r\u0131ldand\u0131m onum\u0131r\u0131ldanmak belki deyetinmektir diye\u015fiir yerine \u00f6d\u00fcn\u00e7kederle\u2026 <\/p>\n","protected":false},"excerpt":{"rendered":"<p>Keder gibi \u00f6d\u00fcn\u00e7kahkaha gibi karanl\u0131kne\u015f\u2019e gibi yapraks\u0131zve kasaba gibi ak\u015fams\u0131zbu \u015fiir pe\u015fimdenbir ba\u015fkas\u0131 gibi geldive ben yaln\u0131zcam\u0131r\u0131ldand\u0131m onum\u0131r\u0131ldanmak belki deyetinmektir diye\u015fiir yerine \u00f6d\u00fcn\u00e7kederle\u2026<\/p>\n","protected":false},"featured_media":0,"template":"","meta":{"_monsterinsights_skip_tracking":false,"_monsterinsights_sitenote_active":false,"_monsterinsights_sitenote_note":"","_monsterinsights_sitenote_category":0},"product_brand":[],"product_cat":[12291,12509],"product_tag":[],"class_list":{"0":"post-690783","1":"product","2":"type-product","3":"status-publish","5":"product_cat-edebiyat","6":"product_cat-siir","7":"pa_cilt-ciltsiz","8":"pa_tur-kitap","9":"pa_yayinevi-kirmizi-kedi-yayinevi","10":"pa_yazar-haydar-ergulen","12":"first","13":"instock","14":"sale","15":"shipping-taxable","16":"purchasable","17":"product-type-simple"},"_links":{"self":[{"href":"https:\/\/roveyayinevi.com.tr\/index.php\/wp-json\/wp\/v2\/product\/690783","targetHints":{"allow":["GET"]}}],"collection":[{"href":"https:\/\/roveyayinevi.com.tr\/index.php\/wp-json\/wp\/v2\/product"}],"about":[{"href":"https:\/\/roveyayinevi.com.tr\/index.php\/wp-json\/wp\/v2\/types\/product"}],"wp:attachment":[{"href":"https:\/\/roveyayinevi.com.tr\/index.php\/wp-json\/wp\/v2\/media?parent=690783"}],"wp:term":[{"taxonomy":"product_brand","embeddable":true,"href":"https:\/\/roveyayinevi.com.tr\/index.php\/wp-json\/wp\/v2\/product_brand?post=690783"},{"taxonomy":"product_cat","embeddable":true,"href":"https:\/\/roveyayinevi.com.tr\/index.php\/wp-json\/wp\/v2\/product_cat?post=690783"},{"taxonomy":"product_tag","embeddable":true,"href":"https:\/\/roveyayinevi.com.tr\/index.php\/wp-json\/wp\/v2\/product_tag?post=690783"}],"curies":[{"name":"wp","href":"https:\/\/api.w.org\/{rel}","templated":true}]}}