{"id":690776,"date":"2025-08-27T13:53:31","date_gmt":"2025-08-27T10:53:31","guid":{"rendered":"https:\/\/roveyayinevi.com.tr\/index.php\/urun\/ittihat-ve-terakki-1908-1914\/"},"modified":"2026-04-16T02:00:19","modified_gmt":"2026-04-15T23:00:19","slug":"ittihat-ve-terakki-1908-1914","status":"publish","type":"product","link":"https:\/\/roveyayinevi.com.tr\/index.php\/urun\/ittihat-ve-terakki-1908-1914\/","title":{"rendered":"\u0130ttihat ve Terakki 1908-1914"},"content":{"rendered":"<p>Ge\u00e7 d\u00f6nem Osmanl\u0131 \u0130mparatorlu\u011fu ve modern T\u00fcrkiye tarihi uzman\u0131 Feroz Ahmad bu kitab\u0131nda, \u0130ttihat ve Terakki Cemiyeti\u2019ni 1908-1914 d\u00f6nemi i\u00e7inde ele al\u0131yor. \u0130lk kez 1969 y\u0131l\u0131nda, The Young Turks ad\u0131yla \u0130ngilizce olarakyay\u0131mlanan \u00e7al\u0131\u015fmada Ahmad, \u015fu sorulara cevap ar\u0131yor: Osmanl\u0131 \u0130mparatorlu\u011fu\u2019nun son d\u00f6nemindeki hangi geli\u015fmeler \u0130ttihat ve Terakki Cemiyeti\u2019ni iktidar oda\u011f\u0131 haline getirmi\u015ftir? <\/p>\n","protected":false},"excerpt":{"rendered":"<p>Ge\u00e7 d\u00f6nem Osmanl\u0131 \u0130mparatorlu\u011fu ve modern T\u00fcrkiye tarihi uzman\u0131 Feroz Ahmad bu kitab\u0131nda, \u0130ttihat ve Terakki Cemiyeti\u2019ni 1908-1914 d\u00f6nemi i\u00e7inde ele al\u0131yor. \u0130lk kez 1969 y\u0131l\u0131nda,<span class=\"excerpt-hellip\"> [\u2026]<\/span><\/p>\n","protected":false},"featured_media":0,"template":"","meta":{"_monsterinsights_skip_tracking":false,"_monsterinsights_sitenote_active":false,"_monsterinsights_sitenote_note":"","_monsterinsights_sitenote_category":0},"product_brand":[],"product_cat":[13517,12304],"product_tag":[],"class_list":{"0":"post-690776","1":"product","2":"type-product","3":"status-publish","5":"product_cat-osmanli-tarihi","6":"product_cat-tarih","7":"pa_cilt-ciltsiz","8":"pa_tur-kitap","9":"pa_yayinevi-kaynak-yayinlari","10":"pa_yazar-feroz-ahmad","12":"first","13":"instock","14":"sale","15":"shipping-taxable","16":"purchasable","17":"product-type-simple"},"_links":{"self":[{"href":"https:\/\/roveyayinevi.com.tr\/index.php\/wp-json\/wp\/v2\/product\/690776","targetHints":{"allow":["GET"]}}],"collection":[{"href":"https:\/\/roveyayinevi.com.tr\/index.php\/wp-json\/wp\/v2\/product"}],"about":[{"href":"https:\/\/roveyayinevi.com.tr\/index.php\/wp-json\/wp\/v2\/types\/product"}],"wp:attachment":[{"href":"https:\/\/roveyayinevi.com.tr\/index.php\/wp-json\/wp\/v2\/media?parent=690776"}],"wp:term":[{"taxonomy":"product_brand","embeddable":true,"href":"https:\/\/roveyayinevi.com.tr\/index.php\/wp-json\/wp\/v2\/product_brand?post=690776"},{"taxonomy":"product_cat","embeddable":true,"href":"https:\/\/roveyayinevi.com.tr\/index.php\/wp-json\/wp\/v2\/product_cat?post=690776"},{"taxonomy":"product_tag","embeddable":true,"href":"https:\/\/roveyayinevi.com.tr\/index.php\/wp-json\/wp\/v2\/product_tag?post=690776"}],"curies":[{"name":"wp","href":"https:\/\/api.w.org\/{rel}","templated":true}]}}