{"id":690769,"date":"2025-08-27T13:53:30","date_gmt":"2025-08-27T10:53:30","guid":{"rendered":"https:\/\/roveyayinevi.com.tr\/index.php\/urun\/hinzir-can-cevre-dostu\/"},"modified":"2026-04-16T02:00:19","modified_gmt":"2026-04-15T23:00:19","slug":"hinzir-can-cevre-dostu","status":"publish","type":"product","link":"https:\/\/roveyayinevi.com.tr\/index.php\/urun\/hinzir-can-cevre-dostu\/","title":{"rendered":"H\u0131nz\u0131r Can &#8211; \u00c7evre Dostu"},"content":{"rendered":"<p>H\u0131nz\u0131r Can&#8230; O bir  Can&#8217;l\u0131 yay\u0131n &#8230; O bir haz\u0131rcevap fabrikas\u0131!.. O bir zamane f\u0131rlamas\u0131!..  H\u0131nz\u0131r Can  bu kitapla sizlere ilk kez  merhaba  derken kar\u015f\u0131n\u0131za \u00e7evre dostu bir \u00e7ocuk olarak \u00e7\u0131k\u0131yor. \u00c7evremizi saran sorunlara kendince \u00e7\u00f6z\u00fcmler, \u00f6neriler \u00fcretiyor, kendince tepkiler veriyor&#8230; H\u0131nz\u0131r Can, bu kitapta, \u00fclkemizde bir t\u00fcrl\u00fc olu\u015fmayan \u00e7evre bilincine, k\u00fc\u00e7\u00fck bir katk\u0131 i\u00e7in yak\u0131n \u00e7evrenizde dolan\u0131p duruyor&#8230; G\u00fcn\u00fcm\u00fcz T\u00fcrk mizah edebiyat\u0131n\u0131n kendine \u00f6zg\u00fc bir \u00fcslup yaratm\u0131\u015f usta kalemlerinden Cihan Demirci, hem yazar hem de \u00e7izer kimli\u011fiyle son y\u0131llarda \u00e7ocuklar i\u00e7in \u00fcretti\u011fi kitaplara  H\u0131nz\u0131r Can \u00c7evre Dostu yla bir yenisini ekliyor&#8230; O y\u0131llard\u0131r s\u00f6yle\u015fi. at\u00f6lye \u00e7al\u0131\u015fmas\u0131 ve imza g\u00fcnleri i\u00e7in gitti\u011fi okullarda  H\u0131nz\u0131r Can  benzeri; duyarl\u0131, haz\u0131rcevap ve hiperaktif g\u00fc\u00e7 kayna\u011f\u0131 \u00e7ocuklarla bir araya geldi.  H\u0131nz\u0131r Can  da zaten y\u0131llar s\u00fcren bu g\u00f6zlemlerin sonucunda olu\u015ftu. Cihan Demirci, bug\u00fcn\u00fcn \u00e7ocu\u011funun \u00e7evreyle dostluk kurabilme \u00e7abalar\u0131ndan renkli, e\u011flenceli ve d\u00fc\u015f\u00fcnd\u00fcren kesitler sunuyor bizlere.  H\u0131nz\u0131r Can \u00c7evre Dostu&#8217;nu  sadece bug\u00fcn\u00fcn zeki, enerjik \u00e7ocuklar\u0131 de\u011fil, i\u00e7indeki \u00e7ocu\u011fu hen\u00fcz yitirmemi\u015f b\u00fcy\u00fckleri de keyifle bir solukta okuyabilir!.. H\u0131nz\u0131r Can&#8217;\u0131n ser\u00fcvenleri ba\u015fka kitaplarda da devam edecek. <\/p>\n","protected":false},"excerpt":{"rendered":"<p>H\u0131nz\u0131r Can&#8230; O bir Can&#8217;l\u0131 yay\u0131n &#8230; O bir haz\u0131rcevap fabrikas\u0131!.. O bir zamane f\u0131rlamas\u0131!.. H\u0131nz\u0131r Can bu kitapla sizlere ilk kez merhaba derken kar\u015f\u0131n\u0131za \u00e7evre<span class=\"excerpt-hellip\"> [\u2026]<\/span><\/p>\n","protected":false},"featured_media":0,"template":"","meta":{"_monsterinsights_skip_tracking":false,"_monsterinsights_sitenote_active":false,"_monsterinsights_sitenote_note":"","_monsterinsights_sitenote_category":0},"product_brand":[],"product_cat":[12275,12274],"product_tag":[],"class_list":{"0":"post-690769","1":"product","2":"type-product","3":"status-publish","5":"product_cat-6-12-yas-kitaplari","6":"product_cat-cocuk-ve-genclik-kitaplari","7":"pa_cilt-ciltsiz","8":"pa_tur-kitap","9":"pa_yayinevi-kirmizi-kedi-yayinevi","10":"pa_yazar-cihan-demirci","12":"first","13":"instock","14":"sale","15":"shipping-taxable","16":"purchasable","17":"product-type-simple"},"_links":{"self":[{"href":"https:\/\/roveyayinevi.com.tr\/index.php\/wp-json\/wp\/v2\/product\/690769","targetHints":{"allow":["GET"]}}],"collection":[{"href":"https:\/\/roveyayinevi.com.tr\/index.php\/wp-json\/wp\/v2\/product"}],"about":[{"href":"https:\/\/roveyayinevi.com.tr\/index.php\/wp-json\/wp\/v2\/types\/product"}],"wp:attachment":[{"href":"https:\/\/roveyayinevi.com.tr\/index.php\/wp-json\/wp\/v2\/media?parent=690769"}],"wp:term":[{"taxonomy":"product_brand","embeddable":true,"href":"https:\/\/roveyayinevi.com.tr\/index.php\/wp-json\/wp\/v2\/product_brand?post=690769"},{"taxonomy":"product_cat","embeddable":true,"href":"https:\/\/roveyayinevi.com.tr\/index.php\/wp-json\/wp\/v2\/product_cat?post=690769"},{"taxonomy":"product_tag","embeddable":true,"href":"https:\/\/roveyayinevi.com.tr\/index.php\/wp-json\/wp\/v2\/product_tag?post=690769"}],"curies":[{"name":"wp","href":"https:\/\/api.w.org\/{rel}","templated":true}]}}