{"id":690763,"date":"2025-08-27T13:53:29","date_gmt":"2025-08-27T10:53:29","guid":{"rendered":"https:\/\/roveyayinevi.com.tr\/index.php\/urun\/ataturk-ihtilali-1-2\/"},"modified":"2026-04-16T02:00:19","modified_gmt":"2026-04-15T23:00:19","slug":"ataturk-ihtilali-1-2","status":"publish","type":"product","link":"https:\/\/roveyayinevi.com.tr\/index.php\/urun\/ataturk-ihtilali-1-2\/","title":{"rendered":"Atat\u00fcrk \u0130htilali 1-2"},"content":{"rendered":"<p>Mahmut Esat Bozkurt, Kemalizmin en \u00f6nemli teorisyenlerinden biridir. Atat\u00fcrk \u0130htilali adl\u0131 bu eser, Atat\u00fcrk&#8217;\u00fcn direktifiyle Mahmut Esat Bozkurt&#8217;un \u0130stanbul \u00dcniversitesi&#8217;nde vermi\u015f oldu\u011fu konferanslardan derlenmi\u015ftir. \ufffcTan\u0131t\u0131m Metni<\/p>\n","protected":false},"excerpt":{"rendered":"<p>Mahmut Esat Bozkurt, Kemalizmin en \u00f6nemli teorisyenlerinden biridir. Atat\u00fcrk \u0130htilali adl\u0131 bu eser, Atat\u00fcrk&#8217;\u00fcn direktifiyle Mahmut Esat Bozkurt&#8217;un \u0130stanbul \u00dcniversitesi&#8217;nde vermi\u015f oldu\u011fu konferanslardan derlenmi\u015ftir. \ufffcTan\u0131t\u0131m Metni<\/p>\n","protected":false},"featured_media":0,"template":"","meta":{"_monsterinsights_skip_tracking":false,"_monsterinsights_sitenote_active":false,"_monsterinsights_sitenote_note":"","_monsterinsights_sitenote_category":0},"product_brand":[],"product_cat":[12530,12304],"product_tag":[],"class_list":{"0":"post-690763","1":"product","2":"type-product","3":"status-publish","5":"product_cat-mustafa-kemal-ataturk","6":"product_cat-tarih","7":"pa_cilt-ciltli","8":"pa_tur-kitap","9":"pa_yayinevi-kaynak-yayinlari","10":"pa_yazar-mahmut-esat-bozkurt","12":"first","13":"instock","14":"sale","15":"shipping-taxable","16":"purchasable","17":"product-type-simple"},"_links":{"self":[{"href":"https:\/\/roveyayinevi.com.tr\/index.php\/wp-json\/wp\/v2\/product\/690763","targetHints":{"allow":["GET"]}}],"collection":[{"href":"https:\/\/roveyayinevi.com.tr\/index.php\/wp-json\/wp\/v2\/product"}],"about":[{"href":"https:\/\/roveyayinevi.com.tr\/index.php\/wp-json\/wp\/v2\/types\/product"}],"wp:attachment":[{"href":"https:\/\/roveyayinevi.com.tr\/index.php\/wp-json\/wp\/v2\/media?parent=690763"}],"wp:term":[{"taxonomy":"product_brand","embeddable":true,"href":"https:\/\/roveyayinevi.com.tr\/index.php\/wp-json\/wp\/v2\/product_brand?post=690763"},{"taxonomy":"product_cat","embeddable":true,"href":"https:\/\/roveyayinevi.com.tr\/index.php\/wp-json\/wp\/v2\/product_cat?post=690763"},{"taxonomy":"product_tag","embeddable":true,"href":"https:\/\/roveyayinevi.com.tr\/index.php\/wp-json\/wp\/v2\/product_tag?post=690763"}],"curies":[{"name":"wp","href":"https:\/\/api.w.org\/{rel}","templated":true}]}}