{"id":690762,"date":"2025-08-27T13:53:29","date_gmt":"2025-08-27T10:53:29","guid":{"rendered":"https:\/\/roveyayinevi.com.tr\/index.php\/urun\/hedefteki-donanma\/"},"modified":"2026-04-16T02:00:19","modified_gmt":"2026-04-15T23:00:19","slug":"hedefteki-donanma","status":"publish","type":"product","link":"https:\/\/roveyayinevi.com.tr\/index.php\/urun\/hedefteki-donanma\/","title":{"rendered":"Hedefteki Donanma"},"content":{"rendered":"<p>T\u00fcrk Deniz Kuvvetleri son d\u00f6rt y\u0131ld\u0131r davalarla sars\u0131l\u0131yor. Meydaya ba\u015flat\u0131lan lin\u00e7 kampanyas\u0131n\u0131n ard\u0131ndan donanman\u0131n komuta kademesi neredeyse tasfiye edildi. 40&#8217;tan fazla amiral tutukland\u0131. Soru\u015fturulan subaylar\u0131n say\u0131s\u0131 y\u00fczlerle, ad\u0131 davalara kar\u0131\u015fanlar binlerle ifade ediliyor. Peki ama neden? Tarihinin alt\u0131n \u00e7a\u011f\u0131n\u0131 ya\u015fayan Cumhuriyet Donanmas\u0131 neden hedef tahtas\u0131na konuldu? \ufffcTan\u0131t\u0131m Metni<\/p>\n","protected":false},"excerpt":{"rendered":"<p>T\u00fcrk Deniz Kuvvetleri son d\u00f6rt y\u0131ld\u0131r davalarla sars\u0131l\u0131yor. Meydaya ba\u015flat\u0131lan lin\u00e7 kampanyas\u0131n\u0131n ard\u0131ndan donanman\u0131n komuta kademesi neredeyse tasfiye edildi. 40&#8217;tan fazla amiral tutukland\u0131. Soru\u015fturulan subaylar\u0131n say\u0131s\u0131<span class=\"excerpt-hellip\"> [\u2026]<\/span><\/p>\n","protected":false},"featured_media":0,"template":"","meta":{"_monsterinsights_skip_tracking":false,"_monsterinsights_sitenote_active":false,"_monsterinsights_sitenote_note":"","_monsterinsights_sitenote_category":0},"product_brand":[],"product_cat":[12965,12337],"product_tag":[],"class_list":{"0":"post-690762","1":"product","2":"type-product","3":"status-publish","5":"product_cat-genel-politika","6":"product_cat-politika-siyaset","7":"pa_cilt-ciltsiz","8":"pa_tur-kitap","9":"pa_yayinevi-kirmizi-kedi-yayinevi","10":"pa_yazar-cem-gurdeniz","12":"first","13":"instock","14":"sale","15":"shipping-taxable","16":"purchasable","17":"product-type-simple"},"_links":{"self":[{"href":"https:\/\/roveyayinevi.com.tr\/index.php\/wp-json\/wp\/v2\/product\/690762","targetHints":{"allow":["GET"]}}],"collection":[{"href":"https:\/\/roveyayinevi.com.tr\/index.php\/wp-json\/wp\/v2\/product"}],"about":[{"href":"https:\/\/roveyayinevi.com.tr\/index.php\/wp-json\/wp\/v2\/types\/product"}],"wp:attachment":[{"href":"https:\/\/roveyayinevi.com.tr\/index.php\/wp-json\/wp\/v2\/media?parent=690762"}],"wp:term":[{"taxonomy":"product_brand","embeddable":true,"href":"https:\/\/roveyayinevi.com.tr\/index.php\/wp-json\/wp\/v2\/product_brand?post=690762"},{"taxonomy":"product_cat","embeddable":true,"href":"https:\/\/roveyayinevi.com.tr\/index.php\/wp-json\/wp\/v2\/product_cat?post=690762"},{"taxonomy":"product_tag","embeddable":true,"href":"https:\/\/roveyayinevi.com.tr\/index.php\/wp-json\/wp\/v2\/product_tag?post=690762"}],"curies":[{"name":"wp","href":"https:\/\/api.w.org\/{rel}","templated":true}]}}