{"id":690749,"date":"2025-08-27T13:53:26","date_gmt":"2025-08-27T10:53:26","guid":{"rendered":"https:\/\/roveyayinevi.com.tr\/index.php\/urun\/uygarligin-kokeni-sumerliler-2-sumerlilerde-gunluk-yasam\/"},"modified":"2026-04-16T02:00:19","modified_gmt":"2026-04-15T23:00:19","slug":"uygarligin-kokeni-sumerliler-2-sumerlilerde-gunluk-yasam","status":"publish","type":"product","link":"https:\/\/roveyayinevi.com.tr\/index.php\/urun\/uygarligin-kokeni-sumerliler-2-sumerlilerde-gunluk-yasam\/","title":{"rendered":"Uygarl\u0131\u011f\u0131n K\u00f6keni Sumerliler 2 (S\u00fcmerlilerde G\u00fcnl\u00fck Ya\u015fam)"},"content":{"rendered":"<p>Elinizdeki kitapta, g\u00fcn\u00fcm\u00fczden 4000 y\u0131l \u00f6nce ya\u015fayan Sumerlilerin t\u00fcm g\u00fcnl\u00fck ya\u015fant\u0131s\u0131 okurlara aktar\u0131l\u0131yor. O d\u00f6nemde \u00e7ocuklar, bug\u00fcn\u00fcn \u00e7ocuklar\u0131 gibi okullara gidip, \u00f6devlerini yap\u0131yorlar m\u0131yd\u0131? Yoksa g\u00fcn boyu tembellik yap\u0131p babalar\u0131n\u0131n verdi\u011fi r\u00fc\u015fvetlerle s\u0131n\u0131f m\u0131 ge\u00e7iyorlard\u0131? Acaba \u00f6\u011fretmenler r\u00fc\u015fvet tekliflerine ne diyordu? Kad\u0131nlar evde yemek pi\u015firmek d\u0131\u015f\u0131nda bir i\u015f yap\u0131yorlar m\u0131yd\u0131? Krallar ve \u015fehir beyleri, \u00fclkenin \u00e2dil olarak idare edilmesi i\u00e7in ne yap\u0131yorlard\u0131? \u0130nsanlar hep \u00e7al\u0131\u015fmakla ve sava\u015fmakla \u00f6m\u00fcr m\u00fc t\u00fcketiyorlard\u0131. Hi\u00e7 mi e\u011flenmiyorlard\u0131? Kitapta yer alan baz\u0131 konu ba\u015fl\u0131klar\u0131: Tarihte A\u00e7\u0131lan ilk Okullar ve E\u011fitim&#8230; Sumer Dini&#8230; Sumer Tanr\u0131 Evleri&#8230; Sumer\u2019de K\u00f6lelik&#8230; Sumerlerde Ekonomi&#8230; Sumerlilerde Sanat&#8230; Sumer\u2019de M\u00fczik&#8230; Sumer\u2019de Ar\u015fiv ve Kitapl\u0131klar&#8230; Sumer\u2019de Askerlik ve Krall\u0131k&#8230; Sumer\u2019de Kad\u0131n&#8230; Sumer R\u00fcyalar\u0131&#8230; Sumer\u2019de Sihir ve B\u00fcy\u00fc&#8230; \ufffcTan\u0131t\u0131m Metni<\/p>\n","protected":false},"excerpt":{"rendered":"<p>Elinizdeki kitapta, g\u00fcn\u00fcm\u00fczden 4000 y\u0131l \u00f6nce ya\u015fayan Sumerlilerin t\u00fcm g\u00fcnl\u00fck ya\u015fant\u0131s\u0131 okurlara aktar\u0131l\u0131yor. O d\u00f6nemde \u00e7ocuklar, bug\u00fcn\u00fcn \u00e7ocuklar\u0131 gibi okullara gidip, \u00f6devlerini yap\u0131yorlar m\u0131yd\u0131? Yoksa g\u00fcn<span class=\"excerpt-hellip\"> [\u2026]<\/span><\/p>\n","protected":false},"featured_media":0,"template":"","meta":{"_monsterinsights_skip_tracking":false,"_monsterinsights_sitenote_active":false,"_monsterinsights_sitenote_note":"","_monsterinsights_sitenote_category":0},"product_brand":[],"product_cat":[12312,12304],"product_tag":[],"class_list":{"0":"post-690749","1":"product","2":"type-product","3":"status-publish","5":"product_cat-diger","6":"product_cat-tarih","7":"pa_tur-kitap","8":"pa_yayinevi-kaynak-yayinlari","9":"pa_yazar-muazzez-ilmiye-cig","11":"first","12":"instock","13":"sale","14":"shipping-taxable","15":"purchasable","16":"product-type-simple"},"_links":{"self":[{"href":"https:\/\/roveyayinevi.com.tr\/index.php\/wp-json\/wp\/v2\/product\/690749","targetHints":{"allow":["GET"]}}],"collection":[{"href":"https:\/\/roveyayinevi.com.tr\/index.php\/wp-json\/wp\/v2\/product"}],"about":[{"href":"https:\/\/roveyayinevi.com.tr\/index.php\/wp-json\/wp\/v2\/types\/product"}],"wp:attachment":[{"href":"https:\/\/roveyayinevi.com.tr\/index.php\/wp-json\/wp\/v2\/media?parent=690749"}],"wp:term":[{"taxonomy":"product_brand","embeddable":true,"href":"https:\/\/roveyayinevi.com.tr\/index.php\/wp-json\/wp\/v2\/product_brand?post=690749"},{"taxonomy":"product_cat","embeddable":true,"href":"https:\/\/roveyayinevi.com.tr\/index.php\/wp-json\/wp\/v2\/product_cat?post=690749"},{"taxonomy":"product_tag","embeddable":true,"href":"https:\/\/roveyayinevi.com.tr\/index.php\/wp-json\/wp\/v2\/product_tag?post=690749"}],"curies":[{"name":"wp","href":"https:\/\/api.w.org\/{rel}","templated":true}]}}