{"id":690746,"date":"2025-08-27T13:53:26","date_gmt":"2025-08-27T10:53:26","guid":{"rendered":"https:\/\/roveyayinevi.com.tr\/index.php\/urun\/ataturkun-chp-program-ve-tuzukleri\/"},"modified":"2026-04-12T02:00:39","modified_gmt":"2026-04-11T23:00:39","slug":"ataturkun-chp-program-ve-tuzukleri","status":"publish","type":"product","link":"https:\/\/roveyayinevi.com.tr\/index.php\/urun\/ataturkun-chp-program-ve-tuzukleri\/","title":{"rendered":"Atat\u00fcrk\u2019\u00fcn CHP Program ve T\u00fcz\u00fckleri"},"content":{"rendered":"<p>Do\u011fu Perin\u00e7ek bu kitapta 1919\u2019dan 1938\u2019e uzanan s\u00fcre\u00e7te CHP program ve \u00f6rg\u00fctlenme ilkelerinin geli\u015fme s\u00fcrecini inceliyor. <\/p>\n","protected":false},"excerpt":{"rendered":"<p>Do\u011fu Perin\u00e7ek bu kitapta 1919\u2019dan 1938\u2019e uzanan s\u00fcre\u00e7te CHP program ve \u00f6rg\u00fctlenme ilkelerinin geli\u015fme s\u00fcrecini inceliyor.<\/p>\n","protected":false},"featured_media":0,"template":"","meta":{"_monsterinsights_skip_tracking":false,"_monsterinsights_sitenote_active":false,"_monsterinsights_sitenote_note":"","_monsterinsights_sitenote_category":0},"product_brand":[],"product_cat":[16058,12337],"product_tag":[],"class_list":{"0":"post-690746","1":"product","2":"type-product","3":"status-publish","5":"product_cat-kurumlar-orgutler","6":"product_cat-politika-siyaset","7":"pa_tur-kitap","8":"pa_yayinevi-kaynak-yayinlari","9":"pa_yazar-dogu-perincek","11":"first","12":"instock","13":"sale","14":"shipping-taxable","15":"purchasable","16":"product-type-simple"},"_links":{"self":[{"href":"https:\/\/roveyayinevi.com.tr\/index.php\/wp-json\/wp\/v2\/product\/690746","targetHints":{"allow":["GET"]}}],"collection":[{"href":"https:\/\/roveyayinevi.com.tr\/index.php\/wp-json\/wp\/v2\/product"}],"about":[{"href":"https:\/\/roveyayinevi.com.tr\/index.php\/wp-json\/wp\/v2\/types\/product"}],"wp:attachment":[{"href":"https:\/\/roveyayinevi.com.tr\/index.php\/wp-json\/wp\/v2\/media?parent=690746"}],"wp:term":[{"taxonomy":"product_brand","embeddable":true,"href":"https:\/\/roveyayinevi.com.tr\/index.php\/wp-json\/wp\/v2\/product_brand?post=690746"},{"taxonomy":"product_cat","embeddable":true,"href":"https:\/\/roveyayinevi.com.tr\/index.php\/wp-json\/wp\/v2\/product_cat?post=690746"},{"taxonomy":"product_tag","embeddable":true,"href":"https:\/\/roveyayinevi.com.tr\/index.php\/wp-json\/wp\/v2\/product_tag?post=690746"}],"curies":[{"name":"wp","href":"https:\/\/api.w.org\/{rel}","templated":true}]}}