{"id":690740,"date":"2025-08-27T13:53:25","date_gmt":"2025-08-27T10:53:25","guid":{"rendered":"https:\/\/roveyayinevi.com.tr\/index.php\/urun\/kibris-sarmali\/"},"modified":"2026-04-16T02:00:19","modified_gmt":"2026-04-15T23:00:19","slug":"kibris-sarmali","status":"publish","type":"product","link":"https:\/\/roveyayinevi.com.tr\/index.php\/urun\/kibris-sarmali\/","title":{"rendered":"K\u0131br\u0131s Sarmal\u0131"},"content":{"rendered":"<p>300 y\u0131ll\u0131k Osmanl\u0131 topra\u011f\u0131 K\u0131br\u0131s, 1878\u2019de \u0130ngilizlere terk edilirken Ada\u2019daki T\u00fcrk n\u00fcfusun gelece\u011fi, hi\u00e7bir g\u00fcvenceye ba\u011flanmam\u0131\u015ft\u0131&#8230; K\u0131br\u0131s T\u00fcrk toplumu, o tarihten beri kah tek ba\u015f\u0131na kah Rum kom\u015fular\u0131 ile birlikte, kah Rum kom\u015fular\u0131na kar\u015f\u0131 kah da \u0130ngiltere ve AB\u2019ye kar\u015f\u0131   kendi kaderini \u00f6zg\u00fcrce belirleme hakk\u0131   m\u00fccadelesi veriyor. \u00d6zellikle 1950\u2019lerden beri   K\u0131br\u0131s sorunu  , T\u00fcrkiye\u2019nin uluslararas\u0131 ili\u015fkilerindeki de\u011fi\u015fmez g\u00fcndem maddelerinden biri oldu. Soruna m\u00fcdahil olan Bat\u0131l\u0131 devletler, sorunu \u00e7\u00f6zmek yerine sarmala d\u00f6n\u00fc\u015ft\u00fcrd\u00fcler. <\/p>\n","protected":false},"excerpt":{"rendered":"<p>300 y\u0131ll\u0131k Osmanl\u0131 topra\u011f\u0131 K\u0131br\u0131s, 1878\u2019de \u0130ngilizlere terk edilirken Ada\u2019daki T\u00fcrk n\u00fcfusun gelece\u011fi, hi\u00e7bir g\u00fcvenceye ba\u011flanmam\u0131\u015ft\u0131&#8230; K\u0131br\u0131s T\u00fcrk toplumu, o tarihten beri kah tek ba\u015f\u0131na kah<span class=\"excerpt-hellip\"> [\u2026]<\/span><\/p>\n","protected":false},"featured_media":0,"template":"","meta":{"_monsterinsights_skip_tracking":false,"_monsterinsights_sitenote_active":false,"_monsterinsights_sitenote_note":"","_monsterinsights_sitenote_category":0},"product_brand":[],"product_cat":[13656,12337],"product_tag":[],"class_list":{"0":"post-690740","1":"product","2":"type-product","3":"status-publish","5":"product_cat-azinliklar-etnik-sorunlar","6":"product_cat-politika-siyaset","7":"pa_tur-kitap","8":"pa_yayinevi-kaynak-yayinlari","9":"pa_yazar-huner-tuncer","11":"first","12":"instock","13":"sale","14":"shipping-taxable","15":"purchasable","16":"product-type-simple"},"_links":{"self":[{"href":"https:\/\/roveyayinevi.com.tr\/index.php\/wp-json\/wp\/v2\/product\/690740","targetHints":{"allow":["GET"]}}],"collection":[{"href":"https:\/\/roveyayinevi.com.tr\/index.php\/wp-json\/wp\/v2\/product"}],"about":[{"href":"https:\/\/roveyayinevi.com.tr\/index.php\/wp-json\/wp\/v2\/types\/product"}],"wp:attachment":[{"href":"https:\/\/roveyayinevi.com.tr\/index.php\/wp-json\/wp\/v2\/media?parent=690740"}],"wp:term":[{"taxonomy":"product_brand","embeddable":true,"href":"https:\/\/roveyayinevi.com.tr\/index.php\/wp-json\/wp\/v2\/product_brand?post=690740"},{"taxonomy":"product_cat","embeddable":true,"href":"https:\/\/roveyayinevi.com.tr\/index.php\/wp-json\/wp\/v2\/product_cat?post=690740"},{"taxonomy":"product_tag","embeddable":true,"href":"https:\/\/roveyayinevi.com.tr\/index.php\/wp-json\/wp\/v2\/product_tag?post=690740"}],"curies":[{"name":"wp","href":"https:\/\/api.w.org\/{rel}","templated":true}]}}