{"id":690735,"date":"2025-08-27T13:53:24","date_gmt":"2025-08-27T10:53:24","guid":{"rendered":"https:\/\/roveyayinevi.com.tr\/index.php\/urun\/aksak-demirin-devlet-politikasi-timurlenk-uzerine-inceleme\/"},"modified":"2026-04-16T02:00:19","modified_gmt":"2026-04-15T23:00:19","slug":"aksak-demirin-devlet-politikasi-timurlenk-uzerine-inceleme","status":"publish","type":"product","link":"https:\/\/roveyayinevi.com.tr\/index.php\/urun\/aksak-demirin-devlet-politikasi-timurlenk-uzerine-inceleme\/","title":{"rendered":"Aksak Demir\u2019in Devlet Politikas\u0131 Timurlenk \u00dczerine \u0130nceleme"},"content":{"rendered":"<p>Mahmut Esat Bozkurt, elinizdeki kitapta Timur\u2019u, \u201cd\u00fcnyay\u0131 yenmi\u015f bu T\u00fcrk o\u011flu T\u00fcrk\u2019\u00fc i\u00e7y\u00fcz\u00fcyle, ger\u00e7ek \u00e7ehresiyle\u201d tan\u0131tmaya \u00e7al\u0131\u015ft\u0131\u011f\u0131n\u0131 s\u00f6yl\u00fcyor. Timur, baz\u0131 tarih\u00e7ilerin yazd\u0131\u011f\u0131 gibi \u201cd\u00fcnyay\u0131 ate\u015fe veren bir kan d\u00f6k\u00fcc\u00fc de\u011fil\u201d, \u201cpolitikalar\u0131n\u0131 ahlaka dayand\u0131ran bir cihan fatihidir\u201d; \u201chayat\u0131n\u0131 bir halk \u00e7ocu\u011fu olarak ge\u00e7irmi\u015f ve bununla \u00f6v\u00fcnm\u00fc\u015ft\u00fcr\u201d. M\u00fchr\u00fcn\u00fc de \u015f\u00f6yle kazd\u0131rm\u0131\u015ft\u0131r: \u201cMen Timur, Tanr\u0131 kulu.\u201d Bozkurt, kitab\u0131nda Timur\u2019un lider ki\u015fili\u011fini, devlet y\u00f6netme anlay\u0131\u015f\u0131n\u0131 ayr\u0131nt\u0131lar\u0131yla ele al\u0131yor. Ancak bu, basit bir aktar\u0131m de\u011fil, bazen \u201cnas\u0131l olmas\u0131 gereken\u201de g\u00f6nderme, bazen de \u201cneden bug\u00fcn b\u00f6yle\u201dye yan\u0131tt\u0131r. Timur\u2019dan kalkarak Kemalizmin devlet teorisinin ve devlet y\u00f6netiminin in\u015fas\u0131 ve a\u00e7\u0131klamas\u0131 yap\u0131lmakta hatta bazen ele\u015ftirilere yan\u0131t verilmektedir. Osmanl\u0131 ile Timur\u2019un kar\u015f\u0131tl\u0131\u011f\u0131 \u00e7izilerek farklar vurgulanmaktad\u0131r. Yazar, Atat\u00fcrk ve Timur aras\u0131nda benzerlik g\u00f6rmektedir. \u00c7\u00fcnk\u00fc \u201cTimur da Atat\u00fcrk de yoktan devlet kuran T\u00fcrk \u00e7ocuklar\u0131d\u0131r\u201d.    \u201cHaks\u0131zl\u0131k olan bir yerde, devletin \u00f6mr\u00fc olmaz.\u201d \u201cDevlet i\u015flerine, yabanc\u0131, el s\u00fcrmemelidir. Bu, h\u00fck\u00fcmet hikmeti icab\u0131d\u0131r. \u0130dare yabanc\u0131lara verilmemelidir. Maliye ve ekonomi \u00e7ok \u00f6nemlidir, saat gibi i\u015flemelidir. D\u00fczenli ordu her \u015feyden \u00fcst\u00fcnd\u00fcr, halk ile ordu aras\u0131nda bir fark ve imtiyaz olmamal\u0131d\u0131r. Biri olmadan di\u011feri de olmaz. Bir y\u00f6netici kendini de\u011fil, memleketi, milleti d\u00fc\u015f\u00fcnmelidir. Kinci ve \u00f6\u00e7 al\u0131c\u0131 olmamal\u0131d\u0131r. Her s\u00f6ylenene kulak asmamal\u0131, do\u011fru olan\u0131 ilkelerine g\u00f6re uygulamal\u0131, kararl\u0131 ve dirayetli, fedak\u00e2r ve sab\u0131rl\u0131 olmal\u0131d\u0131r. Halkla do\u011frudan ba\u011flant\u0131 kurulmal\u0131d\u0131r. \u0130nsafs\u0131z zenginlerin yoksullar\u0131 ezmesine izin verilmemelidir.\u201d <\/p>\n","protected":false},"excerpt":{"rendered":"<p>Mahmut Esat Bozkurt, elinizdeki kitapta Timur\u2019u, \u201cd\u00fcnyay\u0131 yenmi\u015f bu T\u00fcrk o\u011flu T\u00fcrk\u2019\u00fc i\u00e7y\u00fcz\u00fcyle, ger\u00e7ek \u00e7ehresiyle\u201d tan\u0131tmaya \u00e7al\u0131\u015ft\u0131\u011f\u0131n\u0131 s\u00f6yl\u00fcyor. Timur, baz\u0131 tarih\u00e7ilerin yazd\u0131\u011f\u0131 gibi \u201cd\u00fcnyay\u0131 ate\u015fe veren<span class=\"excerpt-hellip\"> [\u2026]<\/span><\/p>\n","protected":false},"featured_media":0,"template":"","meta":{"_monsterinsights_skip_tracking":false,"_monsterinsights_sitenote_active":false,"_monsterinsights_sitenote_note":"","_monsterinsights_sitenote_category":0},"product_brand":[],"product_cat":[12312,12304],"product_tag":[],"class_list":{"0":"post-690735","1":"product","2":"type-product","3":"status-publish","5":"product_cat-diger","6":"product_cat-tarih","7":"pa_cilt-ciltsiz","8":"pa_tur-kitap","9":"pa_yayinevi-kaynak-yayinlari","10":"pa_yazar-mahmut-esat-bozkurt","12":"first","13":"instock","14":"sale","15":"shipping-taxable","16":"purchasable","17":"product-type-simple"},"_links":{"self":[{"href":"https:\/\/roveyayinevi.com.tr\/index.php\/wp-json\/wp\/v2\/product\/690735","targetHints":{"allow":["GET"]}}],"collection":[{"href":"https:\/\/roveyayinevi.com.tr\/index.php\/wp-json\/wp\/v2\/product"}],"about":[{"href":"https:\/\/roveyayinevi.com.tr\/index.php\/wp-json\/wp\/v2\/types\/product"}],"wp:attachment":[{"href":"https:\/\/roveyayinevi.com.tr\/index.php\/wp-json\/wp\/v2\/media?parent=690735"}],"wp:term":[{"taxonomy":"product_brand","embeddable":true,"href":"https:\/\/roveyayinevi.com.tr\/index.php\/wp-json\/wp\/v2\/product_brand?post=690735"},{"taxonomy":"product_cat","embeddable":true,"href":"https:\/\/roveyayinevi.com.tr\/index.php\/wp-json\/wp\/v2\/product_cat?post=690735"},{"taxonomy":"product_tag","embeddable":true,"href":"https:\/\/roveyayinevi.com.tr\/index.php\/wp-json\/wp\/v2\/product_tag?post=690735"}],"curies":[{"name":"wp","href":"https:\/\/api.w.org\/{rel}","templated":true}]}}