{"id":690683,"date":"2025-08-27T13:53:15","date_gmt":"2025-08-27T10:53:15","guid":{"rendered":"https:\/\/roveyayinevi.com.tr\/index.php\/urun\/uluslararasi-iliskilerin-ekonomi-politigi\/"},"modified":"2026-04-16T02:00:17","modified_gmt":"2026-04-15T23:00:17","slug":"uluslararasi-iliskilerin-ekonomi-politigi","status":"publish","type":"product","link":"https:\/\/roveyayinevi.com.tr\/index.php\/urun\/uluslararasi-iliskilerin-ekonomi-politigi\/","title":{"rendered":"Uluslararas\u0131 \u0130li\u015fkilerin Ekonomi Politi\u011fi"},"content":{"rendered":"<p>Bu \u00f6nemli eser uluslararas\u0131 ili\u015fkilerin ekonomi politi\u011finde \u00fcst\u00fcn ve kapsaml\u0131 bir bildiri niteli\u011fi ta\u015f\u0131yacakt\u0131r.Robert Gilpin, d\u00fcnya ekonomi politi\u011finin do\u011fas\u0131n\u0131n dengesiz geli\u015fimi hakk\u0131nda bir iddia ortaya koyarken zengintarih ve ekonomi bilgisinin yan\u0131nda siyasi teori bilgisi ve anlay\u0131\u015f\u0131n\u0131 da sergilemektedir. Gilpin, eski \u00e7al\u0131\u015fmalar\u0131hakk\u0131nda ince ele\u015ftiriler ile birlikte siyasi ve ekonomik de\u011fi\u015fime neden olan uluslararas\u0131 siyasi kurumlarla ilgilid\u00fc\u015f\u00fcnce bi\u00e7imlerindeki son de\u011fi\u015fimleri yans\u0131tarak resmini cesur \u00e7izgilerle \u00e7izmektedir.Prof. Dr. Robert O. Keohane, Harvard \u00dcniversitesiRobert Gilpin\u2019in \u201cUluslararas\u0131 \u0130li\u015fkilerin Ekonomi Politi\u011fi\u2019 adl\u0131 kitab\u0131 Amerikan \u00dcniversitelerinin Uluslara-ras\u0131 \u0130li\u015fkiler b\u00f6l\u00fcmlerinde yeni bir \u00e7\u0131\u011f\u0131r a\u00e7m\u0131\u015f ve uluslararas\u0131 ili\u015fkilerde ekonominin siyaseti nas\u0131l belirledi\u011finig\u00f6z \u00f6n\u00fcne \u00e7\u0131karm\u0131\u015ft\u0131r. Gilpin\u2019in eseri uluslararas\u0131 ili\u015fkiler \u00f6\u011frencilerinin b\u00fct\u00fcn d\u00fcnyada ba\u015f ucu kitab\u0131 olmu\u015ftur.Art\u0131k T\u00fcrk \u00f6\u011frencilerinin de ba\u015f ucu kitab\u0131 olabilir.Prof. Dr. Hasan K\u00f6ni, K\u00fclt\u00fcr \u00dcniversitesiProfes\u00f6r Gilpin, realist teorinin g\u00fcn\u00fcm\u00fczdeki en \u00f6nemli temsilcilerindendir. Elinizdeki kitap, realist teorinin\u00f6zg\u00fcn bir yorumunu i\u00e7ermekle kalmamakta, d\u00fcnyan\u0131n bir\u00e7ok ciddi \u00fcniversitesinde ders kitab\u0131 olarak da oku-tulmaktad\u0131r. Kitap hem genel okuyucular i\u00e7in hem de \u00f6zellikle uluslararas\u0131 ili\u015fkiler b\u00f6l\u00fcm\u00fc \u00f6\u011frencileri i\u00e7in yarar-l\u0131 bir kaynak niteli\u011findedir. B\u00f6yle bir kitab\u0131n T\u00fcrk\u00e7eye kazand\u0131r\u0131lmas\u0131nda b\u00fcy\u00fck bir yarar vard\u0131r.Prof. Dr. \u0130\u015faya \u00dc\u015f\u00fcr, Gazi \u00dcniversitesiProf. Robert Gilpin\u2019in Uluslararas\u0131 \u0130li\u015fkilerin Ekonomi Politi\u011fi adl\u0131 kitab\u0131 okunmadan uluslararas\u0131 ili\u015fkilerindo\u011fas\u0131n\u0131 ger\u00e7ekten anlamak m\u00fcmk\u00fcn de\u011fildir. \u015eimdiye de\u011fin T\u00fcrkiye\u2019de birka\u00e7 \u00fcniversitede \u0130ngilizcesi okutu-lan bu kitab\u0131n T\u00fcrk\u00e7eye \u00e7evrilmesi ile b\u00fct\u00fcn uluslararas\u0131 ili\u015fkiler ile ilgilenenler ve tabii ki \u00f6\u011frenciler \u00e7ok \u00f6nemli bir kayna\u011fa kavu\u015ftular. Prof. Dr. \u00dcmit \u00d6zda\u011f 21. Y\u00fczy\u0131l T\u00fcrkiye Enstit\u00fcs\u00fc<\/p>\n","protected":false},"excerpt":{"rendered":"<p>Bu \u00f6nemli eser uluslararas\u0131 ili\u015fkilerin ekonomi politi\u011finde \u00fcst\u00fcn ve kapsaml\u0131 bir bildiri niteli\u011fi ta\u015f\u0131yacakt\u0131r.Robert Gilpin, d\u00fcnya ekonomi politi\u011finin do\u011fas\u0131n\u0131n dengesiz geli\u015fimi hakk\u0131nda bir iddia ortaya koyarken<span class=\"excerpt-hellip\"> [\u2026]<\/span><\/p>\n","protected":false},"featured_media":0,"template":"","meta":{"_monsterinsights_skip_tracking":false,"_monsterinsights_sitenote_active":false,"_monsterinsights_sitenote_note":"","_monsterinsights_sitenote_category":0},"product_brand":[],"product_cat":[12337,17225],"product_tag":[],"class_list":{"0":"post-690683","1":"product","2":"type-product","3":"status-publish","5":"product_cat-politika-siyaset","6":"product_cat-uluslararasi-iliskiler","7":"pa_cilt-ciltsiz","8":"pa_tur-kitap","9":"pa_yayinevi-kripto-basim-yayin","10":"pa_yazar-robert-gilpin","12":"first","13":"instock","14":"sale","15":"shipping-taxable","16":"purchasable","17":"product-type-simple"},"_links":{"self":[{"href":"https:\/\/roveyayinevi.com.tr\/index.php\/wp-json\/wp\/v2\/product\/690683","targetHints":{"allow":["GET"]}}],"collection":[{"href":"https:\/\/roveyayinevi.com.tr\/index.php\/wp-json\/wp\/v2\/product"}],"about":[{"href":"https:\/\/roveyayinevi.com.tr\/index.php\/wp-json\/wp\/v2\/types\/product"}],"wp:attachment":[{"href":"https:\/\/roveyayinevi.com.tr\/index.php\/wp-json\/wp\/v2\/media?parent=690683"}],"wp:term":[{"taxonomy":"product_brand","embeddable":true,"href":"https:\/\/roveyayinevi.com.tr\/index.php\/wp-json\/wp\/v2\/product_brand?post=690683"},{"taxonomy":"product_cat","embeddable":true,"href":"https:\/\/roveyayinevi.com.tr\/index.php\/wp-json\/wp\/v2\/product_cat?post=690683"},{"taxonomy":"product_tag","embeddable":true,"href":"https:\/\/roveyayinevi.com.tr\/index.php\/wp-json\/wp\/v2\/product_tag?post=690683"}],"curies":[{"name":"wp","href":"https:\/\/api.w.org\/{rel}","templated":true}]}}