{"id":690680,"date":"2025-08-27T13:53:14","date_gmt":"2025-08-27T10:53:14","guid":{"rendered":"https:\/\/roveyayinevi.com.tr\/index.php\/urun\/tarihe-isik-tutan-anilar\/"},"modified":"2026-04-16T02:00:17","modified_gmt":"2026-04-15T23:00:17","slug":"tarihe-isik-tutan-anilar","status":"publish","type":"product","link":"https:\/\/roveyayinevi.com.tr\/index.php\/urun\/tarihe-isik-tutan-anilar\/","title":{"rendered":"Tarihe I\u015f\u0131k Tutan An\u0131lar"},"content":{"rendered":"<p>Belki Suat, Petros ve daha niceleri katilleri affetmi\u015f olabilirler. Lakin ben bu insan k\u0131l\u0131kl\u0131 canavarlar\u0131n 36 y\u0131ld\u0131r serbest\u00e7e aram\u0131zda dolan\u0131yor olmalar\u0131 ger\u00e7e\u011fini kabullenemiyorum. Onlar, annesinin kuca\u011f\u0131ndaki 7 ayl\u0131k yavruca\u011fa hi\u00e7 teredd\u00fct etmeden k\u0131yan canavarlard\u0131r. \u015eimdi ise ortal\u0131kta serbest\u00e7e dola\u015f\u0131yorlar ve hayat\u0131n tad\u0131n\u0131 \u00e7\u0131kar\u0131yorlar. Kim bilir belki aralar\u0131ndan baz\u0131lar\u0131 kamuoyu taraf\u0131ndan sayg\u0131de\u011fer vatanda\u015flar olarak benimsenmi\u015f bile olabilir. Ne yaz\u0131k ki bu insanlar\u0131n cezaland\u0131r\u0131lmalar\u0131 i\u00e7in kimse bir \u00e7aba sarf etmedi. Sonu\u00e7ta cezaland\u0131r\u0131lmad\u0131lar ama muhtemelen kurbanlar\u0131n\u0131n vicdan azab\u0131 ve a\u011f\u0131rl\u0131\u011f\u0131 alt\u0131nda bir hayat s\u00fcrd\u00fcr\u00fcyorlar. <\/p>\n","protected":false},"excerpt":{"rendered":"<p>Belki Suat, Petros ve daha niceleri katilleri affetmi\u015f olabilirler. Lakin ben bu insan k\u0131l\u0131kl\u0131 canavarlar\u0131n 36 y\u0131ld\u0131r serbest\u00e7e aram\u0131zda dolan\u0131yor olmalar\u0131 ger\u00e7e\u011fini kabullenemiyorum. Onlar, annesinin kuca\u011f\u0131ndaki<span class=\"excerpt-hellip\"> [\u2026]<\/span><\/p>\n","protected":false},"featured_media":0,"template":"","meta":{"_monsterinsights_skip_tracking":false,"_monsterinsights_sitenote_active":false,"_monsterinsights_sitenote_note":"","_monsterinsights_sitenote_category":0},"product_brand":[],"product_cat":[12312,12304],"product_tag":[],"class_list":{"0":"post-690680","1":"product","2":"type-product","3":"status-publish","5":"product_cat-diger","6":"product_cat-tarih","7":"pa_tur-kitap","8":"pa_yayinevi-kalkedon-yayincilik","9":"pa_yazar-panikos-neokleus","11":"first","12":"instock","13":"sale","14":"shipping-taxable","15":"purchasable","16":"product-type-simple"},"_links":{"self":[{"href":"https:\/\/roveyayinevi.com.tr\/index.php\/wp-json\/wp\/v2\/product\/690680","targetHints":{"allow":["GET"]}}],"collection":[{"href":"https:\/\/roveyayinevi.com.tr\/index.php\/wp-json\/wp\/v2\/product"}],"about":[{"href":"https:\/\/roveyayinevi.com.tr\/index.php\/wp-json\/wp\/v2\/types\/product"}],"wp:attachment":[{"href":"https:\/\/roveyayinevi.com.tr\/index.php\/wp-json\/wp\/v2\/media?parent=690680"}],"wp:term":[{"taxonomy":"product_brand","embeddable":true,"href":"https:\/\/roveyayinevi.com.tr\/index.php\/wp-json\/wp\/v2\/product_brand?post=690680"},{"taxonomy":"product_cat","embeddable":true,"href":"https:\/\/roveyayinevi.com.tr\/index.php\/wp-json\/wp\/v2\/product_cat?post=690680"},{"taxonomy":"product_tag","embeddable":true,"href":"https:\/\/roveyayinevi.com.tr\/index.php\/wp-json\/wp\/v2\/product_tag?post=690680"}],"curies":[{"name":"wp","href":"https:\/\/api.w.org\/{rel}","templated":true}]}}

Tarihe Işık Tutan Anılar

<p>Belki Suat, Petros ve daha niceleri katilleri affetmiş olabilirler. Lakin ben bu insan kılıklı canavarların 36 yıldır serbestçe aramızda dolanıyor olmaları gerçeğini kabullenemiyorum. Onlar, annesinin kucağındaki 7 aylık yavrucağa hiç tereddüt etmeden kıyan canavarlardır. Şimdi ise ortalıkta serbestçe dolaşıyorlar ve hayatın tadını çıkarıyorlar. Kim bilir belki aralarından bazıları kamuoyu tarafından saygıdeğer vatandaşlar olarak benimsenmiş bile olabilir. Ne yazık ki bu insanların cezalandırılmaları için kimse bir çaba sarf etmedi. Sonuçta cezalandırılmadılar ama muhtemelen kurbanlarının vicdan azabı ve ağırlığı altında bir hayat sürdürüyorlar. </p>

<p>Belki Suat, Petros ve daha niceleri katilleri affetmiş olabilirler. Lakin ben bu insan kılıklı canavarların 36 yıldır serbestçe aramızda dolanıyor olmaları gerçeğini kabullenemiyorum. Onlar, annesinin kucağındaki<span class="excerpt-hellip"> […]</span></p>
