{"id":690679,"date":"2025-08-27T13:53:14","date_gmt":"2025-08-27T10:53:14","guid":{"rendered":"https:\/\/roveyayinevi.com.tr\/index.php\/urun\/pasalar-papazlar\/"},"modified":"2026-04-16T02:00:17","modified_gmt":"2026-04-15T23:00:17","slug":"pasalar-papazlar","status":"publish","type":"product","link":"https:\/\/roveyayinevi.com.tr\/index.php\/urun\/pasalar-papazlar\/","title":{"rendered":"Pa\u015falar Papazlar"},"content":{"rendered":"<p>Pa\u015falar Papazlar K\u0131br\u0131s\u2019\u0131n ve K\u0131br\u0131sl\u0131lar\u0131n i\u00e7erisinde bulundu\u011fu ba\u011f\u0131ml\u0131l\u0131k sarmal\u0131n\u0131 diyalektik y\u00f6ntemin \u0131\u015f\u0131\u011f\u0131 alt\u0131nda irdeleyen bir kitap. \u00d6zellikle ad\u0131na K\u0131br\u0131s Sorunu denilen ve ne kadar zamand\u0131r s\u00fcrd\u00fc\u011f\u00fc dahi meselenin taraflar\u0131 a\u00e7\u0131s\u0131ndan tart\u0131\u015fmal\u0131 olan sorunu, t\u00fcm boyutlar\u0131 ile ve \u00e7ok y\u00f6nl\u00fc ili\u015fkilerin her birine ayr\u0131 ayr\u0131 odaklanarak \u00e7\u00f6z\u00fcml\u00fcyor olmas\u0131 dahi, bug\u00fcn bir\u00e7ok ara\u015ft\u0131rmada ula\u015famad\u0131\u011f\u0131m\u0131z felsefi bir derinlik kat\u0131yor kitaba. <\/p>\n","protected":false},"excerpt":{"rendered":"<p>Pa\u015falar Papazlar K\u0131br\u0131s\u2019\u0131n ve K\u0131br\u0131sl\u0131lar\u0131n i\u00e7erisinde bulundu\u011fu ba\u011f\u0131ml\u0131l\u0131k sarmal\u0131n\u0131 diyalektik y\u00f6ntemin \u0131\u015f\u0131\u011f\u0131 alt\u0131nda irdeleyen bir kitap. \u00d6zellikle ad\u0131na K\u0131br\u0131s Sorunu denilen ve ne kadar zamand\u0131r s\u00fcrd\u00fc\u011f\u00fc<span class=\"excerpt-hellip\"> [\u2026]<\/span><\/p>\n","protected":false},"featured_media":0,"template":"","meta":{"_monsterinsights_skip_tracking":false,"_monsterinsights_sitenote_active":false,"_monsterinsights_sitenote_note":"","_monsterinsights_sitenote_category":0},"product_brand":[],"product_cat":[12338,12337],"product_tag":[],"class_list":{"0":"post-690679","1":"product","2":"type-product","3":"status-publish","5":"product_cat-dunya-siyaseti-ve-politikasi","6":"product_cat-politika-siyaset","7":"pa_tur-kitap","8":"pa_yayinevi-kalkedon-yayincilik","9":"pa_yazar-niyazi-kizilyurek","11":"first","12":"instock","13":"sale","14":"shipping-taxable","15":"purchasable","16":"product-type-simple"},"_links":{"self":[{"href":"https:\/\/roveyayinevi.com.tr\/index.php\/wp-json\/wp\/v2\/product\/690679","targetHints":{"allow":["GET"]}}],"collection":[{"href":"https:\/\/roveyayinevi.com.tr\/index.php\/wp-json\/wp\/v2\/product"}],"about":[{"href":"https:\/\/roveyayinevi.com.tr\/index.php\/wp-json\/wp\/v2\/types\/product"}],"wp:attachment":[{"href":"https:\/\/roveyayinevi.com.tr\/index.php\/wp-json\/wp\/v2\/media?parent=690679"}],"wp:term":[{"taxonomy":"product_brand","embeddable":true,"href":"https:\/\/roveyayinevi.com.tr\/index.php\/wp-json\/wp\/v2\/product_brand?post=690679"},{"taxonomy":"product_cat","embeddable":true,"href":"https:\/\/roveyayinevi.com.tr\/index.php\/wp-json\/wp\/v2\/product_cat?post=690679"},{"taxonomy":"product_tag","embeddable":true,"href":"https:\/\/roveyayinevi.com.tr\/index.php\/wp-json\/wp\/v2\/product_tag?post=690679"}],"curies":[{"name":"wp","href":"https:\/\/api.w.org\/{rel}","templated":true}]}}