{"id":690669,"date":"2025-08-27T13:53:12","date_gmt":"2025-08-27T10:53:12","guid":{"rendered":"https:\/\/roveyayinevi.com.tr\/index.php\/urun\/muzigin-okul-oncesi-egitimde-kullanilmasi\/"},"modified":"2026-04-16T02:00:17","modified_gmt":"2026-04-15T23:00:17","slug":"muzigin-okul-oncesi-egitimde-kullanilmasi","status":"publish","type":"product","link":"https:\/\/roveyayinevi.com.tr\/index.php\/urun\/muzigin-okul-oncesi-egitimde-kullanilmasi\/","title":{"rendered":"M\u00fczi\u011fin Okul \u00d6ncesi E\u011fitimde Kullan\u0131lmas\u0131"},"content":{"rendered":"<p>\u00e7ocuklar\u0131n m\u00fczikal duyarl\u0131l\u0131klar\u0131, okul \u00f6ncesi d\u00f6nemde ba\u015flamaktad\u0131r. Bebeklikten itibaren \u00e7ocuklar, m\u00fczi\u011fe tepki vermekte ve tepkilerinde \u00e7o\u011fu zaman v\u00fccut hareketlerini kullanmaktad\u0131rlar. \u00e7ocuklar\u0131n m\u00fczi\u011fe olan ilgi ve sevgilerini geli\u015ftirerek, estetik duyarl\u0131l\u0131k kazanmalar\u0131n\u0131 sa\u011flamak i\u00e7in m\u00fczik ile ilgili ya\u015fant\u0131lar\u0131n \u00e7ocu\u011fa sa\u011fl\u0131kl\u0131 bir \u015fekilde sunulmas\u0131 gerekmektedir. Okul \u00f6ncesi e\u011fitiminde m\u00fczi\u011fi kullanman\u0131z\u0131 kolayla\u015ft\u0131racak pek \u00e7ok etkinlik bu kitapta sunuluyor. <\/p>\n","protected":false},"excerpt":{"rendered":"<p>\u00e7ocuklar\u0131n m\u00fczikal duyarl\u0131l\u0131klar\u0131, okul \u00f6ncesi d\u00f6nemde ba\u015flamaktad\u0131r. Bebeklikten itibaren \u00e7ocuklar, m\u00fczi\u011fe tepki vermekte ve tepkilerinde \u00e7o\u011fu zaman v\u00fccut hareketlerini kullanmaktad\u0131rlar. \u00e7ocuklar\u0131n m\u00fczi\u011fe olan ilgi ve sevgilerini<span class=\"excerpt-hellip\"> [\u2026]<\/span><\/p>\n","protected":false},"featured_media":0,"template":"","meta":{"_monsterinsights_skip_tracking":false,"_monsterinsights_sitenote_active":false,"_monsterinsights_sitenote_note":"","_monsterinsights_sitenote_category":0},"product_brand":[],"product_cat":[12274,12649],"product_tag":[],"class_list":{"0":"post-690669","1":"product","2":"type-product","3":"status-publish","5":"product_cat-cocuk-ve-genclik-kitaplari","6":"product_cat-hobi-muzik","7":"pa_cilt-ciltsiz","8":"pa_tur-kitap","9":"pa_yayinevi-kok-yayinevi","10":"pa_yazar-derleme","12":"first","13":"instock","14":"sale","15":"shipping-taxable","16":"purchasable","17":"product-type-simple"},"_links":{"self":[{"href":"https:\/\/roveyayinevi.com.tr\/index.php\/wp-json\/wp\/v2\/product\/690669","targetHints":{"allow":["GET"]}}],"collection":[{"href":"https:\/\/roveyayinevi.com.tr\/index.php\/wp-json\/wp\/v2\/product"}],"about":[{"href":"https:\/\/roveyayinevi.com.tr\/index.php\/wp-json\/wp\/v2\/types\/product"}],"wp:attachment":[{"href":"https:\/\/roveyayinevi.com.tr\/index.php\/wp-json\/wp\/v2\/media?parent=690669"}],"wp:term":[{"taxonomy":"product_brand","embeddable":true,"href":"https:\/\/roveyayinevi.com.tr\/index.php\/wp-json\/wp\/v2\/product_brand?post=690669"},{"taxonomy":"product_cat","embeddable":true,"href":"https:\/\/roveyayinevi.com.tr\/index.php\/wp-json\/wp\/v2\/product_cat?post=690669"},{"taxonomy":"product_tag","embeddable":true,"href":"https:\/\/roveyayinevi.com.tr\/index.php\/wp-json\/wp\/v2\/product_tag?post=690669"}],"curies":[{"name":"wp","href":"https:\/\/api.w.org\/{rel}","templated":true}]}}