{"id":690659,"date":"2025-08-27T13:53:10","date_gmt":"2025-08-27T10:53:10","guid":{"rendered":"https:\/\/roveyayinevi.com.tr\/index.php\/urun\/oyuncaklarini-kiran-cocuk\/"},"modified":"2026-04-16T02:00:17","modified_gmt":"2026-04-15T23:00:17","slug":"oyuncaklarini-kiran-cocuk","status":"publish","type":"product","link":"https:\/\/roveyayinevi.com.tr\/index.php\/urun\/oyuncaklarini-kiran-cocuk\/","title":{"rendered":"Oyuncaklar\u0131n\u0131 K\u0131ran \u00c7ocuk"},"content":{"rendered":"<p>Kimimizin kolu yok, kimimizin baca\u011f\u0131, Kimimizin kap\u0131s\u0131 yok, kimimizin bacas\u0131, Kimimizin g\u00f6z\u00fc, kimimizin burnu Kimimizin s\u0131rt\u0131, kimimizin karn\u0131, Hele birimiz var ki yok neredeyse hi\u00e7bir yan\u0131. \ufffcTan\u0131t\u0131m Metni<\/p>\n","protected":false},"excerpt":{"rendered":"<p>Kimimizin kolu yok, kimimizin baca\u011f\u0131, Kimimizin kap\u0131s\u0131 yok, kimimizin bacas\u0131, Kimimizin g\u00f6z\u00fc, kimimizin burnu Kimimizin s\u0131rt\u0131, kimimizin karn\u0131, Hele birimiz var ki yok neredeyse hi\u00e7bir yan\u0131.<span class=\"excerpt-hellip\"> [\u2026]<\/span><\/p>\n","protected":false},"featured_media":0,"template":"","meta":{"_monsterinsights_skip_tracking":false,"_monsterinsights_sitenote_active":false,"_monsterinsights_sitenote_note":"","_monsterinsights_sitenote_category":0},"product_brand":[],"product_cat":[12275,12274],"product_tag":[],"class_list":{"0":"post-690659","1":"product","2":"type-product","3":"status-publish","5":"product_cat-6-12-yas-kitaplari","6":"product_cat-cocuk-ve-genclik-kitaplari","7":"pa_cilt-ciltsiz","8":"pa_tur-kitap","9":"pa_yayinevi-kok-yayinevi","10":"pa_yazar-canan-aslan","12":"first","13":"instock","14":"sale","15":"shipping-taxable","16":"purchasable","17":"product-type-simple"},"_links":{"self":[{"href":"https:\/\/roveyayinevi.com.tr\/index.php\/wp-json\/wp\/v2\/product\/690659","targetHints":{"allow":["GET"]}}],"collection":[{"href":"https:\/\/roveyayinevi.com.tr\/index.php\/wp-json\/wp\/v2\/product"}],"about":[{"href":"https:\/\/roveyayinevi.com.tr\/index.php\/wp-json\/wp\/v2\/types\/product"}],"wp:attachment":[{"href":"https:\/\/roveyayinevi.com.tr\/index.php\/wp-json\/wp\/v2\/media?parent=690659"}],"wp:term":[{"taxonomy":"product_brand","embeddable":true,"href":"https:\/\/roveyayinevi.com.tr\/index.php\/wp-json\/wp\/v2\/product_brand?post=690659"},{"taxonomy":"product_cat","embeddable":true,"href":"https:\/\/roveyayinevi.com.tr\/index.php\/wp-json\/wp\/v2\/product_cat?post=690659"},{"taxonomy":"product_tag","embeddable":true,"href":"https:\/\/roveyayinevi.com.tr\/index.php\/wp-json\/wp\/v2\/product_tag?post=690659"}],"curies":[{"name":"wp","href":"https:\/\/api.w.org\/{rel}","templated":true}]}}