{"id":690629,"date":"2025-08-27T13:52:24","date_gmt":"2025-08-27T10:52:24","guid":{"rendered":"https:\/\/roveyayinevi.com.tr\/index.php\/urun\/menekse-yapragindan-incinen-kiz\/"},"modified":"2026-04-16T02:00:16","modified_gmt":"2026-04-15T23:00:16","slug":"menekse-yapragindan-incinen-kiz","status":"publish","type":"product","link":"https:\/\/roveyayinevi.com.tr\/index.php\/urun\/menekse-yapragindan-incinen-kiz\/","title":{"rendered":"Menek\u015fe Yapra\u011f\u0131ndan \u0130ncinen K\u0131z"},"content":{"rendered":"<p>T\u00fcrkiye&#8217;nin \u00f6nde gelen masal yazarlar\u0131ndan Hasan Latif Sar\u0131y\u00fcce, derledi\u011fi bir\u00e7ok masal\u0131 \u00e7ocuklar i\u00e7in yeniden yazd\u0131. Masal edebiyat\u0131m\u0131za yapt\u0131\u011f\u0131 en \u00f6nemli katk\u0131, onlar\u0131 yal\u0131n bir anlat\u0131mla yazm\u0131\u015f olmas\u0131d\u0131r. Bu kitapta, y\u00fcz\u00fc a\u015fk\u0131n masal\u0131ndan se\u00e7ti\u011fimiz alt\u0131 masala yer verdik.Bakal\u0131m, g\u00f6kten \u00fc\u00e7 elma kimin ba\u015f\u0131na d\u00fc\u015fecek? <\/p>\n","protected":false},"excerpt":{"rendered":"<p>T\u00fcrkiye&#8217;nin \u00f6nde gelen masal yazarlar\u0131ndan Hasan Latif Sar\u0131y\u00fcce, derledi\u011fi bir\u00e7ok masal\u0131 \u00e7ocuklar i\u00e7in yeniden yazd\u0131. Masal edebiyat\u0131m\u0131za yapt\u0131\u011f\u0131 en \u00f6nemli katk\u0131, onlar\u0131 yal\u0131n bir anlat\u0131mla yazm\u0131\u015f<span class=\"excerpt-hellip\"> [\u2026]<\/span><\/p>\n","protected":false},"featured_media":0,"template":"","meta":{"_monsterinsights_skip_tracking":false,"_monsterinsights_sitenote_active":false,"_monsterinsights_sitenote_note":"","_monsterinsights_sitenote_category":0},"product_brand":[],"product_cat":[12275,12274],"product_tag":[],"class_list":{"0":"post-690629","1":"product","2":"type-product","3":"status-publish","5":"product_cat-6-12-yas-kitaplari","6":"product_cat-cocuk-ve-genclik-kitaplari","7":"pa_cilt-ciltsiz","8":"pa_tur-kitap","9":"pa_yayinevi-kok-yayinevi","10":"pa_yazar-hasan-latif-sariyuce","12":"first","13":"instock","14":"sale","15":"shipping-taxable","16":"purchasable","17":"product-type-simple"},"_links":{"self":[{"href":"https:\/\/roveyayinevi.com.tr\/index.php\/wp-json\/wp\/v2\/product\/690629","targetHints":{"allow":["GET"]}}],"collection":[{"href":"https:\/\/roveyayinevi.com.tr\/index.php\/wp-json\/wp\/v2\/product"}],"about":[{"href":"https:\/\/roveyayinevi.com.tr\/index.php\/wp-json\/wp\/v2\/types\/product"}],"wp:attachment":[{"href":"https:\/\/roveyayinevi.com.tr\/index.php\/wp-json\/wp\/v2\/media?parent=690629"}],"wp:term":[{"taxonomy":"product_brand","embeddable":true,"href":"https:\/\/roveyayinevi.com.tr\/index.php\/wp-json\/wp\/v2\/product_brand?post=690629"},{"taxonomy":"product_cat","embeddable":true,"href":"https:\/\/roveyayinevi.com.tr\/index.php\/wp-json\/wp\/v2\/product_cat?post=690629"},{"taxonomy":"product_tag","embeddable":true,"href":"https:\/\/roveyayinevi.com.tr\/index.php\/wp-json\/wp\/v2\/product_tag?post=690629"}],"curies":[{"name":"wp","href":"https:\/\/api.w.org\/{rel}","templated":true}]}}