{"id":690618,"date":"2025-08-27T13:52:22","date_gmt":"2025-08-27T10:52:22","guid":{"rendered":"https:\/\/roveyayinevi.com.tr\/index.php\/urun\/solen-dostluk\/"},"modified":"2026-04-16T02:00:16","modified_gmt":"2026-04-15T23:00:16","slug":"solen-dostluk","status":"publish","type":"product","link":"https:\/\/roveyayinevi.com.tr\/index.php\/urun\/solen-dostluk\/","title":{"rendered":"\u015e\u00f6len &#8211; Dostluk"},"content":{"rendered":"<p>Platon (Eflatun, \u0130\u00d6 yakla\u015f\u0131k 428 \/ 7-\u0130\u00d6 yakla\u015f\u0131k 348 \/ 7); Bug\u00fcnk\u00fc \u00fcniversitenin atas\u0131 say\u0131lan Akademia\u2019n\u0131n kurucusu (\u0130\u00d6 387) ve hocas\u0131 Sokrates\u2019i konu\u015fturdu\u011fu diyaloglar la felsefeyi yaz\u0131ya en iyi aktarm\u0131\u015f olan ustalardan biridir. En tan\u0131nm\u0131\u015f diyaloglar\u0131ndan \u015e\u00f6len ve Dostluk\u2019ta ise Platon, denebilirse, \u0130nsanl\u0131\u011f\u0131n anlamaya \u00e7al\u0131\u015ft\u0131\u011f\u0131 en temel duygu sevgi nin izini s\u00fcrmektedir. \ufffc<\/p>\n","protected":false},"excerpt":{"rendered":"<p>Platon (Eflatun, \u0130\u00d6 yakla\u015f\u0131k 428 \/ 7-\u0130\u00d6 yakla\u015f\u0131k 348 \/ 7); Bug\u00fcnk\u00fc \u00fcniversitenin atas\u0131 say\u0131lan Akademia\u2019n\u0131n kurucusu (\u0130\u00d6 387) ve hocas\u0131 Sokrates\u2019i konu\u015fturdu\u011fu diyaloglar la felsefeyi<span class=\"excerpt-hellip\"> [\u2026]<\/span><\/p>\n","protected":false},"featured_media":0,"template":"","meta":{"_monsterinsights_skip_tracking":false,"_monsterinsights_sitenote_active":false,"_monsterinsights_sitenote_note":"","_monsterinsights_sitenote_category":0},"product_brand":[],"product_cat":[12388,14717],"product_tag":[],"class_list":{"0":"post-690618","1":"product","2":"type-product","3":"status-publish","5":"product_cat-felsefe","6":"product_cat-felsefe-tarihi","7":"pa_cilt-ciltsiz","8":"pa_tur-kitap","9":"pa_yayinevi-is-bankasi-kultur-yayinlari","10":"pa_yazar-platon-eflatun","12":"first","13":"instock","14":"sale","15":"shipping-taxable","16":"purchasable","17":"product-type-simple"},"_links":{"self":[{"href":"https:\/\/roveyayinevi.com.tr\/index.php\/wp-json\/wp\/v2\/product\/690618","targetHints":{"allow":["GET"]}}],"collection":[{"href":"https:\/\/roveyayinevi.com.tr\/index.php\/wp-json\/wp\/v2\/product"}],"about":[{"href":"https:\/\/roveyayinevi.com.tr\/index.php\/wp-json\/wp\/v2\/types\/product"}],"wp:attachment":[{"href":"https:\/\/roveyayinevi.com.tr\/index.php\/wp-json\/wp\/v2\/media?parent=690618"}],"wp:term":[{"taxonomy":"product_brand","embeddable":true,"href":"https:\/\/roveyayinevi.com.tr\/index.php\/wp-json\/wp\/v2\/product_brand?post=690618"},{"taxonomy":"product_cat","embeddable":true,"href":"https:\/\/roveyayinevi.com.tr\/index.php\/wp-json\/wp\/v2\/product_cat?post=690618"},{"taxonomy":"product_tag","embeddable":true,"href":"https:\/\/roveyayinevi.com.tr\/index.php\/wp-json\/wp\/v2\/product_tag?post=690618"}],"curies":[{"name":"wp","href":"https:\/\/api.w.org\/{rel}","templated":true}]}}