{"id":690605,"date":"2025-08-27T13:52:19","date_gmt":"2025-08-27T10:52:19","guid":{"rendered":"https:\/\/roveyayinevi.com.tr\/index.php\/urun\/toplum-sozlesmesi\/"},"modified":"2026-04-16T02:00:15","modified_gmt":"2026-04-15T23:00:15","slug":"toplum-sozlesmesi","status":"publish","type":"product","link":"https:\/\/roveyayinevi.com.tr\/index.php\/urun\/toplum-sozlesmesi\/","title":{"rendered":"Toplum S\u00f6zle\u015fmesi"},"content":{"rendered":"<p>Jean-Jacques Rousseau (1712-1778): Bilimler ve Sanatlar \u00dcst\u00fcne S\u00f6ylev\u2019den Emile\u2019e, \u0130nsanlar Aras\u0131nda E\u015fitsizli\u011fin Kayna\u011f\u0131\u2019ndan \u0130tiraflar\u2019a, insanl\u0131k tarihinde \u00e7\u0131\u011f\u0131r a\u00e7an Ayd\u0131nlanma d\u00fc\u015f\u00fcncesinin en \u00f6nemli Romantik d\u00fc\u015f\u00fcn\u00fcr-yazar\u0131d\u0131r. Toplum S\u00f6zle\u015fmesi\u2019yse (1762) yay\u0131mland\u0131\u011f\u0131 g\u00fcnden bug\u00fcne toplumlar\u0131n birarada ya\u015fay\u0131\u015flar\u0131na ili\u015fkin en temel d\u00fc\u015f\u00fcnce yap\u0131tlar\u0131ndan biri olma \u00f6zelli\u011fini s\u00fcrd\u00fcrmektedir. Vedat G\u00fcnyol (1911-2004); K\u00fclt\u00fcr tarihimizin Terc\u00fcme B\u00fcrosu ruhunu, sonraki d\u00f6nemlerde yay\u0131nc\u0131s\u0131 oldu\u011fu Yeni Ufuklar dergisi ve \u00c7an Yay\u0131nlar\u0131\u2019yla s\u00fcrd\u00fcren en \u00f6nemli \u00fcyelerinden biridir. Rabelais\u2019den Rousseau\u2019ya T. More\u2019dan M. Gandhi\u2019ye uzanan yaln\u0131z ve birlikte \u00e7evirilerinin yan\u0131s\u0131ra, kendi denemeleri de yirmiyi a\u015fk\u0131n kitapta toplanm\u0131\u015ft\u0131r. \ufffc <\/p>\n","protected":false},"excerpt":{"rendered":"<p>Jean-Jacques Rousseau (1712-1778): Bilimler ve Sanatlar \u00dcst\u00fcne S\u00f6ylev\u2019den Emile\u2019e, \u0130nsanlar Aras\u0131nda E\u015fitsizli\u011fin Kayna\u011f\u0131\u2019ndan \u0130tiraflar\u2019a, insanl\u0131k tarihinde \u00e7\u0131\u011f\u0131r a\u00e7an Ayd\u0131nlanma d\u00fc\u015f\u00fcncesinin en \u00f6nemli Romantik d\u00fc\u015f\u00fcn\u00fcr-yazar\u0131d\u0131r. Toplum S\u00f6zle\u015fmesi\u2019yse<span class=\"excerpt-hellip\"> [\u2026]<\/span><\/p>\n","protected":false},"featured_media":0,"template":"","meta":{"_monsterinsights_skip_tracking":false,"_monsterinsights_sitenote_active":false,"_monsterinsights_sitenote_note":"","_monsterinsights_sitenote_category":0},"product_brand":[],"product_cat":[12337,14706],"product_tag":[],"class_list":{"0":"post-690605","1":"product","2":"type-product","3":"status-publish","5":"product_cat-politika-siyaset","6":"product_cat-siyaset-bilimi","7":"pa_cilt-ciltsiz","8":"pa_tur-kitap","9":"pa_yayinevi-is-bankasi-kultur-yayinlari","10":"pa_yazar-jean-jacques-rousseau","12":"first","13":"instock","14":"sale","15":"shipping-taxable","16":"purchasable","17":"product-type-simple"},"_links":{"self":[{"href":"https:\/\/roveyayinevi.com.tr\/index.php\/wp-json\/wp\/v2\/product\/690605","targetHints":{"allow":["GET"]}}],"collection":[{"href":"https:\/\/roveyayinevi.com.tr\/index.php\/wp-json\/wp\/v2\/product"}],"about":[{"href":"https:\/\/roveyayinevi.com.tr\/index.php\/wp-json\/wp\/v2\/types\/product"}],"wp:attachment":[{"href":"https:\/\/roveyayinevi.com.tr\/index.php\/wp-json\/wp\/v2\/media?parent=690605"}],"wp:term":[{"taxonomy":"product_brand","embeddable":true,"href":"https:\/\/roveyayinevi.com.tr\/index.php\/wp-json\/wp\/v2\/product_brand?post=690605"},{"taxonomy":"product_cat","embeddable":true,"href":"https:\/\/roveyayinevi.com.tr\/index.php\/wp-json\/wp\/v2\/product_cat?post=690605"},{"taxonomy":"product_tag","embeddable":true,"href":"https:\/\/roveyayinevi.com.tr\/index.php\/wp-json\/wp\/v2\/product_tag?post=690605"}],"curies":[{"name":"wp","href":"https:\/\/api.w.org\/{rel}","templated":true}]}}