{"id":690578,"date":"2025-08-27T13:52:14","date_gmt":"2025-08-27T10:52:14","guid":{"rendered":"https:\/\/roveyayinevi.com.tr\/index.php\/urun\/sir-i-kadim\/"},"modified":"2026-04-16T02:00:15","modified_gmt":"2026-04-15T23:00:15","slug":"sir-i-kadim","status":"publish","type":"product","link":"https:\/\/roveyayinevi.com.tr\/index.php\/urun\/sir-i-kadim\/","title":{"rendered":"\u015ei\u2019r-i Kadim"},"content":{"rendered":"<p>Osmanl\u0131 medeniyetinin edebiyat\u0131, hi\u00e7 \u015f\u00fcphesiz o k\u00fclt\u00fcr\u00fcn birinci elden kayna\u011f\u0131n\u0131 te\u015fkil eder. Bug\u00fcn her ne kadar o edebiyat d\u00fcnyas\u0131 ile aram\u0131zda uzak mesafeler oldu\u011fu var say\u0131l\u0131yor ise de, aslen bizim olan ve hatta biz olan bu edebiyat\u0131n gen\u00e7 nesillerce anla\u015f\u0131lmas\u0131nda say\u0131lamayacak kadar faydalar vard\u0131r. Elinizdeki kitap bu maksatla haz\u0131rlanm\u0131\u015ft\u0131r ve alt\u0131 as\u0131rl\u0131k bir birikimin geni\u015f k\u00fclt\u00fcr yelpazesine \u0131\u015f\u0131k tutar. Eskiler, \u2018el-Ma\u2019n\u00e2 f\u00ee batn\u0131\u2019\u015f-\u015fair\u2019 buyurmu\u015flard\u0131r. Yani \u2018Mana, \u015eairin i\u00e7indedir.\u2019 Bu sebeple biz, \u015fairin kastetti\u011fini sand\u0131\u011f\u0131m\u0131z manay\u0131 anlat\u0131rken objektif olmaya \u00f6zen g\u00f6sterdik. Yine de yorumlar bize aittir ve g\u00f6r\u00fc\u015flerimize kat\u0131lmayanlara sayg\u0131 duyar\u0131z. \u00c7\u00fcnk\u00fc bize g\u00f6re b\u00fct\u00fcn \u015fiirler, bilgi edinmek i\u00e7in de\u011fil hissedilmek i\u00e7indir. Bu kitap\u00e7\u0131k da zaten bir hissedi\u015fin \u00fcr\u00fcn\u00fcd\u00fcr. \ufffcTan\u0131t\u0131m Metni<\/p>\n","protected":false},"excerpt":{"rendered":"<p>Osmanl\u0131 medeniyetinin edebiyat\u0131, hi\u00e7 \u015f\u00fcphesiz o k\u00fclt\u00fcr\u00fcn birinci elden kayna\u011f\u0131n\u0131 te\u015fkil eder. Bug\u00fcn her ne kadar o edebiyat d\u00fcnyas\u0131 ile aram\u0131zda uzak mesafeler oldu\u011fu var say\u0131l\u0131yor<span class=\"excerpt-hellip\"> [\u2026]<\/span><\/p>\n","protected":false},"featured_media":0,"template":"","meta":{"_monsterinsights_skip_tracking":false,"_monsterinsights_sitenote_active":false,"_monsterinsights_sitenote_note":"","_monsterinsights_sitenote_category":0},"product_brand":[],"product_cat":[12291,12509],"product_tag":[],"class_list":{"0":"post-690578","1":"product","2":"type-product","3":"status-publish","5":"product_cat-edebiyat","6":"product_cat-siir","7":"pa_cilt-ciltsiz","8":"pa_tur-kitap","9":"pa_yayinevi-kapi-yayinlari","10":"pa_yazar-iskender-pala","12":"first","13":"instock","14":"sale","15":"shipping-taxable","16":"purchasable","17":"product-type-simple"},"_links":{"self":[{"href":"https:\/\/roveyayinevi.com.tr\/index.php\/wp-json\/wp\/v2\/product\/690578","targetHints":{"allow":["GET"]}}],"collection":[{"href":"https:\/\/roveyayinevi.com.tr\/index.php\/wp-json\/wp\/v2\/product"}],"about":[{"href":"https:\/\/roveyayinevi.com.tr\/index.php\/wp-json\/wp\/v2\/types\/product"}],"wp:attachment":[{"href":"https:\/\/roveyayinevi.com.tr\/index.php\/wp-json\/wp\/v2\/media?parent=690578"}],"wp:term":[{"taxonomy":"product_brand","embeddable":true,"href":"https:\/\/roveyayinevi.com.tr\/index.php\/wp-json\/wp\/v2\/product_brand?post=690578"},{"taxonomy":"product_cat","embeddable":true,"href":"https:\/\/roveyayinevi.com.tr\/index.php\/wp-json\/wp\/v2\/product_cat?post=690578"},{"taxonomy":"product_tag","embeddable":true,"href":"https:\/\/roveyayinevi.com.tr\/index.php\/wp-json\/wp\/v2\/product_tag?post=690578"}],"curies":[{"name":"wp","href":"https:\/\/api.w.org\/{rel}","templated":true}]}}