{"id":690558,"date":"2025-08-27T13:52:10","date_gmt":"2025-08-27T10:52:10","guid":{"rendered":"https:\/\/roveyayinevi.com.tr\/index.php\/urun\/bil-bul-coz-ilkogretim-4\/"},"modified":"2026-04-16T02:00:14","modified_gmt":"2026-04-15T23:00:14","slug":"bil-bul-coz-ilkogretim-4","status":"publish","type":"product","link":"https:\/\/roveyayinevi.com.tr\/index.php\/urun\/bil-bul-coz-ilkogretim-4\/","title":{"rendered":"Bil Bul \u00c7\u00f6z \u0130lk\u00f6\u011fretim 4"},"content":{"rendered":"<p>Bulmacalardaki karelere kimi zaman s\u00f6zc\u00fcklerin z\u0131t anlamlar\u0131n\u0131, kimi zaman haftan\u0131n g\u00fcnlerini, matematik i\u015flemlerinin sonu\u00e7lar\u0131n\u0131 ya da bilim, teknoloji, toplumla ilgili tan\u0131mlamalar\u0131 yerle\u015ftirirken e\u011flenerek bulmacalar\u0131 \u00e7\u00f6zecekler. \u00c7ocuklar, s\u0131n\u0131f seviyesinde i\u015fledi\u011fimiz tema ve \u00fcnitelerle ilgili konularda farkl\u0131 etkinlikler yaparken renkli ve e\u011flenceli sayfalar\u0131 kullanarak e\u011flenirken ayn\u0131 zaman da \u00f6\u011frenecekler. .. <\/p>\n","protected":false},"excerpt":{"rendered":"<p>Bulmacalardaki karelere kimi zaman s\u00f6zc\u00fcklerin z\u0131t anlamlar\u0131n\u0131, kimi zaman haftan\u0131n g\u00fcnlerini, matematik i\u015flemlerinin sonu\u00e7lar\u0131n\u0131 ya da bilim, teknoloji, toplumla ilgili tan\u0131mlamalar\u0131 yerle\u015ftirirken e\u011flenerek bulmacalar\u0131 \u00e7\u00f6zecekler. \u00c7ocuklar,<span class=\"excerpt-hellip\"> [\u2026]<\/span><\/p>\n","protected":false},"featured_media":0,"template":"","meta":{"_monsterinsights_skip_tracking":false,"_monsterinsights_sitenote_active":false,"_monsterinsights_sitenote_note":"","_monsterinsights_sitenote_category":0},"product_brand":[],"product_cat":[12312,12304],"product_tag":[],"class_list":{"0":"post-690558","1":"product","2":"type-product","3":"status-publish","5":"product_cat-diger","6":"product_cat-tarih","7":"pa_cilt-ciltsiz","8":"pa_tur-kitap","9":"pa_yayinevi-kok-yayinevi","10":"pa_yazar-veysel-yildiz","12":"first","13":"instock","14":"sale","15":"shipping-taxable","16":"purchasable","17":"product-type-simple"},"_links":{"self":[{"href":"https:\/\/roveyayinevi.com.tr\/index.php\/wp-json\/wp\/v2\/product\/690558","targetHints":{"allow":["GET"]}}],"collection":[{"href":"https:\/\/roveyayinevi.com.tr\/index.php\/wp-json\/wp\/v2\/product"}],"about":[{"href":"https:\/\/roveyayinevi.com.tr\/index.php\/wp-json\/wp\/v2\/types\/product"}],"wp:attachment":[{"href":"https:\/\/roveyayinevi.com.tr\/index.php\/wp-json\/wp\/v2\/media?parent=690558"}],"wp:term":[{"taxonomy":"product_brand","embeddable":true,"href":"https:\/\/roveyayinevi.com.tr\/index.php\/wp-json\/wp\/v2\/product_brand?post=690558"},{"taxonomy":"product_cat","embeddable":true,"href":"https:\/\/roveyayinevi.com.tr\/index.php\/wp-json\/wp\/v2\/product_cat?post=690558"},{"taxonomy":"product_tag","embeddable":true,"href":"https:\/\/roveyayinevi.com.tr\/index.php\/wp-json\/wp\/v2\/product_tag?post=690558"}],"curies":[{"name":"wp","href":"https:\/\/api.w.org\/{rel}","templated":true}]}}