{"id":690519,"date":"2025-08-27T13:52:03","date_gmt":"2025-08-27T10:52:03","guid":{"rendered":"https:\/\/roveyayinevi.com.tr\/index.php\/urun\/dikkat-kus-araniyor\/"},"modified":"2026-04-16T02:00:13","modified_gmt":"2026-04-15T23:00:13","slug":"dikkat-kus-araniyor","status":"publish","type":"product","link":"https:\/\/roveyayinevi.com.tr\/index.php\/urun\/dikkat-kus-araniyor\/","title":{"rendered":"Dikkat, Ku\u015f Aran\u0131yor"},"content":{"rendered":"<p>Ku\u015flar bizi terk ediyor \u00e7ocuklar, fark\u0131nda m\u0131s\u0131n\u0131z? K\u00f6t\u00fc sesler ku\u015flar\u0131 ka\u00e7\u0131r\u0131yor. Duyurular assak, Dikkat ku\u015f aran\u0131yor! diye, d\u00f6nerler mi sizce? D\u00fcnya \u00e7ocuklarla ku\u015flarla ve \u015fark\u0131larla g\u00fczel. Ku\u015flar, geri d\u00f6n\u00fcn ne olursunuz. \ufffcTan\u0131t\u0131m Metni<\/p>\n","protected":false},"excerpt":{"rendered":"<p>Ku\u015flar bizi terk ediyor \u00e7ocuklar, fark\u0131nda m\u0131s\u0131n\u0131z? K\u00f6t\u00fc sesler ku\u015flar\u0131 ka\u00e7\u0131r\u0131yor. Duyurular assak, Dikkat ku\u015f aran\u0131yor! diye, d\u00f6nerler mi sizce? D\u00fcnya \u00e7ocuklarla ku\u015flarla ve \u015fark\u0131larla g\u00fczel.<span class=\"excerpt-hellip\"> [\u2026]<\/span><\/p>\n","protected":false},"featured_media":0,"template":"","meta":{"_monsterinsights_skip_tracking":false,"_monsterinsights_sitenote_active":false,"_monsterinsights_sitenote_note":"","_monsterinsights_sitenote_category":0},"product_brand":[],"product_cat":[12275,12274],"product_tag":[],"class_list":{"0":"post-690519","1":"product","2":"type-product","3":"status-publish","5":"product_cat-6-12-yas-kitaplari","6":"product_cat-cocuk-ve-genclik-kitaplari","7":"pa_cilt-ciltsiz","8":"pa_tur-kitap","9":"pa_yayinevi-kok-yayinevi","10":"pa_yazar-ayse-kilimci","12":"first","13":"instock","14":"sale","15":"shipping-taxable","16":"purchasable","17":"product-type-simple"},"_links":{"self":[{"href":"https:\/\/roveyayinevi.com.tr\/index.php\/wp-json\/wp\/v2\/product\/690519","targetHints":{"allow":["GET"]}}],"collection":[{"href":"https:\/\/roveyayinevi.com.tr\/index.php\/wp-json\/wp\/v2\/product"}],"about":[{"href":"https:\/\/roveyayinevi.com.tr\/index.php\/wp-json\/wp\/v2\/types\/product"}],"wp:attachment":[{"href":"https:\/\/roveyayinevi.com.tr\/index.php\/wp-json\/wp\/v2\/media?parent=690519"}],"wp:term":[{"taxonomy":"product_brand","embeddable":true,"href":"https:\/\/roveyayinevi.com.tr\/index.php\/wp-json\/wp\/v2\/product_brand?post=690519"},{"taxonomy":"product_cat","embeddable":true,"href":"https:\/\/roveyayinevi.com.tr\/index.php\/wp-json\/wp\/v2\/product_cat?post=690519"},{"taxonomy":"product_tag","embeddable":true,"href":"https:\/\/roveyayinevi.com.tr\/index.php\/wp-json\/wp\/v2\/product_tag?post=690519"}],"curies":[{"name":"wp","href":"https:\/\/api.w.org\/{rel}","templated":true}]}}