{"id":690491,"date":"2025-08-27T13:51:58","date_gmt":"2025-08-27T10:51:58","guid":{"rendered":"https:\/\/roveyayinevi.com.tr\/index.php\/urun\/bireysel-farkliliklari-inceleme-yaklasimlari\/"},"modified":"2026-04-16T01:59:58","modified_gmt":"2026-04-15T22:59:58","slug":"bireysel-farkliliklari-inceleme-yaklasimlari","status":"publish","type":"product","link":"https:\/\/roveyayinevi.com.tr\/index.php\/urun\/bireysel-farkliliklari-inceleme-yaklasimlari\/","title":{"rendered":"Bireysel Farkl\u0131l\u0131klar\u0131 \u0130nceleme Yakla\u015f\u0131mlar\u0131"},"content":{"rendered":"<p>Tarih boyunca ki\u015filer aras\u0131ndaki farkl\u0131l\u0131klar ve farkl\u0131l\u0131klar\u0131n kayna\u011f\u0131n\u0131 anlama \u00e7abas\u0131 i\u00e7inde olunmu\u015ftur. G\u00fcn\u00fcm\u00fczde bu \u00e7abay\u0131 psikoloji s\u00fcrd\u00fcr\u00fcr. Ki\u015filerin di\u011ferlerinden farkl\u0131 oldu\u011fu belirlendi\u011finde farkl\u0131l\u0131klar\u0131n\u0131 dikkate alan d\u00fczenlemelere yer verme insanc\u0131l bulunur. Bu kitap bilimsel inceleme y\u00f6ntemini, hizmet ve sa\u011falt\u0131m yakla\u015f\u0131mlar\u0131n\u0131 tan\u0131tarak e\u011fitim alan\u0131nda \u00e7al\u0131\u015fanlar\u0131n farkl\u0131l\u0131klar\u0131n olanlar\u0131n gereksinimlerine g\u00f6re d\u00fczenleme yapmalar\u0131n\u0131 ve etkili olabilmesi i\u00e7inde uygun olan se\u00e7melerine yard\u0131mc\u0131 olmak amac\u0131yla yaz\u0131lm\u0131\u015ft\u0131r. Kitab\u0131n birinci b\u00f6l\u00fcm\u00fcnde farkl\u0131l\u0131\u011f\u0131 olanlar\u0131n farkl\u0131l\u0131klar\u0131n\u0131 anlamak i\u00e7in bilimsel inceleme y\u00f6nteminin nas\u0131l kullan\u0131ld\u0131\u011f\u0131 betimlenmi\u015ftir. \u0130kinci b\u00f6l\u00fcmde ki\u015filer aras\u0131ndaki farkl\u0131l\u0131klar ve ki\u015finin i\u00e7indeki farkl\u0131l\u0131klar betimlenmi\u015f; yetersizlikten etkilenenlerin akranlar\u0131ndan nas\u0131l farkl\u0131la\u015ft\u0131klar\u0131 ve farkl\u0131l\u0131klar\u0131n\u0131n gerektirdi\u011fi e\u011fitsel d\u00fczenlemeler betimlenmi\u015ftir. \u00fc\u00e7\u00fcnc\u00fc b\u00f6l\u00fcmde farkl\u0131l\u0131klar\u0131n etkilerini azaltmak i\u00e7in yap\u0131lan d\u00fczenlemeleri etkileyen hizmet yakla\u015f\u0131mlar\u0131 ve sa\u011falt\u0131m\u0131 etkileyen durumlar betimlendikten sonra bilimsel bilgilerden olu\u015fan ve yetersizlikten etkilenen ki\u015filer i\u00e7in yap\u0131lan d\u00fczenlemeleri etkileyen Dinamik Psikoloji, Biyofiziksel, Davran\u0131\u015fc\u0131 ve Sosyolojik yakla\u015f\u0131mlar temelleri, ilgili kavramlar, g\u00fcd\u00fcleme, farkl\u0131l\u0131k, tan\u0131lama, d\u00fczeltme ama\u00e7lar\u0131, d\u00fczeltme teknikleri ve e\u011fitim ortam\u0131ndaki olumlu ve olumsuz yanlar\u0131 ba\u015fl\u0131klar\u0131 dikkate al\u0131narak betimlenmi\u015ftir. <\/p>\n","protected":false},"excerpt":{"rendered":"<p>Tarih boyunca ki\u015filer aras\u0131ndaki farkl\u0131l\u0131klar ve farkl\u0131l\u0131klar\u0131n kayna\u011f\u0131n\u0131 anlama \u00e7abas\u0131 i\u00e7inde olunmu\u015ftur. G\u00fcn\u00fcm\u00fczde bu \u00e7abay\u0131 psikoloji s\u00fcrd\u00fcr\u00fcr. Ki\u015filerin di\u011ferlerinden farkl\u0131 oldu\u011fu belirlendi\u011finde farkl\u0131l\u0131klar\u0131n\u0131 dikkate alan d\u00fczenlemelere<span class=\"excerpt-hellip\"> [\u2026]<\/span><\/p>\n","protected":false},"featured_media":0,"template":"","meta":{"_monsterinsights_skip_tracking":false,"_monsterinsights_sitenote_active":false,"_monsterinsights_sitenote_note":"","_monsterinsights_sitenote_category":0},"product_brand":[],"product_cat":[12312,12304],"product_tag":[],"class_list":{"0":"post-690491","1":"product","2":"type-product","3":"status-publish","5":"product_cat-diger","6":"product_cat-tarih","7":"pa_cilt-ciltsiz","8":"pa_tur-kitap","9":"pa_yayinevi-kok-yayinevi","10":"pa_yazar-mehmet-ozyurek","12":"first","13":"instock","14":"sale","15":"shipping-taxable","16":"purchasable","17":"product-type-simple"},"_links":{"self":[{"href":"https:\/\/roveyayinevi.com.tr\/index.php\/wp-json\/wp\/v2\/product\/690491","targetHints":{"allow":["GET"]}}],"collection":[{"href":"https:\/\/roveyayinevi.com.tr\/index.php\/wp-json\/wp\/v2\/product"}],"about":[{"href":"https:\/\/roveyayinevi.com.tr\/index.php\/wp-json\/wp\/v2\/types\/product"}],"wp:attachment":[{"href":"https:\/\/roveyayinevi.com.tr\/index.php\/wp-json\/wp\/v2\/media?parent=690491"}],"wp:term":[{"taxonomy":"product_brand","embeddable":true,"href":"https:\/\/roveyayinevi.com.tr\/index.php\/wp-json\/wp\/v2\/product_brand?post=690491"},{"taxonomy":"product_cat","embeddable":true,"href":"https:\/\/roveyayinevi.com.tr\/index.php\/wp-json\/wp\/v2\/product_cat?post=690491"},{"taxonomy":"product_tag","embeddable":true,"href":"https:\/\/roveyayinevi.com.tr\/index.php\/wp-json\/wp\/v2\/product_tag?post=690491"}],"curies":[{"name":"wp","href":"https:\/\/api.w.org\/{rel}","templated":true}]}}