{"id":690462,"date":"2025-08-27T13:51:52","date_gmt":"2025-08-27T10:51:52","guid":{"rendered":"https:\/\/roveyayinevi.com.tr\/index.php\/urun\/bozulus\/"},"modified":"2026-04-16T01:59:57","modified_gmt":"2026-04-15T22:59:57","slug":"bozulus","status":"publish","type":"product","link":"https:\/\/roveyayinevi.com.tr\/index.php\/urun\/bozulus\/","title":{"rendered":"Bozulus"},"content":{"rendered":"<p>T\u00fcrkler kadar   yok edilmek istenilen millet   kaderi ya\u015fat\u0131lan ba\u015fka bir millet yoktur. Balkanlar\u2019da, Akdeniz\u2019de, Kuzey Afrika\u2019da, Arap K\u00f6rfezinde, K\u0131r\u0131m\u2019da, Kafkasya\u2019da hayatlar\u0131 kar\u015f\u0131l\u0131\u011f\u0131nda destan ya\u015fayan T\u00fcrkler, destanlar\u0131n\u0131 yeni nesillerine ula\u015ft\u0131racak t\u00fcrden yazamam\u0131\u015flard\u0131r. Rusya T\u00fcrkleri bir taraftan ayd\u0131nlar\u0131 yok edilerek, di\u011fer taraftan kimliklerini hedef alan tehditlerle adeta imha edilmi\u015fler ve k\u00fclt\u00fcrleri ile var olma haklar\u0131 ellerinden al\u0131nm\u0131\u015ft\u0131. <\/p>\n","protected":false},"excerpt":{"rendered":"<p>T\u00fcrkler kadar yok edilmek istenilen millet kaderi ya\u015fat\u0131lan ba\u015fka bir millet yoktur. Balkanlar\u2019da, Akdeniz\u2019de, Kuzey Afrika\u2019da, Arap K\u00f6rfezinde, K\u0131r\u0131m\u2019da, Kafkasya\u2019da hayatlar\u0131 kar\u015f\u0131l\u0131\u011f\u0131nda destan ya\u015fayan T\u00fcrkler, destanlar\u0131n\u0131<span class=\"excerpt-hellip\"> [\u2026]<\/span><\/p>\n","protected":false},"featured_media":0,"template":"","meta":{"_monsterinsights_skip_tracking":false,"_monsterinsights_sitenote_active":false,"_monsterinsights_sitenote_note":"","_monsterinsights_sitenote_category":0},"product_brand":[],"product_cat":[12370,12304],"product_tag":[],"class_list":{"0":"post-690462","1":"product","2":"type-product","3":"status-publish","5":"product_cat-arastirma-inceleme","6":"product_cat-tarih","7":"pa_tur-kitap","8":"pa_yayinevi-berikan-yayinlari","9":"pa_yazar-yasar-kalafat","11":"first","12":"instock","13":"sale","14":"shipping-taxable","15":"purchasable","16":"product-type-simple"},"_links":{"self":[{"href":"https:\/\/roveyayinevi.com.tr\/index.php\/wp-json\/wp\/v2\/product\/690462","targetHints":{"allow":["GET"]}}],"collection":[{"href":"https:\/\/roveyayinevi.com.tr\/index.php\/wp-json\/wp\/v2\/product"}],"about":[{"href":"https:\/\/roveyayinevi.com.tr\/index.php\/wp-json\/wp\/v2\/types\/product"}],"wp:attachment":[{"href":"https:\/\/roveyayinevi.com.tr\/index.php\/wp-json\/wp\/v2\/media?parent=690462"}],"wp:term":[{"taxonomy":"product_brand","embeddable":true,"href":"https:\/\/roveyayinevi.com.tr\/index.php\/wp-json\/wp\/v2\/product_brand?post=690462"},{"taxonomy":"product_cat","embeddable":true,"href":"https:\/\/roveyayinevi.com.tr\/index.php\/wp-json\/wp\/v2\/product_cat?post=690462"},{"taxonomy":"product_tag","embeddable":true,"href":"https:\/\/roveyayinevi.com.tr\/index.php\/wp-json\/wp\/v2\/product_tag?post=690462"}],"curies":[{"name":"wp","href":"https:\/\/api.w.org\/{rel}","templated":true}]}}