{"id":690461,"date":"2025-08-27T13:51:52","date_gmt":"2025-08-27T10:51:52","guid":{"rendered":"https:\/\/roveyayinevi.com.tr\/index.php\/urun\/masal-atlasi\/"},"modified":"2026-04-16T01:59:57","modified_gmt":"2026-04-15T22:59:57","slug":"masal-atlasi","status":"publish","type":"product","link":"https:\/\/roveyayinevi.com.tr\/index.php\/urun\/masal-atlasi\/","title":{"rendered":"Masal Atlas\u0131"},"content":{"rendered":"<p>Masallar nas\u0131l do\u011fdu? Masal\u0131n \u00e7ocuk ve yeti\u015fkin i\u00e7in anlam\u0131 nedir? D\u00fcnyan\u0131n en yaman masal yaz\u0131c\u0131lar\u0131 kimlerdir? Masallar\u0131 \u00e7ocuk bak\u0131\u015f\u0131na g\u00f6re yazmak ni\u00e7in gereklidir? Reklamlar modern d\u00fcnyan\u0131n masallar\u0131 m\u0131d\u0131r? \u00e7izgi film masal\u0131n yerini tutar m\u0131? Masal Atlas\u0131, do\u011fu\u015fundan g\u00fcn\u00fcm\u00fcze ve gelece\u011fine y\u00f6nelik masal ve masal edebiyat\u0131 k\u00fclt\u00fcr\u00fc \u00fczerine yaz\u0131lm\u0131\u015f yaz\u0131lardan olu\u015fuyor. <\/p>\n","protected":false},"excerpt":{"rendered":"<p>Masallar nas\u0131l do\u011fdu? Masal\u0131n \u00e7ocuk ve yeti\u015fkin i\u00e7in anlam\u0131 nedir? D\u00fcnyan\u0131n en yaman masal yaz\u0131c\u0131lar\u0131 kimlerdir? Masallar\u0131 \u00e7ocuk bak\u0131\u015f\u0131na g\u00f6re yazmak ni\u00e7in gereklidir? Reklamlar modern d\u00fcnyan\u0131n<span class=\"excerpt-hellip\"> [\u2026]<\/span><\/p>\n","protected":false},"featured_media":0,"template":"","meta":{"_monsterinsights_skip_tracking":false,"_monsterinsights_sitenote_active":false,"_monsterinsights_sitenote_note":"","_monsterinsights_sitenote_category":0},"product_brand":[],"product_cat":[12275,12274],"product_tag":[],"class_list":{"0":"post-690461","1":"product","2":"type-product","3":"status-publish","5":"product_cat-6-12-yas-kitaplari","6":"product_cat-cocuk-ve-genclik-kitaplari","7":"pa_cilt-ciltsiz","8":"pa_tur-kitap","9":"pa_yayinevi-kok-yayinevi","10":"pa_yazar-mustafa-ruhi-sirin","12":"first","13":"instock","14":"sale","15":"shipping-taxable","16":"purchasable","17":"product-type-simple"},"_links":{"self":[{"href":"https:\/\/roveyayinevi.com.tr\/index.php\/wp-json\/wp\/v2\/product\/690461","targetHints":{"allow":["GET"]}}],"collection":[{"href":"https:\/\/roveyayinevi.com.tr\/index.php\/wp-json\/wp\/v2\/product"}],"about":[{"href":"https:\/\/roveyayinevi.com.tr\/index.php\/wp-json\/wp\/v2\/types\/product"}],"wp:attachment":[{"href":"https:\/\/roveyayinevi.com.tr\/index.php\/wp-json\/wp\/v2\/media?parent=690461"}],"wp:term":[{"taxonomy":"product_brand","embeddable":true,"href":"https:\/\/roveyayinevi.com.tr\/index.php\/wp-json\/wp\/v2\/product_brand?post=690461"},{"taxonomy":"product_cat","embeddable":true,"href":"https:\/\/roveyayinevi.com.tr\/index.php\/wp-json\/wp\/v2\/product_cat?post=690461"},{"taxonomy":"product_tag","embeddable":true,"href":"https:\/\/roveyayinevi.com.tr\/index.php\/wp-json\/wp\/v2\/product_tag?post=690461"}],"curies":[{"name":"wp","href":"https:\/\/api.w.org\/{rel}","templated":true}]}}