{"id":690458,"date":"2025-08-27T13:51:51","date_gmt":"2025-08-27T10:51:51","guid":{"rendered":"https:\/\/roveyayinevi.com.tr\/index.php\/urun\/kaynastirma\/"},"modified":"2026-04-16T01:59:57","modified_gmt":"2026-04-15T22:59:57","slug":"kaynastirma","status":"publish","type":"product","link":"https:\/\/roveyayinevi.com.tr\/index.php\/urun\/kaynastirma\/","title":{"rendered":"Kayna\u015ft\u0131rma"},"content":{"rendered":"<p>G\u00fcn\u00fcm\u00fczde \u00f6zel gereksinimli birey say\u0131s\u0131n\u0131n giderek artt\u0131\u011f\u0131 bilinmektedir. Bu art\u0131\u015f, \u00e7evresel nedenlere, t\u0131bb\u0131n ilerlemi\u015f olmas\u0131na ba\u011fl\u0131 olarak erken do\u011fan ya da ileri derecede sa\u011fl\u0131k sorununa sahip olan bebeklerin ya\u015fat\u0131labilmelerine ve artan trafi\u011fe ba\u011fl\u0131 olarak meydana gelen kazalar\u0131n artmas\u0131na ve benzeri nedenlere ba\u011fl\u0131d\u0131r. T\u0131pk\u0131 normal geli\u015fim g\u00f6steren bireyler gibi \u00f6zel gereksinimli bireylerin de e\u011fitimde f\u0131rsat e\u015fitli\u011finden yararlanma hakk\u0131 vard\u0131r. \u00d6zel gereksinimli bireylerin toplumun bir par\u00e7as\u0131 olarak ya\u015famalar\u0131 ancak bu \u015fekilde s\u00f6z konusu olabilecektir. Bu kitapla; \u00f6zel e\u011fitim ortamlar\u0131 ve kayna\u015ft\u0131rma, kayna\u015ft\u0131rmay\u0131 ba\u015far\u0131ya ula\u015ft\u0131ran etmenler ve \u00f6zel gereksinimli \u00f6\u011frencinin normal s\u0131n\u0131f \u00f6\u011fretmeni taraf\u0131ndan fark edilmesi ve y\u00f6nlendirilmesine y\u00f6nelik bilgilerle \u00f6zel gereksinimli bireylerin toplumdaki yeri belirlenecektir. <\/p>\n","protected":false},"excerpt":{"rendered":"<p>G\u00fcn\u00fcm\u00fczde \u00f6zel gereksinimli birey say\u0131s\u0131n\u0131n giderek artt\u0131\u011f\u0131 bilinmektedir. Bu art\u0131\u015f, \u00e7evresel nedenlere, t\u0131bb\u0131n ilerlemi\u015f olmas\u0131na ba\u011fl\u0131 olarak erken do\u011fan ya da ileri derecede sa\u011fl\u0131k sorununa sahip<span class=\"excerpt-hellip\"> [\u2026]<\/span><\/p>\n","protected":false},"featured_media":0,"template":"","meta":{"_monsterinsights_skip_tracking":false,"_monsterinsights_sitenote_active":false,"_monsterinsights_sitenote_note":"","_monsterinsights_sitenote_category":0},"product_brand":[],"product_cat":[12913,12274],"product_tag":[],"class_list":{"0":"post-690458","1":"product","2":"type-product","3":"status-publish","5":"product_cat-3-6-yas-kitaplari","6":"product_cat-cocuk-ve-genclik-kitaplari","7":"pa_cilt-ciltsiz","8":"pa_tur-kitap","9":"pa_yayinevi-kok-yayinevi","10":"pa_yazar-gonul-kircaali-iftar","12":"first","13":"instock","14":"sale","15":"shipping-taxable","16":"purchasable","17":"product-type-simple"},"_links":{"self":[{"href":"https:\/\/roveyayinevi.com.tr\/index.php\/wp-json\/wp\/v2\/product\/690458","targetHints":{"allow":["GET"]}}],"collection":[{"href":"https:\/\/roveyayinevi.com.tr\/index.php\/wp-json\/wp\/v2\/product"}],"about":[{"href":"https:\/\/roveyayinevi.com.tr\/index.php\/wp-json\/wp\/v2\/types\/product"}],"wp:attachment":[{"href":"https:\/\/roveyayinevi.com.tr\/index.php\/wp-json\/wp\/v2\/media?parent=690458"}],"wp:term":[{"taxonomy":"product_brand","embeddable":true,"href":"https:\/\/roveyayinevi.com.tr\/index.php\/wp-json\/wp\/v2\/product_brand?post=690458"},{"taxonomy":"product_cat","embeddable":true,"href":"https:\/\/roveyayinevi.com.tr\/index.php\/wp-json\/wp\/v2\/product_cat?post=690458"},{"taxonomy":"product_tag","embeddable":true,"href":"https:\/\/roveyayinevi.com.tr\/index.php\/wp-json\/wp\/v2\/product_tag?post=690458"}],"curies":[{"name":"wp","href":"https:\/\/api.w.org\/{rel}","templated":true}]}}