{"id":690456,"date":"2025-08-27T13:51:51","date_gmt":"2025-08-27T10:51:51","guid":{"rendered":"https:\/\/roveyayinevi.com.tr\/index.php\/urun\/ilkogretimde-drama-oyunlari-ile-turkce-matematik-hayat-bilgisi-sosyal-bilgiler-fen-ve-teknoloji-derslerinin-ogretimi\/"},"modified":"2026-04-16T01:59:57","modified_gmt":"2026-04-15T22:59:57","slug":"ilkogretimde-drama-oyunlari-ile-turkce-matematik-hayat-bilgisi-sosyal-bilgiler-fen-ve-teknoloji-derslerinin-ogretimi","status":"publish","type":"product","link":"https:\/\/roveyayinevi.com.tr\/index.php\/urun\/ilkogretimde-drama-oyunlari-ile-turkce-matematik-hayat-bilgisi-sosyal-bilgiler-fen-ve-teknoloji-derslerinin-ogretimi\/","title":{"rendered":"\u0130lk\u00f6\u011fretimde Drama Oyunlar\u0131 \u0130le T\u00fcrk\u00e7e, Matematik, Hayat Bilgisi, Sosyal Bilgiler, Fen ve Teknoloji Derslerinin \u00d6\u011fretimi"},"content":{"rendered":"<p>Bir yanda k\u00fcreselle\u015fme, h\u0131zla de\u011fi\u015fen de\u011ferler, ileti\u015fimsizlik, g\u00f6\u00e7ler, ekonomik istikrars\u0131zl\u0131k gibi toplumsal sorunlar, di\u011fer yandan geleneksel k\u00fclt\u00fcr \u00e7at\u0131\u015fmas\u0131 i\u00e7erisinde yeti\u015fen bireylerin ya\u015famdaki yeri, mutlu ve ba\u015far\u0131l\u0131 olmalar\u0131, kendilerini ifade edebilmeleri, ke\u015ffedebilmeleri gibi kimlik sorunlar\u0131na, g\u00fcn\u00fcm\u00fcz T\u00fcrkiyesindeki e\u011fitim ne denli yan\u0131t verebiliyor? Bu eserin haz\u0131rlanmas\u0131ndaki ama\u00e7 \u00f6ncelikle ilk\u00f6\u011fretim derslerini drama oyunlar\u0131 yoluyla daha keyifli hale getirmektir. Ancak drama oyunlar\u0131 oynan\u0131rken konular geri planda kalmadan oyun ile \u00f6\u011fretimin beraber y\u00fcr\u00fct\u00fclmesi hedeflenmi\u015ftir. Genel olarak bu kitapta yer alan oyunlar g\u00f6rsel-i\u015fitsel belle\u011fe, analiz-senteze ve ifadeye y\u00f6nelik olarak haz\u0131rlanm\u0131\u015ft\u0131r. <\/p>\n","protected":false},"excerpt":{"rendered":"<p>Bir yanda k\u00fcreselle\u015fme, h\u0131zla de\u011fi\u015fen de\u011ferler, ileti\u015fimsizlik, g\u00f6\u00e7ler, ekonomik istikrars\u0131zl\u0131k gibi toplumsal sorunlar, di\u011fer yandan geleneksel k\u00fclt\u00fcr \u00e7at\u0131\u015fmas\u0131 i\u00e7erisinde yeti\u015fen bireylerin ya\u015famdaki yeri, mutlu ve ba\u015far\u0131l\u0131<span class=\"excerpt-hellip\"> [\u2026]<\/span><\/p>\n","protected":false},"featured_media":0,"template":"","meta":{"_monsterinsights_skip_tracking":false,"_monsterinsights_sitenote_active":false,"_monsterinsights_sitenote_note":"","_monsterinsights_sitenote_category":0},"product_brand":[],"product_cat":[12312,12304],"product_tag":[],"class_list":{"0":"post-690456","1":"product","2":"type-product","3":"status-publish","5":"product_cat-diger","6":"product_cat-tarih","7":"pa_cilt-ciltsiz","8":"pa_tur-kitap","9":"pa_yayinevi-kok-yayinevi","10":"pa_yazar-kolektif","12":"first","13":"instock","14":"sale","15":"shipping-taxable","16":"purchasable","17":"product-type-simple"},"_links":{"self":[{"href":"https:\/\/roveyayinevi.com.tr\/index.php\/wp-json\/wp\/v2\/product\/690456","targetHints":{"allow":["GET"]}}],"collection":[{"href":"https:\/\/roveyayinevi.com.tr\/index.php\/wp-json\/wp\/v2\/product"}],"about":[{"href":"https:\/\/roveyayinevi.com.tr\/index.php\/wp-json\/wp\/v2\/types\/product"}],"wp:attachment":[{"href":"https:\/\/roveyayinevi.com.tr\/index.php\/wp-json\/wp\/v2\/media?parent=690456"}],"wp:term":[{"taxonomy":"product_brand","embeddable":true,"href":"https:\/\/roveyayinevi.com.tr\/index.php\/wp-json\/wp\/v2\/product_brand?post=690456"},{"taxonomy":"product_cat","embeddable":true,"href":"https:\/\/roveyayinevi.com.tr\/index.php\/wp-json\/wp\/v2\/product_cat?post=690456"},{"taxonomy":"product_tag","embeddable":true,"href":"https:\/\/roveyayinevi.com.tr\/index.php\/wp-json\/wp\/v2\/product_tag?post=690456"}],"curies":[{"name":"wp","href":"https:\/\/api.w.org\/{rel}","templated":true}]}}