{"id":690451,"date":"2025-08-27T13:51:50","date_gmt":"2025-08-27T10:51:50","guid":{"rendered":"https:\/\/roveyayinevi.com.tr\/index.php\/urun\/aynalar-koridorunda-ask\/"},"modified":"2025-10-14T02:09:35","modified_gmt":"2025-10-13T23:09:35","slug":"aynalar-koridorunda-ask","status":"publish","type":"product","link":"https:\/\/roveyayinevi.com.tr\/index.php\/urun\/aynalar-koridorunda-ask\/","title":{"rendered":"Aynalar Koridorunda A\u015fk"},"content":{"rendered":"<p>Aynalar Koridorunda A\u015fk, roman\u0131n vaatlerini geni\u015fletiyor. Ate\u015fe pervane ruhlar, daha ne kadar k\u00fcl olmadan aynalar koridorunda y\u00fcr\u00fcr? Kendi varl\u0131\u011f\u0131m\u0131z\u0131n labirentinde kaybolmu\u015fken, kim bize \u00e7\u0131k\u0131\u015f\u0131 g\u00f6sterir? Bir ba\u015fkas\u0131n\u0131n d\u00fcnyas\u0131nda var olma \u00e7abas\u0131, bir \u00e7ift g\u00f6z bebe\u011finde yans\u0131ma arzusu, bizi nerelere s\u00fcr\u00fckler? Elimizi tutacak bir el ar\u0131yoruz \u00fcmitsizce, o el bizi ne kadar ta\u015f\u0131yabilir? Arad\u0131\u011f\u0131m\u0131z cevap, \u00e7o\u011fu zaman sormay\u0131 en son d\u00fc\u015f\u00fcnd\u00fc\u011f\u00fcm\u00fcz ki\u015fide gizlidir. O ki\u015fi kim? Dr. Mavi, bir psikiyatrist. Beyaz, ya\u015fl\u0131 bir ya\u015fam. K\u0131rm\u0131z\u0131, Sar\u0131 ve Gri, ruhumuzdaki ac\u0131lar\u0131n farkl\u0131 renkleri. Mustafa Ulusoy her birimizin ruhunun r\u00f6ntgenini \u00e7ekiyor. Bize, bizim sorunlar\u0131m\u0131za, kalp k\u0131r\u0131kl\u0131klar\u0131m\u0131za, \u00e7\u0131kmazlar\u0131m\u0131za, \u00e7aresizli\u011fimize, isyan\u0131m\u0131za, arzular\u0131m\u0131za, ruhumuza dokunuyor. Y\u00fcrekten gelen ve i\u00e7imize akan sat\u0131rlarda, bu d\u00fcnyada insan olarak var olman\u0131n bedelini sorguluyor. Aynalar Koridorunda A\u015fk\u2019\u0131 okuyunca a\u015fka dair ne kadar az \u015fey bildi\u011finizi ke\u015ffedecek ve soracaks\u0131n\u0131z: Bir insan bir ba\u015fkas\u0131n\u0131n kalbini doldurabilir mi? Bu roman a\u015fk\u0131 kaybedip kendini bulanlar\u0131n hikayesidir. \ufffcTan\u0131t\u0131m Metni<\/p>\n","protected":false},"excerpt":{"rendered":"<p>Aynalar Koridorunda A\u015fk, roman\u0131n vaatlerini geni\u015fletiyor. Ate\u015fe pervane ruhlar, daha ne kadar k\u00fcl olmadan aynalar koridorunda y\u00fcr\u00fcr? Kendi varl\u0131\u011f\u0131m\u0131z\u0131n labirentinde kaybolmu\u015fken, kim bize \u00e7\u0131k\u0131\u015f\u0131 g\u00f6sterir? Bir<span class=\"excerpt-hellip\"> [\u2026]<\/span><\/p>\n","protected":false},"featured_media":0,"template":"","meta":{"_monsterinsights_skip_tracking":false,"_monsterinsights_sitenote_active":false,"_monsterinsights_sitenote_note":"","_monsterinsights_sitenote_category":0},"product_brand":[],"product_cat":[12291,12711],"product_tag":[],"class_list":{"0":"post-690451","1":"product","2":"type-product","3":"status-publish","5":"product_cat-edebiyat","6":"product_cat-roman-oyku","7":"pa_cilt-ciltsiz","8":"pa_tur-kitap","9":"pa_yayinevi-kapi-yayinlari","10":"pa_yazar-mustafa-ulusoy","12":"first","13":"instock","14":"sale","15":"shipping-taxable","16":"purchasable","17":"product-type-simple"},"_links":{"self":[{"href":"https:\/\/roveyayinevi.com.tr\/index.php\/wp-json\/wp\/v2\/product\/690451","targetHints":{"allow":["GET"]}}],"collection":[{"href":"https:\/\/roveyayinevi.com.tr\/index.php\/wp-json\/wp\/v2\/product"}],"about":[{"href":"https:\/\/roveyayinevi.com.tr\/index.php\/wp-json\/wp\/v2\/types\/product"}],"wp:attachment":[{"href":"https:\/\/roveyayinevi.com.tr\/index.php\/wp-json\/wp\/v2\/media?parent=690451"}],"wp:term":[{"taxonomy":"product_brand","embeddable":true,"href":"https:\/\/roveyayinevi.com.tr\/index.php\/wp-json\/wp\/v2\/product_brand?post=690451"},{"taxonomy":"product_cat","embeddable":true,"href":"https:\/\/roveyayinevi.com.tr\/index.php\/wp-json\/wp\/v2\/product_cat?post=690451"},{"taxonomy":"product_tag","embeddable":true,"href":"https:\/\/roveyayinevi.com.tr\/index.php\/wp-json\/wp\/v2\/product_tag?post=690451"}],"curies":[{"name":"wp","href":"https:\/\/api.w.org\/{rel}","templated":true}]}}