{"id":690446,"date":"2025-08-27T13:51:49","date_gmt":"2025-08-27T10:51:49","guid":{"rendered":"https:\/\/roveyayinevi.com.tr\/index.php\/urun\/divan-edebiyati\/"},"modified":"2026-04-16T01:59:57","modified_gmt":"2026-04-15T22:59:57","slug":"divan-edebiyati","status":"publish","type":"product","link":"https:\/\/roveyayinevi.com.tr\/index.php\/urun\/divan-edebiyati\/","title":{"rendered":"Divan Edebiyat\u0131"},"content":{"rendered":"<p>Edebiyats\u0131z millet, dilsiz insana benzer. Alt\u0131 as\u0131rl\u0131k Osmanl\u0131 \u00e7\u0131nar\u0131n\u0131n asude bir g\u00f6lgesi olan divan edebiyat\u0131 da atalar\u0131m\u0131z\u0131 bize g\u00f6steren bir ayna, onlar\u0131 bizimle konu\u015fturan bir ilham ve aradaki tan\u0131\u015f\u0131kl\u0131k ba\u011flar\u0131n\u0131 sa\u011flamla\u015ft\u0131ran bir vas\u0131tad\u0131r. Her \u015feyiyle bizim olan eski T\u00fcrk \u015fiirini tan\u0131mak i\u00e7in biz bir kap\u0131 aralamaya \u00e7al\u0131\u015ft\u0131k. O kap\u0131dan girenlerin eski g\u00fczellikleri yeniden ke\u015ffetme f\u0131rsat\u0131 bulacaklar\u0131na inan\u0131yoruz. Divan edebiyat\u0131n\u0131n kaynaklar\u0131\u015eekil Bilgisi T\u00fcr Bilgisi Edebi Sanatlar<\/p>\n","protected":false},"excerpt":{"rendered":"<p>Edebiyats\u0131z millet, dilsiz insana benzer. Alt\u0131 as\u0131rl\u0131k Osmanl\u0131 \u00e7\u0131nar\u0131n\u0131n asude bir g\u00f6lgesi olan divan edebiyat\u0131 da atalar\u0131m\u0131z\u0131 bize g\u00f6steren bir ayna, onlar\u0131 bizimle konu\u015fturan bir ilham<span class=\"excerpt-hellip\"> [\u2026]<\/span><\/p>\n","protected":false},"featured_media":0,"template":"","meta":{"_monsterinsights_skip_tracking":false,"_monsterinsights_sitenote_active":false,"_monsterinsights_sitenote_note":"","_monsterinsights_sitenote_category":0},"product_brand":[],"product_cat":[12291,12292],"product_tag":[],"class_list":{"0":"post-690446","1":"product","2":"type-product","3":"status-publish","5":"product_cat-edebiyat","6":"product_cat-turk-edebiyati","7":"pa_cilt-ciltsiz","8":"pa_tur-kitap","9":"pa_yayinevi-kapi-yayinlari","10":"pa_yazar-iskender-pala","12":"first","13":"instock","14":"sale","15":"shipping-taxable","16":"purchasable","17":"product-type-simple"},"_links":{"self":[{"href":"https:\/\/roveyayinevi.com.tr\/index.php\/wp-json\/wp\/v2\/product\/690446","targetHints":{"allow":["GET"]}}],"collection":[{"href":"https:\/\/roveyayinevi.com.tr\/index.php\/wp-json\/wp\/v2\/product"}],"about":[{"href":"https:\/\/roveyayinevi.com.tr\/index.php\/wp-json\/wp\/v2\/types\/product"}],"wp:attachment":[{"href":"https:\/\/roveyayinevi.com.tr\/index.php\/wp-json\/wp\/v2\/media?parent=690446"}],"wp:term":[{"taxonomy":"product_brand","embeddable":true,"href":"https:\/\/roveyayinevi.com.tr\/index.php\/wp-json\/wp\/v2\/product_brand?post=690446"},{"taxonomy":"product_cat","embeddable":true,"href":"https:\/\/roveyayinevi.com.tr\/index.php\/wp-json\/wp\/v2\/product_cat?post=690446"},{"taxonomy":"product_tag","embeddable":true,"href":"https:\/\/roveyayinevi.com.tr\/index.php\/wp-json\/wp\/v2\/product_tag?post=690446"}],"curies":[{"name":"wp","href":"https:\/\/api.w.org\/{rel}","templated":true}]}}